000
CXUS56 KSGX 011245
CF6RIV
PRELIMINARY LOCAL CLIMATOLOGICAL DATA (WS FORM: F-6)
STATION: RIVERSIDE/MARCH FIELD CA
MONTH: AUGUST
YEAR: 2020
LATITUDE: 33 54 N
LONGITUDE: 117 15 W
TEMPERATURE IN F: :PCPN: SNOW: WIND :SUNSHINE: SKY :PK WND
================================================================================
1 2 3 4 5 6A 6B 7 8 9 10 11 12 13 14 15 16 17 18
12Z AVG MX 2MIN
DY MAX MIN AVG DEP HDD CDD WTR SNW DPTH SPD SPD DIR MIN PSBL S-S WX SPD DR
================================================================================
1 104 63 84 M 0 19 0.00 0.0 0 5.1 14 300 M M 0 M M
2 99 58 79 M 0 14 0.00 0.0 0 4.5 16 300 M M 0 M M
3 98 58 78 M 0 13 0.00 0.0 0 5.3 15 300 M M 0 21 300
4 91 59 75 M 0 10 0.00 0.0 0 5.7 15 310 M M 0 M M
5 88 60 74 M 0 9 0.00 0.0 0 5.0 12 300 M M 2 1 M M
6 87 60 74 M 0 9 0.00 0.0 0 6.2 13 300 M M 2 20 310
7 90 54 72 M 0 7 0.00 0.0 0 4.3 14 300 M M 0 20 290
8 92 56 74 M 0 9 0.00 0.0 0 4.3 14 300 M M 0 M M
9 94 58 76 M 0 11 0.00 0.0 0 5.0 14 300 M M 0 M M
10 94 56 75 M 0 10 0.00 0.0 0 5.1 14 310 M M 0 M M
11 97 57 77 M 0 12 0.00 0.0 0 4.9 14 300 M M 0 M M
12 102 55 79 M 0 14 0.00 0.0 0 5.8 15 310 M M 0 21 310
13 100 69 85 M 0 20 0.00 0.0 0 4.8 13 310 M M 2 M M
14 103 67 85 M 0 20 0.00 0.0 0 5.2 14 320 M M 0 20 320
15 110 70 90 M 0 25 0.00 0.0 0 5.0 13 290 M M 2 M M
16 102 72 87 M 0 22 0.00 0.0 0 4.8 14 290 M M 0 M M
17 103 72 88 M 0 23 0.00 0.0 0 5.6 13 300 M M 2 M M
18 109 72 91 M 0 26 0.00 0.0 0 3.2 14 320 M M 2 3 M M
19 107 73 90 M 0 25 0.00 0.0 0 6.0 16 320 M M 2 M M
20 104 71 88 M 0 23 0.00 0.0 0 3.9 14 320 M M 0 M M
21 104 70 87 M 0 22 0.00 0.0 0 5.4 15 160 M M 1 21 180
22 98 74 86 M 0 21 0.00 0.0 0 5.6 14 310 M M 2 M M
23 97 69 83 M 0 18 0.00 0.0 0 5.1 15 310 M M 1 20 310
24 97 70 84 M 0 19 0.00 0.0 0 5.7 14 310 M M 0 20 320
25 99 65 82 M 0 17 0.00 0.0 0 0.4 4 320 M M 0 M M
26 101 62 82 M 0 17 0.00 0.0 0 5.7 14 300 M M 0 M M
27 102 63 83 M 0 18 0.00 0.0 0 5.0 15 280 M M 0 22 300
28 99 61 80 M 0 15 0.00 0.0 0 4.5 14 310 M M 0 M M
29 97 56 77 M 0 12 0.00 0.0 0 4.7 15 310 M M 0 M M
30 93 55 74 M 0 9 0.00 0.0 0 5.2 13 310 M M 0 M M
31 91 57 74 M 0 9 0.00 0.0 0 5.8 13 310 M M 0 M M
================================================================================
SM 3052 1962 0 498 0.00 0.0 152.8 M 18
================================================================================
AV 98.5 63.3 4.9 FASTST M M 1 MAX(MPH)
MISC ----> # 16 300 # 22 300
================================================================================
NOTES:
# LAST OF SEVERAL OCCURRENCES
COLUMN 17 PEAK WIND IN M.P.H.
PRELIMINARY LOCAL CLIMATOLOGICAL DATA (WS FORM: F-6) , PAGE 2
STATION: RIVERSIDE/MARCH FIELD CA
MONTH: AUGUST
YEAR: 2020
LATITUDE: 33 54 N
LONGITUDE: 117 15 W
[TEMPERATURE DATA] [PRECIPITATION DATA] SYMBOLS USED IN COLUMN 16
AVERAGE MONTHLY: 80.9 TOTAL FOR MONTH: 0.00 1 = FOG OR MIST
DPTR FM NORMAL: M DPTR FM NORMAL: M 2 = FOG REDUCING VISIBILITY
HIGHEST: 110 ON 15 GRTST 24HR 0.00 ON 31-31 TO 1/4 MILE OR LESS
LOWEST: 54 ON 7 3 = THUNDER
SNOW, ICE PELLETS, HAIL 4 = ICE PELLETS
TOTAL MONTH: 0.0 INCH 5 = HAIL
GRTST 24HR 0.0 6 = FREEZING RAIN OR DRIZZLE
GRTST DEPTH: 0 7 = DUSTSTORM OR SANDSTORM:
VSBY 1/2 MILE OR LESS
8 = SMOKE OR HAZE
[NO. OF DAYS WITH] [WEATHER - DAYS WITH] 9 = BLOWING SNOW
X = TORNADO
MAX 32 OR BELOW: 0 0.01 INCH OR MORE: 0
MAX 90 OR ABOVE: 29 0.10 INCH OR MORE: 0
MIN 32 OR BELOW: 0 0.50 INCH OR MORE: 0
MIN 0 OR BELOW: 0 1.00 INCH OR MORE: 0
[HDD (BASE 65) ]
TOTAL THIS MO. 0 CLEAR (SCALE 0-3) 31
DPTR FM NORMAL M PTCLDY (SCALE 4-7) 0
TOTAL FM JUL 1 0 CLOUDY (SCALE 8-10) 0
DPTR FM NORMAL M
[CDD (BASE 65) ]
TOTAL THIS MO. 498
DPTR FM NORMAL M [PRESSURE DATA]
TOTAL FM JAN 1 1173 HIGHEST SLP M ON M
DPTR FM NORMAL M LOWEST SLP M ON M
[REMARKS]
#FINAL-08-20#