000
CXUS54 KCRP 011210
CF6RKP
PRELIMINARY LOCAL CLIMATOLOGICAL DATA (WS FORM: F-6)
STATION: ROCKPORT
MONTH: JUNE
YEAR: 2023
LATITUDE: 28 4 N
LONGITUDE: 97 3 W
TEMPERATURE IN F: :PCPN: SNOW: WIND :SUNSHINE: SKY :PK WND
================================================================================
1 2 3 4 5 6A 6B 7 8 9 10 11 12 13 14 15 16 17 18
12Z AVG MX 2MIN
DY MAX MIN AVG DEP HDD CDD WTR SNW DPTH SPD SPD DIR MIN PSBL S-S WX SPD DR
================================================================================
1 88 79 84 1 0 19 0.00 0.0 0 13.4 18 120 M M 1 8 24 130
2 88 78 83 0 0 18 0.00 0.0 0 11.5 17 130 M M 0 8 23 130
3 88 75 82 -1 0 17 0.00 0.0 0 8.8 20 340 M M 1 18 26 340
4 88 73 81 -2 0 16 0.00 0.0 0 9.0 20 130 M M 1 138 24 140
5 85 71 78 -5 0 13 0.43 0.0 0 3.5 16 280 M M 3 138 27 290
6 86 70 78 -5 0 13 0.00 0.0 0 6.5 13 120 M M 0 18 16 110
7 88 70 79 -5 0 14 0.00 0.0 0 6.1 14 150 M M 0 18 18 160
8 93 73 83 -1 0 18 0.00 0.0 0 7.2 15 140 M M 0 18 22 260
9 91 75 83 -1 0 18 0.00 0.0 0 8.6 18 140 M M 0 18 26 170
10 83 82 83 -1 0 18 M 0.0 0 7.6 9 170 M M 1 20 170
11 M M M M M M M M M M M M M M M M M
12 M M M M M M M 0.0 0 M M M M M M M M
13 M M M M M M M M M M M M M M M M M
14 M M M M M M M M M M M M M M M M M
15 92 82 87 3 0 22 0.00 0.0 0 11.8 21 150 M M 6 18 30 150
16 92 82 87 3 0 22 0.00 0.0 0 10.9 20 140 M M 5 18 28 150
17 93 82 88 4 0 23 0.00 0.0 0 12.4 21 150 M M 2 18 29 160
18 92 81 87 3 0 22 0.00 0.0 0 12.5 21 170 M M 3 18 33 140
19 93 82 88 3 0 23 0.00 0.0 0 11.6 21 160 M M 5 18 33 160
20 91 82 87 2 0 22 0.00 0.0 0 13.2 21 170 M M 2 18 35 180
21 93 80 87 2 0 22 0.00 0.0 0 12.1 21 160 M M 3 18 32 160
22 95 82 89 4 0 24 0.00 0.0 0 11.2 28 130 M M 1 18 39 190
23 94 83 89 4 0 24 0.00 0.0 0 11.4 21 140 M M 5 1 30 140
24 93 82 88 3 0 23 0.00 0.0 0 10.7 17 140 M M 2 26 160
25 93 82 88 3 0 23 0.00 0.0 0 11.5 20 160 M M 3 18 33 140
26 93 81 87 2 0 22 0.00 0.0 0 11.4 22 160 M M 1 1 32 150
27 94 81 88 3 0 23 0.00 0.0 0 12.4 21 160 M M 2 18 31 140
28 93 81 87 2 0 22 0.00 0.0 0 10.0 18 130 M M 3 25 160
29 93 81 87 2 0 22 0.00 0.0 0 11.2 18 130 M M 1 25 140
30 94 82 88 3 0 23 0.00 0.0 0 12.2 20 140 M M 1 27 130
================================================================================
SM 2366 2052 0 526 0.43 0.0 268.7 M 52
================================================================================
AV 91.0 78.9 10.3 FASTST M M 2 MAX(MPH)
MISC ----> 28 130 39 190
================================================================================
NOTES:
# LAST OF SEVERAL OCCURRENCES
COLUMN 17 PEAK WIND IN M.P.H.
PRELIMINARY LOCAL CLIMATOLOGICAL DATA (WS FORM: F-6) , PAGE 2
STATION: ROCKPORT
MONTH: JUNE
YEAR: 2023
LATITUDE: 28 4 N
LONGITUDE: 97 3 W
[TEMPERATURE DATA] [PRECIPITATION DATA] SYMBOLS USED IN COLUMN 16
AVERAGE MONTHLY: 85.0 TOTAL FOR MONTH: 0.43 1 = FOG OR MIST
DPTR FM NORMAL: 0.8 DPTR FM NORMAL: -3.47 2 = FOG REDUCING VISIBILITY
HIGHEST: 95 ON 22 GRTST 24HR 0.43 ON 5- 5 TO 1/4 MILE OR LESS
LOWEST: 70 ON 7, 6 3 = THUNDER
SNOW, ICE PELLETS, HAIL 4 = ICE PELLETS
TOTAL MONTH: 0.0 INCH 5 = HAIL
GRTST 24HR 0.0 6 = FREEZING RAIN OR DRIZZLE
GRTST DEPTH: 0 7 = DUSTSTORM OR SANDSTORM:
VSBY 1/2 MILE OR LESS
8 = SMOKE OR HAZE
[NO. OF DAYS WITH] [WEATHER - DAYS WITH] 9 = BLOWING SNOW
X = TORNADO
MAX 32 OR BELOW: 0 0.01 INCH OR MORE: 1
MAX 90 OR ABOVE: 18 0.10 INCH OR MORE: 1
MIN 32 OR BELOW: 0 0.50 INCH OR MORE: 0
MIN 0 OR BELOW: 0 1.00 INCH OR MORE: 0
[HDD (BASE 65) ]
TOTAL THIS MO. 0 CLEAR (SCALE 0-3) 20
DPTR FM NORMAL 0 PTCLDY (SCALE 4-7) 6
TOTAL FM JUL 1 791 CLOUDY (SCALE 8-10) 4
DPTR FM NORMAL -35
[CDD (BASE 65) ]
TOTAL THIS MO. 526
DPTR FM NORMAL -48 [PRESSURE DATA]
TOTAL FM JAN 1 1550 HIGHEST SLP 29.99 ON 30
DPTR FM NORMAL 88 LOWEST SLP 29.64 ON 22
[REMARKS]
#FINAL-06-23#