661
CXUS54 KCRP 011310
CF6RKP
PRELIMINARY LOCAL CLIMATOLOGICAL DATA (WS FORM: F-6)
STATION: ROCKPORT
MONTH: FEBRUARY
YEAR: 2021
LATITUDE: 28 4 N
LONGITUDE: 97 3 W
TEMPERATURE IN F: :PCPN: SNOW: WIND :SUNSHINE: SKY :PK WND
================================================================================
1 2 3 4 5 6A 6B 7 8 9 10 11 12 13 14 15 16 17 18
12Z AVG MX 2MIN
DY MAX MIN AVG DEP HDD CDD WTR SNW DPTH SPD SPD DIR MIN PSBL S-S WX SPD DR
================================================================================
1 71 41 56 -2 9 0 0.00 0.0 0 11.1 23 10 M M 0 33 10
2 68 38 53 -5 12 0 0.00 0.0 0 5.6 12 110 M M 0 14 110
3 75 50 63 5 2 0 0.00 0.0 0 7.4 16 150 M M 0 12 21 140
4 77 64 71 13 0 6 0.00 0.0 0 10.2 18 190 M M 1 18 32 180
5 67 56 62 4 3 0 0.01 0.0 0 12.8 21 40 M M 10 18 26 40
6 71 53 62 4 3 0 T 0.0 0 6.9 16 330 M M 7 128 20 330
7 70 51 61 2 4 0 0.00 0.0 0 9.3 15 140 M M 0 19 130
8 76 59 68 9 0 3 0.00 0.0 0 6.5 13 130 M M 5 128 16 110
9 78 65 72 13 0 7 0.00 0.0 0 6.5 16 90 M M 9 128 20 80
10 70 48 59 0 6 0 0.04 0.0 0 9.5 18 20 M M 10 128 27 10
11 49 38 44 -15 21 0 0.05 0.0 0 16.2 25 10 M M 10 1 30 10
12 41 35 38 -21 27 0 T 0.0 0 15.3 24 20 M M 10 18 32 360
13 36 33 35 -25 30 0 T 0.0 0 12.4 18 360 M M 10 18 23 350
14 36 25 31 -29 34 0 T T 0 15.9 29 330 M M 10 146 37 350
15 28 28 28 -32 37 0 0.00 0.0 0 15.5 18 320 M M 6 M M
16 M M M M M M M M M M M M M M M M M
17 M M M M M M M M M M M M M M M M M
18 M M M M M M M M M M 17 340 M M 0 1 M M
19 51 29 40 -21 25 0 0.00 0.0 0 8.8 20 320 M M 2 25 330
20 62 30 46 -15 19 0 0.00 0.0 0 6.7 12 130 M M 1 1 15 130
21 74 54 64 3 1 0 0.00 0.0 0 7.4 15 160 M M 5 1 22 160
22 71 50 61 0 4 0 0.00 0.0 0 9.3 17 30 M M 3 12 22 20
23 75 46 61 0 4 0 0.00 0.0 0 7.5 15 140 M M 2 12 20 130
24 76 62 69 7 0 4 T 0.0 0 7.6 16 170 M M 8 12 22 180
25 73 61 67 5 0 2 0.00 0.0 0 9.6 16 140 M M 10 128 22 140
26 78 64 71 9 0 6 0.00 0.0 0 10.3 18 140 M M 8 128 25 150
27 75 65 70 8 0 5 0.00 0.0 M 11.8 17 140 M M 9 128 24 130
28 80 67 74 12 0 9 0.00 0.0 0 11.4 16 120 M M 10 18 21 150
================================================================================
SM 1628 1212 241 42 0.10 T 251.5 M 146
================================================================================
AV 65.1 48.5 10.1 FASTST M M 6 MAX(MPH)
MISC ----> 29 330 37 350
================================================================================
NOTES:
# LAST OF SEVERAL OCCURRENCES
COLUMN 17 PEAK WIND IN M.P.H.
PRELIMINARY LOCAL CLIMATOLOGICAL DATA (WS FORM: F-6) , PAGE 2
STATION: ROCKPORT
MONTH: FEBRUARY
YEAR: 2021
LATITUDE: 28 4 N
LONGITUDE: 97 3 W
[TEMPERATURE DATA] [PRECIPITATION DATA] SYMBOLS USED IN COLUMN 16
AVERAGE MONTHLY: 56.8 TOTAL FOR MONTH: 0.10 1 = FOG OR MIST
DPTR FM NORMAL: -3.1 DPTR FM NORMAL: -1.94 2 = FOG REDUCING VISIBILITY
HIGHEST: 80 ON 28 GRTST 24HR 0.05 ON 11-11 TO 1/4 MILE OR LESS
LOWEST: 25 ON 14 3 = THUNDER
SNOW, ICE PELLETS, HAIL 4 = ICE PELLETS
TOTAL MONTH: T 5 = HAIL
GRTST 24HR T ON 14-14 6 = FREEZING RAIN OR DRIZZLE
GRTST DEPTH: 0 7 = DUSTSTORM OR SANDSTORM:
VSBY 1/2 MILE OR LESS
8 = SMOKE OR HAZE
[NO. OF DAYS WITH] [WEATHER - DAYS WITH] 9 = BLOWING SNOW
X = TORNADO
MAX 32 OR BELOW: 1 0.01 INCH OR MORE: 3
MAX 90 OR ABOVE: 0 0.10 INCH OR MORE: 0
MIN 32 OR BELOW: 4 0.50 INCH OR MORE: 0
MIN 0 OR BELOW: 0 1.00 INCH OR MORE: 0
[HDD (BASE 65) ]
TOTAL THIS MO. 241 CLEAR (SCALE 0-3) 10
DPTR FM NORMAL 64 PTCLDY (SCALE 4-7) 5
TOTAL FM JUL 1 718 CLOUDY (SCALE 8-10) 13
DPTR FM NORMAL -68
[CDD (BASE 65) ]
TOTAL THIS MO. 42
DPTR FM NORMAL 8 [PRESSURE DATA]
TOTAL FM JAN 1 81 HIGHEST SLP 30.60 ON 19
DPTR FM NORMAL 29 LOWEST SLP 29.73 ON 4
[REMARKS]
#FINAL-02-21#