000
CXUS54 KCRP 011300
CF6RKP
PRELIMINARY LOCAL CLIMATOLOGICAL DATA (WS FORM: F-6)
STATION: ROCKPORT
MONTH: MARCH
YEAR: 2020
LATITUDE: 28 4 N
LONGITUDE: 97 3 W
TEMPERATURE IN F: :PCPN: SNOW: WIND :SUNSHINE: SKY :PK WND
================================================================================
1 2 3 4 5 6A 6B 7 8 9 10 11 12 13 14 15 16 17 18
12Z AVG MX 2MIN
DY MAX MIN AVG DEP HDD CDD WTR SNW DPTH SPD SPD DIR MIN PSBL S-S WX SPD DR
================================================================================
1 75 66 71 8 0 6 0.00 0.0 0 11.4 20 150 M M 3 8 28 170
2 77 68 73 10 0 8 0.00 0.0 0 8.3 14 140 M M 7 128 19 170
3 77 68 73 10 0 8 T 0.0 0 8.4 15 100 M M 10 128 20 110
4 83 63 73 10 0 8 T 0.0 0 11.0 26 330 M M 5 12 32 320
5 79 53 66 3 0 1 0.00 0.0 0 12.8 26 350 M M 1 34 340
6 74 55 65 1 0 0 0.00 0.0 0 12.2 22 70 M M 0 27 70
7 70 53 62 -2 3 0 0.00 0.0 0 10.2 17 80 M M 1 8 23 70
8 78 62 70 6 0 5 0.00 0.0 0 11.6 18 120 M M 3 24 120
9 78 68 73 9 0 8 T 0.0 0 8.4 17 150 M M 5 18 24 150
10 80 68 74 10 0 9 0.00 0.0 0 7.6 15 150 M M 7 128 20 140
11 80 69 75 10 0 10 0.00 0.0 0 8.4 15 140 M M 10 128 21 160
12 81 70 76 11 0 11 0.00 0.0 0 11.0 18 150 M M 5 18 25 170
13 80 71 76 11 0 11 0.00 0.0 0 11.6 20 130 M M 10 18 24 130
14 80 72 76 11 0 11 0.00 0.0 0 12.2 17 110 M M 10 18 23 140
15 83 72 78 13 0 13 T 0.0 0 11.3 18 110 M M 9 18 24 120
16 80 72 76 10 0 11 T 0.0 0 12.0 23 130 M M 9 18 29 130
17 84 72 78 12 0 13 T 0.0 0 12.0 20 140 M M 8 18 26 140
18 83 74 79 13 0 14 T 0.0 0 13.3 22 140 M M 9 18 30 140
19 84 74 79 13 0 14 0.00 0.0 0 14.0 22 150 M M 7 8 33 150
20 87 61 74 8 0 9 T 0.0 0 15.0 24 20 M M 8 18 30 10
21 71 58 65 -2 0 0 0.01 0.0 0 13.4 21 40 M M 10 138 28 10
22 84 69 77 10 0 12 0.00 0.0 0 7.8 16 140 M M 8 128 21 150
23 85 74 80 13 0 15 0.00 0.0 0 10.7 21 140 M M 8 18 27 150
24 85 75 80 13 0 15 0.00 0.0 0 10.5 21 170 M M 6 8 30 150
25 85 74 80 12 0 15 0.00 0.0 0 9.3 18 140 M M 5 18 23 140
26 85 74 80 12 0 15 0.00 0.0 0 13.9 23 130 M M 7 18 29 130
27 87 76 82 14 0 17 0.00 0.0 0 14.4 23 150 M M 6 8 32 150
28 82 71 77 9 0 12 0.00 0.0 0 10.0 21 20 M M 8 8 27 20
29 81 66 74 6 0 9 0.04 0.0 0 12.2 24 70 M M 9 8 28 80
30 84 73 79 10 0 14 0.00 0.0 0 9.7 18 150 M M 5 18 26 140
31 87 64 76 7 0 11 0.00 0.0 0 10.0 22 360 M M 1 128 26 350
================================================================================
SM 2509 2105 3 305 0.05 0.0 344.6 M 200
================================================================================
AV 80.9 67.9 11.1 FASTST M M 6 MAX(MPH)
MISC ----> # 26 330 # 34 340
================================================================================
NOTES:
# LAST OF SEVERAL OCCURRENCES
COLUMN 17 PEAK WIND IN M.P.H.
PRELIMINARY LOCAL CLIMATOLOGICAL DATA (WS FORM: F-6) , PAGE 2
STATION: ROCKPORT
MONTH: MARCH
YEAR: 2020
LATITUDE: 28 4 N
LONGITUDE: 97 3 W
[TEMPERATURE DATA] [PRECIPITATION DATA] SYMBOLS USED IN COLUMN 16
AVERAGE MONTHLY: 74.4 TOTAL FOR MONTH: 0.05 1 = FOG OR MIST
DPTR FM NORMAL: 8.7 DPTR FM NORMAL: -2.12 2 = FOG REDUCING VISIBILITY
HIGHEST: 87 ON 31,27 GRTST 24HR 0.04 ON 29-29 TO 1/4 MILE OR LESS
LOWEST: 53 ON 7, 5 3 = THUNDER
SNOW, ICE PELLETS, HAIL 4 = ICE PELLETS
TOTAL MONTH: 0.0 INCH 5 = HAIL
GRTST 24HR 0.0 6 = FREEZING RAIN OR DRIZZLE
GRTST DEPTH: 0 7 = DUSTSTORM OR SANDSTORM:
VSBY 1/2 MILE OR LESS
8 = SMOKE OR HAZE
[NO. OF DAYS WITH] [WEATHER - DAYS WITH] 9 = BLOWING SNOW
X = TORNADO
MAX 32 OR BELOW: 0 0.01 INCH OR MORE: 2
MAX 90 OR ABOVE: 0 0.10 INCH OR MORE: 0
MIN 32 OR BELOW: 0 0.50 INCH OR MORE: 0
MIN 0 OR BELOW: 0 1.00 INCH OR MORE: 0
[HDD (BASE 65) ]
TOTAL THIS MO. 3 CLEAR (SCALE 0-3) 5
DPTR FM NORMAL -74 PTCLDY (SCALE 4-7) 15
TOTAL FM JUL 1 589 CLOUDY (SCALE 8-10) 11
DPTR FM NORMAL -273
[CDD (BASE 65) ]
TOTAL THIS MO. 305
DPTR FM NORMAL 208 [PRESSURE DATA]
TOTAL FM JAN 1 427 HIGHEST SLP 30.50 ON 6
DPTR FM NORMAL 278 LOWEST SLP 29.64 ON 4
[REMARKS]
#FINAL-03-20#