000
CXUS52 KFFC 011010
CF6RMG
PRELIMINARY LOCAL CLIMATOLOGICAL DATA (WS FORM: F-6)
STATION: ROME
MONTH: JULY
YEAR: 2021
LATITUDE: 34 20 N
LONGITUDE: 85 10 W
TEMPERATURE IN F: :PCPN: SNOW: WIND :SUNSHINE: SKY :PK WND
================================================================================
1 2 3 4 5 6A 6B 7 8 9 10 11 12 13 14 15 16 17 18
12Z AVG MX 2MIN
DY MAX MIN AVG DEP HDD CDD WTR SNW DPTH SPD SPD DIR MIN PSBL S-S WX SPD DR
================================================================================
1 87 69 78 -1 0 13 0.00 0.0 M 3.0 13 180 M M 4 17 210
2 89 69 79 -1 0 14 0.40 0.0 M 3.6 14 10 M M 6 1 18 10
3 84 64 74 -6 0 9 0.00 0.0 M 5.5 14 350 M M 0 19 330
4 88 59 74 -6 0 9 0.00 M M 2.6 9 180 M M 0 1 14 140
5 92 65 79 -1 0 14 0.00 M M 2.6 10 180 M M 1 1 15 180
6 89 67 78 -2 0 13 0.00 M M 3.0 15 190 M M 2 24 190
7 84 71 78 -2 0 13 0.32 M M 2.9 17 120 M M 6 13 22 120
8 88 71 80 0 0 15 T M M 3.6 13 260 M M 6 19 250
9 87 71 79 -1 0 14 0.33 M M 3.8 21 340 M M 3 38 40 300
10 90 69 80 0 0 15 0.00 M M 4.0 13 260 M M 3 1 22 230
11 90 73 82 2 0 17 0.01 0.0 M 5.5 22 180 M M 7 13 30 190
12 86 72 79 -1 0 14 0.25 M M 6.1 16 230 M M 5 38 25 220
13 87 69 78 -2 0 13 0.10 M M 2.6 22 180 M M 5 13 27 170
14 90 69 80 0 0 15 0.00 M M 2.8 12 250 M M 3 12 18 260
15 91 70 81 1 0 16 0.00 M M 2.1 12 320 M M 2 128 18 310
16 93 70 82 2 0 17 0.15 M M 2.8 20 210 M M 2 13 26 230
17 88 71 80 0 0 15 0.01 M M 3.4 13 210 M M 5 12 18 210
18 84 70 77 -3 0 12 0.13 M M 2.4 12 240 M M 7 1 20 240
19 81 71 76 -4 0 11 2.33 M M 1.9 12 20 M M 9 18 16 20
20 85 72 79 -1 0 14 1.91 M M 3.6 13 70 M M 8 1 19 40
21 89 73 81 0 0 16 0.38 M M 2.1 7 40 M M 7 1 M M
22 91 72 82 1 0 17 0.00 M M 2.3 10 360 M M 2 128 16 310
23 92 69 81 0 0 16 0.00 M M 2.8 10 340 M M 1 128 14 330
24 94 71 83 2 0 18 0.00 M M 1.1 7 260 M M 2 18 11 310
25 94 73 84 3 0 19 T M M 2.0 17 330 M M 2 18 24 330
26 96 73 85 4 0 20 T 0.0 M 3.0 18 350 M M 2 138 25 340
27 95 73 84 3 0 19 1.02 M 0 3.5 9 230 M M 3 1 14 230
28 95 73 84 3 0 19 0.00 0.0 M 2.8 12 340 M M 3 12 16 340
29 97 71 84 3 0 19 0.00 M M 2.0 8 270 M M 0 18 12 300
30 96 72 84 4 0 19 0.00 M M 4.9 18 70 M M 1 138 25 60
31 96 74 85 5 0 20 0.00 M M 3.7 10 240 M M 1 18 16 270
================================================================================
SM 2788 2176 0 475 7.34 0.0 98.0 M 108
================================================================================
AV 89.9 70.2 3.2 FASTST M M 3 MAX(MPH)
MISC ----> # 22 180 40 300
================================================================================
NOTES:
# LAST OF SEVERAL OCCURRENCES
COLUMN 17 PEAK WIND IN M.P.H.
PRELIMINARY LOCAL CLIMATOLOGICAL DATA (WS FORM: F-6) , PAGE 2
STATION: ROME
MONTH: JULY
YEAR: 2021
LATITUDE: 34 20 N
LONGITUDE: 85 10 W
[TEMPERATURE DATA] [PRECIPITATION DATA] SYMBOLS USED IN COLUMN 16
AVERAGE MONTHLY: 80.1 TOTAL FOR MONTH: 7.34 1 = FOG OR MIST
DPTR FM NORMAL: -0.1 DPTR FM NORMAL: 3.60 2 = FOG REDUCING VISIBILITY
HIGHEST: 97 ON 29 GRTST 24HR 3.56 ON 19-20 TO 1/4 MILE OR LESS
LOWEST: 59 ON 4 3 = THUNDER
SNOW, ICE PELLETS, HAIL 4 = ICE PELLETS
TOTAL MONTH: 0.0 INCH 5 = HAIL
GRTST 24HR 0.0 6 = FREEZING RAIN OR DRIZZLE
GRTST DEPTH: 0 7 = DUSTSTORM OR SANDSTORM:
VSBY 1/2 MILE OR LESS
8 = SMOKE OR HAZE
[NO. OF DAYS WITH] [WEATHER - DAYS WITH] 9 = BLOWING SNOW
X = TORNADO
MAX 32 OR BELOW: 0 0.01 INCH OR MORE: 13
MAX 90 OR ABOVE: 16 0.10 INCH OR MORE: 11
MIN 32 OR BELOW: 0 0.50 INCH OR MORE: 3
MIN 0 OR BELOW: 0 1.00 INCH OR MORE: 3
[HDD (BASE 65) ]
TOTAL THIS MO. 0 CLEAR (SCALE 0-3) 19
DPTR FM NORMAL 0 PTCLDY (SCALE 4-7) 11
TOTAL FM JUL 1 0 CLOUDY (SCALE 8-10) 1
DPTR FM NORMAL 0
[CDD (BASE 65) ]
TOTAL THIS MO. 475
DPTR FM NORMAL 2 [PRESSURE DATA]
TOTAL FM JAN 1 1047 HIGHEST SLP 30.27 ON 14
DPTR FM NORMAL -6 LOWEST SLP 29.80 ON 2
[REMARKS]
#FINAL-07-21#