000
CXUS51 KRNK 010807
CLSRNK
CLIMATE REPORT
NATIONAL WEATHER SERVICE BLACKSBURG, VA
407 AM EDT THU SEP 01 2022
...................................
...THE BLACKSBURG VA CLIMATE SUMMARY FOR THE SEASON, FROM
6/1/2022 TO 8/31/2022...
CLIMATE NORMAL PERIOD: 1991 TO 2020
CLIMATE RECORD PERIOD: 1893 TO 2022
WEATHER OBSERVED NORMAL DEPART LAST YEAR`S
VALUE DATE(S) VALUE FROM VALUE
NORMAL
..............................................................
TEMPERATURE (F)
RECORD
HIGH 100 07/28/1952
LOW 30 06/11/1972
HIGHEST 91 06/16 91
07/22
LOWEST 45 06/19 45
AVG. MAXIMUM 82.7 80.8 1.9 82.7
AVG. MINIMUM 61.2 59.1 2.1 60.7
MEAN 71.9 70.0 1.9 71.7
DAYS MAX >= 90 6 4.3 1.7 MM
DAYS MAX <= 32 0 0.0 0.0 MM
DAYS MIN <= 32 0 0.0 0.0 MM
DAYS MIN <= 0 0 0.0 0.0 MM
PRECIPITATION (INCHES)
RECORD
MAXIMUM 26.07 1918
MINIMUM 3.38 1930
TOTALS 13.11 12.05 1.06 15.20
DAYS >= .01 44 36.7 7.3 32
DAYS >= .10 28 22.2 5.8 20
DAYS >= .50 10 7.9 2.1 10
DAYS >= 1.00 3 2.8 0.2 4
GREATEST
24 HR. TOTAL 1.71 3.04
SNOWFALL (INCHES)
TOTALS 0.0 0.0 0.0 0.0
DAYS >= TRACE 0 0.0 0.0 0
DAYS >= 1.0 0 0.0 0.0 0
GREATEST
24 HR TOTAL 0.0 0.0
DEGREE DAYS
HEATING TOTAL 25 49 -24 21
COOLING TOTAL 690 508 182 666
..............................................................
WIND (MPH)
AVERAGE WIND SPEED 2.3
RESULTANT WIND SPEED/DIRECTION 1/290
HIGHEST WIND SPEED/DIRECTION 24/310 DATE 06/22
HIGHEST GUST SPEED/DIRECTION 41/170 DATE 07/25
SKY COVER
AVERAGE SKY COVER 0.41
AVERAGE RH (PERCENT) 77
WEATHER CONDITIONS. NUMBER OF DAYS WITH
THUNDERSTORM 21 MIXED PRECIP 0
HEAVY RAIN 21 RAIN 35
LIGHT RAIN 56 FREEZING RAIN 0
LT FREEZING RAIN 0 HAIL 0
HEAVY SNOW 0 SNOW 0
LIGHT SNOW 0 SLEET 0
FOG 50 FOG W/VIS <= 1/4 MILE 12
HAZE 0
- INDICATES NEGATIVE NUMBERS.
R INDICATES RECORD WAS SET OR TIED.
MM INDICATES DATA IS MISSING.
T INDICATES TRACE AMOUNT.
$$