000
CXUS56 KSGX 011245
CF6RNM
PRELIMINARY LOCAL CLIMATOLOGICAL DATA (WS FORM: F-6)
STATION: RAMONA AIRPORT CA
MONTH: NOVEMBER
YEAR: 2020
LATITUDE: 33 2 N
LONGITUDE: 116 55 W
TEMPERATURE IN F: :PCPN: SNOW: WIND :SUNSHINE: SKY :PK WND
================================================================================
1 2 3 4 5 6A 6B 7 8 9 10 11 12 13 14 15 16 17 18
12Z AVG MX 2MIN
DY MAX MIN AVG DEP HDD CDD WTR SNW DPTH SPD SPD DIR MIN PSBL S-S WX SPD DR
================================================================================
1 89 45 67 7 0 2 0.00 0.0 0 4.2 16 260 M M 0 19 260
2 84 44 64 4 1 0 0.00 0.0 0 3.1 13 270 M M 0 16 300
3 82 42 62 3 3 0 0.00 0.0 0 3.2 12 260 M M 0 16 260
4 93 40 67 8 0 2 0.00 0.0 0 3.5 15 290 M M 0 20 280
5 95 47 71 12 0 6 0.00 0.0 0 4.0 15 260 M M 0 19 70
6 78 50 64 6 1 0 0.03 0.0 0 6.5 18 190 M M 3 1 24 180
7 56 45 51 -7 14 0 0.71 M 0 9.0 23 260 M M 8 1 29 270
8 55 44 50 -8 15 0 0.33 M 0 10.1 25 260 M M 8 1 33 260
9 60 36 48 -10 17 0 0.08 M 0 1.5 13 250 M M 3 12 16 260
10 68 32 50 -7 15 0 0.00 0.0 0 2.4 15 260 M M 0 1 20 270
11 69 31 50 -7 15 0 0.00 0.0 0 2.5 12 270 M M 0 1 16 250
12 72 34 53 -4 12 0 0.00 0.0 0 2.3 12 310 M M 0 1 15 320
13 68 32 50 -6 15 0 0.00 0.0 0 3.1 13 270 M M 0 12 16 270
14 72 37 55 -1 10 0 0.00 0.0 0 3.9 10 310 M M 1 12 13 300
15 86 38 62 6 3 0 0.00 0.0 0 3.8 14 300 M M 0 16 300
16 90 42 66 11 0 1 0.00 0.0 0 5.2 17 70 M M 0 23 70
17 85 39 62 7 3 0 0.00 0.0 0 3.3 13 290 M M 0 16 290
18 72 38 55 0 10 0 0.00 0.0 0 3.4 13 290 M M 0 12 15 290
19 76 37 57 3 8 0 0.00 0.0 0 2.1 13 270 M M 0 12 16 280
20 82 39 61 7 4 0 0.00 0.0 0 1.8 13 300 M M 0 1 16 300
21 80 40 60 6 5 0 0.00 0.0 0 2.6 10 300 M M 0 15 270
22 77 41 59 6 6 0 0.00 0.0 0 2.3 12 310 M M 0 1 14 280
23 65 34 50 -3 15 0 0.00 0.0 0 2.6 14 270 M M 4 12 17 270
24 68 35 52 -1 13 0 0.00 0.0 0 2.7 10 280 M M 3 12 15 310
25 67 31 49 -3 16 0 0.00 0.0 0 3.0 13 300 M M 2 12 17 300
26 67 29 48 -4 17 0 0.00 0.0 0 4.8 18 60 M M 3 12 25 60
27 71 44 58 6 7 0 0.00 0.0 0 10.1 21 90 M M 0 27 80
28 72 31 52 0 13 0 0.00 0.0 0 4.2 12 310 M M 0 14 290
29 78 28 53 2 12 0 0.00 0.0 0 4.1 17 70 M M 0 20 70
30 81 30 56 5 9 0 0.00 0.0 0 2.7 14 290 M M 0 16 260
================================================================================
SM 2258 1135 259 11 1.15 0.0 118.0 M 35
================================================================================
AV 75.3 37.8 3.9 FASTST M M 1 MAX(MPH)
MISC ----> # 25 260 # 33 260
================================================================================
NOTES:
# LAST OF SEVERAL OCCURRENCES
COLUMN 17 PEAK WIND IN M.P.H.
PRELIMINARY LOCAL CLIMATOLOGICAL DATA (WS FORM: F-6) , PAGE 2
STATION: RAMONA AIRPORT CA
MONTH: NOVEMBER
YEAR: 2020
LATITUDE: 33 2 N
LONGITUDE: 116 55 W
[TEMPERATURE DATA] [PRECIPITATION DATA] SYMBOLS USED IN COLUMN 16
AVERAGE MONTHLY: 56.6 TOTAL FOR MONTH: 1.15 1 = FOG OR MIST
DPTR FM NORMAL: 1.1 DPTR FM NORMAL: -0.04 2 = FOG REDUCING VISIBILITY
HIGHEST: 95 ON 5 GRTST 24HR 0.71 ON 7- 7 TO 1/4 MILE OR LESS
LOWEST: 28 ON 29 3 = THUNDER
SNOW, ICE PELLETS, HAIL 4 = ICE PELLETS
TOTAL MONTH: 0.0 INCH 5 = HAIL
GRTST 24HR 0.0 6 = FREEZING RAIN OR DRIZZLE
GRTST DEPTH: 0 7 = DUSTSTORM OR SANDSTORM:
VSBY 1/2 MILE OR LESS
8 = SMOKE OR HAZE
[NO. OF DAYS WITH] [WEATHER - DAYS WITH] 9 = BLOWING SNOW
X = TORNADO
MAX 32 OR BELOW: 0 0.01 INCH OR MORE: 4
MAX 90 OR ABOVE: 3 0.10 INCH OR MORE: 2
MIN 32 OR BELOW: 8 0.50 INCH OR MORE: 1
MIN 0 OR BELOW: 0 1.00 INCH OR MORE: 0
[HDD (BASE 65) ]
TOTAL THIS MO. 259 CLEAR (SCALE 0-3) 27
DPTR FM NORMAL -33 PTCLDY (SCALE 4-7) 2
TOTAL FM JUL 1 308 CLOUDY (SCALE 8-10) 1
DPTR FM NORMAL -103
[CDD (BASE 65) ]
TOTAL THIS MO. 11
DPTR FM NORMAL 5 [PRESSURE DATA]
TOTAL FM JAN 1 1132 HIGHEST SLP 30.18 ON 28
DPTR FM NORMAL 282 LOWEST SLP 29.66 ON 6
[REMARKS]
#FINAL-11-20#