000
CXUS55 KREV 011258
CF6RNO
PRELIMINARY LOCAL CLIMATOLOGICAL DATA (WS FORM: F-6)
STATION: RENO-TAHOE INTL AIRPORT NV
MONTH: JUNE
YEAR: 2021
LATITUDE: 39 30 N
LONGITUDE: 119 47 W
TEMPERATURE IN F: :PCPN: SNOW: WIND :SUNSHINE: SKY :PK WND
================================================================================
1 2 3 4 5 6A 6B 7 8 9 10 11 12 13 14 15 16 17 18
12Z AVG MX 2MIN
DY MAX MIN AVG DEP HDD CDD WTR SNW DPTH SPD SPD DIR MIN PSBL S-S WX SPD DR
================================================================================
1 95 57 76 11 0 11 0.00 0.0 0 5.1 22 290 M M 2 29 290
2 98 55 77 12 0 12 0.00 0.0 0 4.9 22 270 M M 2 3 26 280
3 98 62 80 15 0 15 0.09 0.0 0 5.4 24 110 M M 3 3 32 110
4 97 57 77 11 0 12 0.00 0.0 0 7.8 28 280 M M 2 8 33 290
5 92 59 76 10 0 11 0.00 0.0 0 10.0 28 290 M M 5 38 290
6 88 55 72 6 0 7 0.00 0.0 0 9.8 32 280 M M 2 41 270
7 84 54 69 3 0 4 0.00 0.0 0 7.7 30 280 M M 4 40 200
8 75 51 63 -4 2 0 0.00 0.0 0 14.8 31 290 M M 5 8 38 290
9 70 46 58 -9 7 0 0.00 0.0 0 12.0 31 300 M M 6 8 41 300
10 71 39 55 -12 10 0 0.00 0.0 0 6.1 20 290 M M 3 25 280
11 79 46 63 -5 2 0 0.00 0.0 0 6.3 22 270 M M 4 27 310
12 90 58 74 6 0 9 0.00 0.0 0 6.7 23 290 M M 2 29 280
13 93 56 75 7 0 10 0.00 0.0 0 7.7 25 260 M M 1 33 240
14 89 58 74 5 0 9 0.00 0.0 0 10.2 22 230 M M 2 37 230
15 88 56 72 3 0 7 0.00 0.0 0 8.5 22 300 M M 0 27 330
16 97 54 76 7 0 11 0.00 0.0 0 5.8 18 290 M M 5 22 280
17 102 58 80 10 0 15 0.00 0.0 0 5.3 24 290 M M 3 8 28 280
18 100 62 81 11 0 16 0.00 0.0 0 6.5 25 120 M M 3 3 37 120
19 99 63 81 11 0 16 0.00 0.0 0 5.2 15 270 M M 1 22 290
20 99 65 82 12 0 17 0.00 0.0 0 8.6 22 280 M M 1 29 300
21 97 63 80 9 0 15 0.00 0.0 0 8.2 28 280 M M 3 39 280
22 92 68 80 9 0 15 0.00 0.0 0 6.2 22 290 M M 4 30 330
23 89 61 75 3 0 10 0.03 0.0 0 7.7 32 10 M M 4 3 42 360
24 88 62 75 3 0 10 0.02 0.0 0 6.2 26 290 M M 7 3 32 290
25 92 58 75 3 0 10 0.00 0.0 0 3.8 16 40 M M 3 23 30
26 96 61 79 6 0 14 0.00 0.0 0 5.5 14 350 M M 1 23 360
27 99 68 84 11 0 19 0.00 0.0 0 5.3 18 70 M M 1 25 60
28 103 66 85 12 0 20 T 0.0 0 5.9 23 290 M M 2 28 290
29 102 69 86 12 0 21 T 0.0 0 7.2 32 180 M M 4 37 190
30 96 67 82 8 0 17 T 0.0 0 6.1 28 180 M M 4 3 37 170
================================================================================
SM 2758 1754 21 333 0.14 0.0 216.5 M 89
================================================================================
AV 91.9 58.5 7.2 FASTST M M 3 MAX(MPH)
MISC ----> # 32 280 42 360
================================================================================
NOTES:
# LAST OF SEVERAL OCCURRENCES
COLUMN 17 PEAK WIND IN M.P.H.
PRELIMINARY LOCAL CLIMATOLOGICAL DATA (WS FORM: F-6) , PAGE 2
STATION: RENO-TAHOE INTL AIRPORT NV
MONTH: JUNE
YEAR: 2021
LATITUDE: 39 30 N
LONGITUDE: 119 47 W
[TEMPERATURE DATA] [PRECIPITATION DATA] SYMBOLS USED IN COLUMN 16
AVERAGE MONTHLY: 75.2 TOTAL FOR MONTH: 0.14 1 = FOG OR MIST
DPTR FM NORMAL: 6.0 DPTR FM NORMAL: -0.27 2 = FOG REDUCING VISIBILITY
HIGHEST: 103 ON 28 GRTST 24HR 0.09 ON 3- 3 TO 1/4 MILE OR LESS
LOWEST: 39 ON 10 3 = THUNDER
SNOW, ICE PELLETS, HAIL 4 = ICE PELLETS
TOTAL MONTH: 0.0 INCH 5 = HAIL
GRTST 24HR 0.0 6 = FREEZING RAIN OR DRIZZLE
GRTST DEPTH: 0 7 = DUSTSTORM OR SANDSTORM:
VSBY 1/2 MILE OR LESS
8 = SMOKE OR HAZE
[NO. OF DAYS WITH] [WEATHER - DAYS WITH] 9 = BLOWING SNOW
X = TORNADO
MAX 32 OR BELOW: 0 0.01 INCH OR MORE: 3
MAX 90 OR ABOVE: 20 0.10 INCH OR MORE: 0
MIN 32 OR BELOW: 0 0.50 INCH OR MORE: 0
MIN 0 OR BELOW: 0 1.00 INCH OR MORE: 0
[HDD (BASE 65) ]
TOTAL THIS MO. 21 CLEAR (SCALE 0-3) 17
DPTR FM NORMAL -26 PTCLDY (SCALE 4-7) 13
TOTAL FM JUL 1 4516 CLOUDY (SCALE 8-10) 0
DPTR FM NORMAL -151
[CDD (BASE 65) ]
TOTAL THIS MO. 333
DPTR FM NORMAL 160 [PRESSURE DATA]
TOTAL FM JAN 1 369 HIGHEST SLP M ON M
DPTR FM NORMAL 151 LOWEST SLP 29.65 ON 28
[REMARKS]
THE AVERAGE TEMPERATURE FOR JUNE 2021 AT THE RENO-TAHOE INTERNATIONAL AIRPORT
WAS 75.2 DEGREES WHICH IS 6.0 DEGREES ABOVE NORMAL. THE HIGHEST TEMPERATURE FOR
JUNE WAS 103 WHICH OCCURRED ON THE 28TH. THE LOWEST TEMPERATURE FOR THE MONTH
WAS 39 WHICH OCCURRED ON THE 10TH.
FOR JUNE 2021, 0.14 INCHES OF PRECIPITATION WAS RECORDED AT THE RENO-TAHOE
INTERNATIONAL AIRPORT. THIS IS 0.27 INCHES BELOW NORMAL.
THE AVERAGE WIND SPEED FOR JUNE 2021 WAS 7.2 MPH. THE PEAK WIND GUST FOR THE
MONTH WAS 42 MPH FROM THE NORTH ON THE 23RD.
#FINAL-06-21#