000
CXUS53 KARX 041457
CF6RST
PRELIMINARY LOCAL CLIMATOLOGICAL DATA (WS FORM: F-6)
STATION: ROCHESTER MN
MONTH: DECEMBER
YEAR: 2021
LATITUDE: 43 55 N
LONGITUDE: 92 30 W
TEMPERATURE IN F: :PCPN: SNOW: WIND :SUNSHINE: SKY :PK WND
================================================================================
1 2 3 4 5 6A 6B 7 8 9 10 11 12 13 14 15 16 17 18
12Z AVG MX 2MIN
DY MAX MIN AVG DEP HDD CDD WTR SNW DPTH SPD SPD DIR MIN PSBL S-S WX SPD DR
================================================================================
1 49 35 42 16 23 0 0.21 0.0 0 13.5 21 230 M M 4 1 28 270
2 49 36 43 17 22 0 0.06 0.0 0 11.5 23 320 M M 4 30 320
3 48 30 39 13 26 0 T 0.0 0 8.7 15 350 M M 4 18 320
4 33 27 30 5 35 0 0.00 0.0 0 9.1 16 320 M M 9 21 320
5 35 28 32 7 33 0 0.00 0.0 0 18.6 39 280 M M 10 53 280
6 28 2 15 -9 50 0 T T 0 21.7 38 300 M M 3 52 300
7 18 4 11 -13 54 0 0.07 2.4 0 9.3 17 140 M M 9 18 21 140
8 24 4 14 -9 51 0 0.00 0.0 2 8.4 23 150 M M 4 1 29 140
9 40 24 32 9 33 0 0.01 T 1 13.8 24 140 M M 4 6 33 130
10 31 27 29 6 36 0 0.55 6.5 0 13.7 28 20 M M 10 12 37 30
11 27 21 24 2 41 0 0.08 0.9 7 19.9 33 340 M M 3 1 43 330
12 39 23 31 9 34 0 0.00 0.0 7 16.5 24 210 M M 0 31 210
13 40 22 31 9 34 0 0.00 0.0 5 8.1 22 210 M M 0 29 200
14 42 28 35 14 30 0 0.00 0.0 4 14.1 21 140 M M 1 28 140
15 64 37 51 30 14 0 0.16 0.0 2 20.0 59 220 M M 8 1238 77 200
16 37 18 28 8 37 0 T T 0 25.2 51 240 M M 5 72 230
17 23 14 19 -1 46 0 0.00 0.0 0 8.6 15 20 M M 3 18 30
18 22 14 18 -2 47 0 T 0.2 0 11.0 18 320 M M 9 1 22 330
19 27 12 20 0 45 0 0.00 0.0 0 17.2 28 170 M M 6 35 190
20 31 8 20 1 45 0 0.00 0.0 0 12.5 22 310 M M 0 27 310
21 25 8 17 -2 48 0 T T 0 15.7 30 290 M M 6 1 37 270
22 27 5 16 -3 49 0 0.00 0.0 0 9.7 17 150 M M 3 22 170
23 41 25 33 15 32 0 0.00 0.0 0 9.7 16 150 M M 3 21 140
24 41 28 35 17 30 0 0.00 0.0 0 11.8 22 170 M M 5 12 30 160
25 32 17 25 7 40 0 0.00 0.0 0 8.4 18 20 M M 4 23 20
26 32 12 22 4 43 0 0.05 0.5 0 12.5 31 120 M M 5 16 42 110
27 33 11 22 5 43 0 0.01 0.0 T 16.1 29 260 M M 5 16 38 270
28 24 1 13 -4 52 0 0.21 2.5 T 10.3 23 300 M M 9 12 28 300
29 11 -10 1 -16 64 0 0.00 0.0 2 7.6 17 300 M M 2 21 310
30 25 4 15 -2 50 0 T 0.1 2 10.7 18 170 M M 10 1 25 170
31 26 6 16 0 49 0 T 0.0 2 11.9 23 350 M M 8 126 28 360
================================================================================
SM 1024 521 1236 0 1.41 13.1 405.8 M 156
================================================================================
AV 33.0 16.8 13.1 FASTST M M 5 MAX(MPH)
MISC ----> 59 220 77 200
================================================================================
NOTES:
# LAST OF SEVERAL OCCURRENCES
COLUMN 17 PEAK WIND IN M.P.H.
PRELIMINARY LOCAL CLIMATOLOGICAL DATA (WS FORM: F-6) , PAGE 2
STATION: ROCHESTER MN
MONTH: DECEMBER
YEAR: 2021
LATITUDE: 43 55 N
LONGITUDE: 92 30 W
[TEMPERATURE DATA] [PRECIPITATION DATA] SYMBOLS USED IN COLUMN 16
AVERAGE MONTHLY: 24.9 TOTAL FOR MONTH: 1.41 1 = FOG OR MIST
DPTR FM NORMAL: 4.1 DPTR FM NORMAL: 0.13 2 = FOG REDUCING VISIBILITY
HIGHEST: 64 ON 15 GRTST 24HR 0.63 ON 10-11 TO 1/4 MILE OR LESS
LOWEST: -10 ON 29 3 = THUNDER
SNOW, ICE PELLETS, HAIL 4 = ICE PELLETS
TOTAL MONTH: 13.1 INCHES 5 = HAIL
GRTST 24HR 6.5 ON 10-10 6 = FREEZING RAIN OR DRIZZLE
GRTST DEPTH: 7 ON 12,11 7 = DUSTSTORM OR SANDSTORM:
VSBY 1/2 MILE OR LESS
8 = SMOKE OR HAZE
[NO. OF DAYS WITH] [WEATHER - DAYS WITH] 9 = BLOWING SNOW
X = TORNADO
MAX 32 OR BELOW: 17 0.01 INCH OR MORE: 10
MAX 90 OR ABOVE: 0 0.10 INCH OR MORE: 4
MIN 32 OR BELOW: 28 0.50 INCH OR MORE: 1
MIN 0 OR BELOW: 1 1.00 INCH OR MORE: 0
[HDD (BASE 65) ]
TOTAL THIS MO. 1236 CLEAR (SCALE 0-3) 7
DPTR FM NORMAL -134 PTCLDY (SCALE 4-7) 16
TOTAL FM JUL 1 2572 CLOUDY (SCALE 8-10) 8
DPTR FM NORMAL -486
[CDD (BASE 65) ]
TOTAL THIS MO. 0
DPTR FM NORMAL 0 [PRESSURE DATA]
TOTAL FM JAN 1 714 HIGHEST SLP 30.39 ON 18
DPTR FM NORMAL 181 LOWEST SLP 29.06 ON 15
[REMARKS]
#FINAL-12-21#