000
CXUS53 KARX 010900
CF6RST
PRELIMINARY LOCAL CLIMATOLOGICAL DATA (WS FORM: F-6)
STATION: ROCHESTER MN
MONTH: JUNE
YEAR: 2021
LATITUDE: 43 55 N
LONGITUDE: 92 30 W
TEMPERATURE IN F: :PCPN: SNOW: WIND :SUNSHINE: SKY :PK WND
================================================================================
1 2 3 4 5 6A 6B 7 8 9 10 11 12 13 14 15 16 17 18
12Z AVG MX 2MIN
DY MAX MIN AVG DEP HDD CDD WTR SNW DPTH SPD SPD DIR MIN PSBL S-S WX SPD DR
================================================================================
1 77 49 63 -1 2 0 0.00 0.0 0 5.9 14 210 M M 0 8 19 240
2 81 55 68 4 0 3 0.00 0.0 0 9.0 15 200 M M 1 8 21 210
3 88 58 73 9 0 8 0.00 0.0 0 15.0 25 240 M M 1 36 270
4 93 67 80 15 0 15 0.00 0.0 0 18.0 24 230 M M 0 34 240
5 95 69 82 17 0 17 0.00 0.0 0 17.3 26 220 M M 0 34 200
6 89 68 79 14 0 14 0.00 0.0 0 17.5 30 200 M M 1 41 200
7 91 68 80 14 0 15 0.00 0.0 0 10.9 21 220 M M 2 26 210
8 91 68 80 14 0 15 0.00 0.0 0 6.9 14 140 M M 1 20 130
9 92 69 81 15 0 16 0.00 0.0 0 6.1 14 100 M M 1 19 100
10 95 69 82 16 0 17 0.00 0.0 0 6.3 12 110 M M 1 16 100
11 89 71 80 13 0 15 0.00 0.0 0 11.0 26 300 M M 0 37 300
12 83 63 73 6 0 8 0.00 0.0 0 12.0 23 350 M M 1 35 330
13 91 58 75 8 0 10 0.00 0.0 0 9.5 24 260 M M 0 34 260
14 84 57 71 3 0 6 0.00 0.0 0 8.6 21 330 M M 0 31 340
15 80 57 69 1 0 4 0.00 0.0 0 7.6 15 50 M M 0 23 340
16 84 56 70 2 0 5 0.00 0.0 0 8.8 17 170 M M 0 22 160
17 91 67 79 11 0 14 0.05 0.0 0 9.1 18 160 M M 3 3 26 160
18 88 60 74 6 0 9 0.00 0.0 0 8.1 16 280 M M 1 25 320
19 80 58 69 0 0 4 0.00 0.0 0 7.6 18 290 M M 1 26 300
20 81 56 69 0 0 4 0.82 0.0 0 11.8 28 330 M M 5 13 38 340
21 66 46 56 -13 9 0 0.00 0.0 0 13.5 24 340 M M 5 32 350
22 75 47 61 -8 4 0 0.00 0.0 0 6.0 13 220 M M 3 17 220
23 83 55 69 0 0 4 0.00 0.0 0 12.2 20 180 M M 4 1 28 190
24 90 71 81 11 0 16 0.00 0.0 0 12.3 22 230 M M 2 30 240
25 84 67 76 6 0 11 0.00 0.0 0 7.6 16 130 M M 6 22 130
26 72 63 68 -2 0 3 0.31 0.0 0 10.2 24 20 M M 9 1 32 30
27 80 58 69 -1 0 4 T 0.0 0 7.4 15 10 M M 5 19 360
28 82 63 73 3 0 8 0.13 0.0 0 7.0 20 310 M M 5 1 29 310
29 82 64 73 3 0 8 0.15 0.0 0 5.5 15 240 M M 5 1 22 270
30 84 62 73 3 0 8 0.00 0.0 0 6.4 16 350 M M 1 20 350
================================================================================
SM 2541 1839 15 261 1.46 0.0 295.1 M 64
================================================================================
AV 84.7 61.3 9.8 FASTST M M 2 MAX(MPH)
MISC ----> 30 200 41 200
================================================================================
NOTES:
# LAST OF SEVERAL OCCURRENCES
COLUMN 17 PEAK WIND IN M.P.H.
PRELIMINARY LOCAL CLIMATOLOGICAL DATA (WS FORM: F-6) , PAGE 2
STATION: ROCHESTER MN
MONTH: JUNE
YEAR: 2021
LATITUDE: 43 55 N
LONGITUDE: 92 30 W
[TEMPERATURE DATA] [PRECIPITATION DATA] SYMBOLS USED IN COLUMN 16
AVERAGE MONTHLY: 73.0 TOTAL FOR MONTH: 1.46 1 = FOG OR MIST
DPTR FM NORMAL: 5.5 DPTR FM NORMAL: -3.89 2 = FOG REDUCING VISIBILITY
HIGHEST: 95 ON 10, 5 GRTST 24HR 0.82 ON 20-20 TO 1/4 MILE OR LESS
LOWEST: 46 ON 21 3 = THUNDER
SNOW, ICE PELLETS, HAIL 4 = ICE PELLETS
TOTAL MONTH: 0.0 INCH 5 = HAIL
GRTST 24HR 0.0 6 = FREEZING RAIN OR DRIZZLE
GRTST DEPTH: 0 7 = DUSTSTORM OR SANDSTORM:
VSBY 1/2 MILE OR LESS
8 = SMOKE OR HAZE
[NO. OF DAYS WITH] [WEATHER - DAYS WITH] 9 = BLOWING SNOW
X = TORNADO
MAX 32 OR BELOW: 0 0.01 INCH OR MORE: 5
MAX 90 OR ABOVE: 9 0.10 INCH OR MORE: 4
MIN 32 OR BELOW: 0 0.50 INCH OR MORE: 1
MIN 0 OR BELOW: 0 1.00 INCH OR MORE: 0
[HDD (BASE 65) ]
TOTAL THIS MO. 15 CLEAR (SCALE 0-3) 21
DPTR FM NORMAL -34 PTCLDY (SCALE 4-7) 8
TOTAL FM JUL 1 7589 CLOUDY (SCALE 8-10) 1
DPTR FM NORMAL -268
[CDD (BASE 65) ]
TOTAL THIS MO. 261
DPTR FM NORMAL 135 [PRESSURE DATA]
TOTAL FM JAN 1 315 HIGHEST SLP 30.17 ON 15
DPTR FM NORMAL 155 LOWEST SLP 29.49 ON 20
[REMARKS]
#FINAL-06-21#