433
CXUS53 KARX 020034
CLSRST
CLIMATE REPORT
NATIONAL WEATHER SERVICE LA CROSSE WI
711 PM CDT TUE SEP 1 2020
...................................
...THE ROCHESTER MN CLIMATE SUMMARY FOR THE SEASON, FROM
6/1/2020 TO 8/31/2020...
CLIMATE NORMAL PERIOD 1981 TO 2010
CLIMATE RECORD PERIOD 1886 TO 2020
WEATHER OBSERVED NORMAL DEPART LAST YEAR`S
VALUE DATE(S) VALUE FROM VALUE DATE(S)
NORMAL
................................................................
TEMPERATURE (F)
RECORD
HIGH 108 07/14/1936
LOW 31 06/09/1937
HIGHEST 93 06/02 MM MM 90 07/19
LOWEST 46 08/04 MM MM 43 06/13
AVG. MAXIMUM 81.5 79.5 2.0
AVG. MINIMUM 59.8 59.3 0.5 58.6
MEAN 70.7 69.4 1.3 68.4
DAYS MAX >= 90 6 5.5 0.5 1
DAYS MAX <= 32 0 0.0 0.0 0
DAYS MIN <= 32 0 0.0 0.0 0
DAYS MIN <= 0 0 0.0 0.0 0
PRECIPITATION (INCHES)
RECORD
MAXIMUM 19.14 2007
MINIMUM 8.46 2012
TOTALS 12.75 13.75 -1.00 18.00
DAILY AVG. 0.14 0.15 -0.01
DAYS >= .01 31 32.2 -1.2 35
DAYS >= .10 18 20.3 -2.3 23
DAYS >= .50 9 9.6 -0.6 11
DAYS >= 1.00 4 3.6 0.4 5
GREATEST
24 HR. TOTAL 2.01 MM
STORM TOTAL MM
(MM/DD(HH)) MM
SNOWFALL (INCHES)
RECORDS
TOTAL MM 5
24 HR TOTAL MM
TOTALS 0.0 0.0 0.0
LIQUID EQUIV 0.00 0.00 0.00
SINCE 7/1 0.0 0.0 0.0
DAYS >= TRACE 0 0.0 0.0
DAYS >= 1.0 0 0.0 0.0
GREATEST
SNOW DEPTH 0 MM
24 HR TOTAL 0.0 MM
STORM TOTAL MM
(MM/DD(HH)) MM
DEGREE_DAYS
HEATING TOTAL 41 90 -49
SINCE 7/1 25 38 -13
COOLING TOTAL 582 491 91
SINCE 1/1 605 525 80
FREEZE DATES
RECORD
EARLIEST MM
LATEST MM
EARLIEST MM
LATEST MM
.................................................................
WIND (MPH)
AVERAGE WIND SPEED 9.8
HIGHEST WIND SPEED/DIRECTION 39/040 DATE 06/02
HIGHEST GUST SPEED/DIRECTION 52/190 DATE 08/09
SKY COVER
POSSIBLE SUNSHINE (PERCENT) MM
AVERAGE SKY COVER 0.20
NUMBER OF DAYS FAIR 65
NUMBER OF DAYS PC 26
NUMBER OF DAYS CLOUDY 1
AVERAGE RH (PERCENT) 71
WEATHER CONDITIONS. NUMBER OF DAYS WITH
THUNDERSTORM 25 MIXED PRECIP 0
HEAVY RAIN 16 RAIN 18
LIGHT RAIN 37 FREEZING RAIN 0
LT FREEZING RAIN 0 HAIL 0
HEAVY SNOW 0 SNOW 0
LIGHT SNOW 0 SLEET 0
FOG 34 FOG W/VIS <= 1/4 MILE 4
HAZE 1
- INDICATES NEGATIVE NUMBERS.
R INDICATES RECORD WAS SET OR TIED.
MM INDICATES DATA IS MISSING.
T INDICATES TRACE AMOUNT.
$$
BOYNE