000
CXUS54 KTSA 081248
CF6RVS
PRELIMINARY LOCAL CLIMATOLOGICAL DATA (WS FORM: F-6)
STATION: TULSA-RIVERSIDE OKLAHOMA
MONTH: OCTOBER
YEAR: 2021
LATITUDE: 36 2 N
LONGITUDE: 95 59 W
TEMPERATURE IN F: :PCPN: SNOW: WIND :SUNSHINE: SKY :PK WND
================================================================================
1 2 3 4 5 6A 6B 7 8 9 10 11 12 13 14 15 16 17 18
12Z AVG MX 2MIN
DY MAX MIN AVG DEP HDD CDD WTR SNW DPTH SPD SPD DIR MIN PSBL S-S WX SPD DR
================================================================================
1 80 64 72 4 0 7 0.00 0.0 M 1.4 9 180 M M 4 12 12 190
2 81 63 72 4 0 7 0.95 0.0 M 2.2 15 210 M M 6 13 27 210
3 83 58 71 3 0 6 0.00 0.0 M 1.9 10 350 M M 1 1 18 360
4 83 53 68 1 0 3 0.00 0.0 M 3.2 13 20 M M 0 19 350
5 83 52 68 1 0 3 0.00 0.0 M 3.7 14 30 M M 0 1 22 40
6 82 60 71 5 0 6 0.00 0.0 M 3.0 10 30 M M 2 1 15 30
7 87 56 72 6 0 7 0.00 0.0 M 2.6 12 160 M M 0 12 19 140
8 93 63 78 12 0 13 0.00 0.0 M 7.7 18 190 M M 0 28 190
9 94 68 81 16 0 16 0.00 0.0 M 10.9 23 190 M M 0 36 170
10 83 69 76 11 0 11 0.38 0.0 M 11.0 25 110 M M 6 13 34 100
11 77 53 65 1 0 0 0.09 0.0 M 5.3 31 200 M M 3 1 50 210
12 80 50 65 1 0 0 0.04 0.0 M 7.4 20 110 M M 3 1 30 150
13 78 62 70 6 0 5 0.85 0.0 M 9.1 21 180 M M 7 13 30 260
14 73 62 68 5 0 3 0.02 0.0 M 0.7 8 130 M M 9 1 11 240
15 69 50 60 -3 5 0 0.30 0.0 M 6.5 18 10 M M 4 13 31 330
16 71 41 56 -6 9 0 0.00 0.0 M 1.6 9 350 M M 0 16 330
17 78 43 61 -1 4 0 0.00 0.0 M 3.1 14 200 M M 0 19 190
18 75 45 60 -2 5 0 0.00 0.0 M 6.1 18 170 M M 0 30 160
19 79 57 68 7 0 3 0.00 0.0 M 10.4 21 170 M M 0 31 190
20 74 53 64 3 1 0 0.00 0.0 M 4.1 14 210 M M 3 23 230
21 73 45 59 -1 6 0 0.00 0.0 M 1.7 12 20 M M 0 18 20
22 79 46 63 3 2 0 0.00 0.0 M 3.5 13 190 M M 2 18 170
23 86 56 71 11 0 6 0.00 0.0 M 9.8 20 170 M M 1 31 170
24 80 52 66 7 0 1 0.00 0.0 M 10.5 28 200 M M 2 39 190
25 64 48 56 -3 9 0 0.00 0.0 M 5.2 12 40 M M 2 1 17 30
26 75 49 62 4 3 0 0.00 0.0 M 10.5 21 170 M M 6 1 30 160
27 65 54 60 2 5 0 1.03 0.0 M 7.5 17 70 M M 10 1 32 140
28 63 52 58 0 7 0 0.27 0.0 M 10.6 26 320 M M 10 1 39 350
29 67 42 55 -2 10 0 T 0.0 M 7.3 18 350 M M 5 39 340
30 71 36 54 -3 11 0 0.00 0.0 M 0.4 7 220 M M 0 11 200
31 65 42 54 -3 11 0 0.00 0.0 M 7.5 16 20 M M 1 26 350
================================================================================
SM 2391 1644 88 97 3.93 0.0 176.4 M 87
================================================================================
AV 77.1 53.0 5.7 FASTST M M 3 MAX(MPH)
MISC ----> 31 200 50 210
================================================================================
NOTES:
# LAST OF SEVERAL OCCURRENCES
COLUMN 17 PEAK WIND IN M.P.H.
PRELIMINARY LOCAL CLIMATOLOGICAL DATA (WS FORM: F-6) , PAGE 2
STATION: TULSA-RIVERSIDE OKLAHOMA
MONTH: OCTOBER
YEAR: 2021
LATITUDE: 36 2 N
LONGITUDE: 95 59 W
[TEMPERATURE DATA] [PRECIPITATION DATA] SYMBOLS USED IN COLUMN 16
AVERAGE MONTHLY: 65.1 TOTAL FOR MONTH: 3.93 1 = FOG OR MIST
DPTR FM NORMAL: 2.7 DPTR FM NORMAL: 0.09 2 = FOG REDUCING VISIBILITY
HIGHEST: 94 ON 9 GRTST 24HR 1.15 ON 27-28 TO 1/4 MILE OR LESS
LOWEST: 36 ON 30 3 = THUNDER
SNOW, ICE PELLETS, HAIL 4 = ICE PELLETS
TOTAL MONTH: 0.0 INCH 5 = HAIL
GRTST 24HR 0.0 6 = FREEZING RAIN OR DRIZZLE
GRTST DEPTH: M ON M 7 = DUSTSTORM OR SANDSTORM:
VSBY 1/2 MILE OR LESS
8 = SMOKE OR HAZE
[NO. OF DAYS WITH] [WEATHER - DAYS WITH] 9 = BLOWING SNOW
X = TORNADO
MAX 32 OR BELOW: 0 0.01 INCH OR MORE: 9
MAX 90 OR ABOVE: 2 0.10 INCH OR MORE: 6
MIN 32 OR BELOW: 0 0.50 INCH OR MORE: 3
MIN 0 OR BELOW: 0 1.00 INCH OR MORE: 1
[HDD (BASE 65) ]
TOTAL THIS MO. 88 CLEAR (SCALE 0-3) 20
DPTR FM NORMAL -68 PTCLDY (SCALE 4-7) 8
TOTAL FM JUL 1 88 CLOUDY (SCALE 8-10) 3
DPTR FM NORMAL -82
[CDD (BASE 65) ]
TOTAL THIS MO. 97
DPTR FM NORMAL 21 [PRESSURE DATA]
TOTAL FM JAN 1 2094 HIGHEST SLP 30.41 ON 16
DPTR FM NORMAL -45 LOWEST SLP 29.43 ON 11
[REMARKS]
#FINAL-10-21#