000
CXUS53 KMPX 022208
CF6RWF
PRELIMINARY LOCAL CLIMATOLOGICAL DATA (WS FORM: F-6)
STATION: REDWOOD FALLS MN
MONTH: FEBRUARY
YEAR: 2020
LATITUDE: 44 32 N
LONGITUDE: 95 5 W
TEMPERATURE IN F: :PCPN: SNOW: WIND :SUNSHINE: SKY :PK WND
================================================================================
1 2 3 4 5 6A 6B 7 8 9 10 11 12 13 14 15 16 17 18
12Z AVG MX 2MIN
DY MAX MIN AVG DEP HDD CDD WTR SNW DPTH SPD SPD DIR MIN PSBL S-S WX SPD DR
================================================================================
1 43 19 31 15 34 0 0.11 M M 10.8 17 250 M M 5 24 220
2 44 29 37 21 28 0 0.00 M M 15.9 29 270 M M 2 43 270
3 30 13 22 6 43 0 0.00 M M 10.4 17 340 M M 7 27 350
4 20 7 14 -2 51 0 0.00 M M 6.2 15 340 M M 1 23 350
5 30 11 21 5 44 0 0.00 M M 9.2 16 220 M M 1 20 220
6 29 14 22 5 43 0 0.00 M M 9.5 21 200 M M 5 18 27 190
7 26 -4 11 -6 54 0 0.02 M M 10.2 18 310 M M 7 18 24 300
8 25 -5 10 -7 55 0 T M M 8.2 14 190 M M 1 1 17 190
9 23 7 15 -2 50 0 0.43 M M 8.4 15 290 M M 6 12 27 40
10 29 -3 13 -5 52 0 0.03 M M 10.9 20 250 M M 2 18 26 230
11 27 15 21 3 44 0 0.00 M M 13.4 20 200 M M 6 8 26 200
12 31 -16 8 -10 57 0 0.00 M M 17.5 28 210 M M 8 18 47 210
13 -4 -19 -11 -30 76 0 T M M 9.5 16 280 M M 0 27 330
14 20 -21 0 -19 65 0 0.00 M M 16.2 32 160 M M 0 8 42 160
15 35 19 27 8 38 0 0.00 M M 11.2 22 280 M M 4 28 310
16 25 19 22 2 43 0 0.00 M M 6.9 15 110 M M 9 21 110
17 28 18 23 3 42 0 0.00 M M 9.1 18 330 M M 7 18 30 310
18 22 3 13 -7 52 0 0.03 M M 10.6 21 320 M M 6 18 34 330
19 11 -5 3 -18 62 0 T M M 7.7 12 350 M M 4 17 330
20 18 -12 3 -18 62 0 0.00 M M 7.9 17 210 M M 0 25 210
21 36 15 26 5 39 0 0.00 M M 12.7 24 230 M M 0 32 210
22 38 10 24 2 41 0 0.00 M M 8.2 15 160 M M 0 1 19 160
23 40 25 33 11 32 0 0.00 M M 11.1 20 290 M M 0 26 290
24 36 23 30 7 35 0 0.00 M M 4.8 10 80 M M 1 13 90
25 33 13 23 0 42 0 0.00 M M 8.5 16 320 M M 1 25 320
26 23 6 15 -8 50 0 0.00 M M 7.3 14 320 M M 5 20 320
27 23 9 16 -8 49 0 T M M 5.5 13 290 M M 8 1 17 290
28 27 19 23 -1 42 0 M M M 5.4 10 230 M M 6 17 290
29 41 22 32 8 33 0 M M M 12.9 17 170 M M 3 1 22 190
================================================================================
SM 809 231 1358 0 0.62 M 286.1 M 105
================================================================================
AV 27.9 8.0 9.9 FASTST M M 4 MAX(MPH)
MISC ----> # 32 160 # 47 210
================================================================================
NOTES:
# LAST OF SEVERAL OCCURRENCES
COLUMN 17 PEAK WIND IN M.P.H.
PRELIMINARY LOCAL CLIMATOLOGICAL DATA (WS FORM: F-6) , PAGE 2
STATION: REDWOOD FALLS MN
MONTH: FEBRUARY
YEAR: 2020
LATITUDE: 44 32 N
LONGITUDE: 95 5 W
[TEMPERATURE DATA] [PRECIPITATION DATA] SYMBOLS USED IN COLUMN 16
AVERAGE MONTHLY: 17.9 TOTAL FOR MONTH: 0.62 1 = FOG OR MIST
DPTR FM NORMAL: -1.5 DPTR FM NORMAL: 0.08 2 = FOG REDUCING VISIBILITY
HIGHEST: 44 ON 2 GRTST 24HR 0.43 ON 9- 9 TO 1/4 MILE OR LESS
LOWEST: -21 ON 14 3 = THUNDER
SNOW, ICE PELLETS, HAIL 4 = ICE PELLETS
TOTAL MONTH: M 5 = HAIL
GRTST 24HR M ON M 6 = FREEZING RAIN OR DRIZZLE
GRTST DEPTH: M ON M 7 = DUSTSTORM OR SANDSTORM:
VSBY 1/2 MILE OR LESS
8 = SMOKE OR HAZE
[NO. OF DAYS WITH] [WEATHER - DAYS WITH] 9 = BLOWING SNOW
X = TORNADO
MAX 32 OR BELOW: 20 0.01 INCH OR MORE: 5
MAX 90 OR ABOVE: 0 0.10 INCH OR MORE: 2
MIN 32 OR BELOW: 29 0.50 INCH OR MORE: 0
MIN 0 OR BELOW: 8 1.00 INCH OR MORE: 0
[HDD (BASE 65) ]
TOTAL THIS MO. 1358 CLEAR (SCALE 0-3) 13
DPTR FM NORMAL 81 PTCLDY (SCALE 4-7) 15
TOTAL FM JUL 1 5964 CLOUDY (SCALE 8-10) 1
DPTR FM NORMAL -97
[CDD (BASE 65) ]
TOTAL THIS MO. 0
DPTR FM NORMAL 0 [PRESSURE DATA]
TOTAL FM JAN 1 0 HIGHEST SLP 30.85 ON 20
DPTR FM NORMAL 0 LOWEST SLP 29.47 ON 1
[REMARKS]
THE PRECIPITATION VALUES FOR THE MONTH ARE FROM THE 8 INCH DIAMETER RAIN
GAUGE AT THE REDWOOD FALLS COOP STATION WITH AN OBSERVATION TIME OF 7 AM.
#FINAL-02-20#