690
CXUS55 KPIH 011100
CF6RXE
PRELIMINARY LOCAL CLIMATOLOGICAL DATA (WS FORM: F-6)
STATION: REXBURG ID
MONTH: MARCH
YEAR: 2021
LATITUDE: 43 49 N
LONGITUDE: 111 48 W
TEMPERATURE IN F: :PCPN: SNOW: WIND :SUNSHINE: SKY :PK WND
================================================================================
1 2 3 4 5 6A 6B 7 8 9 10 11 12 13 14 15 16 17 18
12Z AVG MX 2MIN
DY MAX MIN AVG DEP HDD CDD WTR SNW DPTH SPD SPD DIR MIN PSBL S-S WX SPD DR
================================================================================
1 35 11 23 -4 42 0 0.00 M M 2.9 9 50 M M 5 13 50
2 37 7 22 -6 43 0 0.00 M M 5.1 9 60 M M 0 12 50
3 42 9 26 -2 39 0 0.00 M M 4.2 8 50 M M 0 10 60
4 44 14 29 0 36 0 0.00 M M 4.3 12 200 M M 0 16 200
5 44 15 30 1 35 0 0.00 M M 3.8 8 60 M M 0 9 50
6 49 19 34 4 31 0 0.00 M M 7.4 21 240 M M 1 31 240
7 40 23 32 2 33 0 0.00 M M 6.0 15 200 M M 0 21 190
8 48 21 35 4 30 0 0.03 M M 5.8 21 200 M M 3 1 30 220
9 39 26 33 2 32 0 0.00 M M 10.2 23 200 M M 3 40 190
10 38 19 29 -3 36 0 0.00 M M 4.2 9 240 M M 2 13 220
11 43 13 28 -4 37 0 0.00 M M 4.6 10 60 M M 0 15 70
12 41 10 26 -7 39 0 0.00 M M 3.5 9 60 M M 0 12 50
13 50 10 30 -3 35 0 0.00 M M 5.0 10 60 M M 0 16 20
14 49 28 39 5 26 0 0.00 M M 6.1 12 10 M M 0 16 10
15 45 24 35 1 30 0 0.00 M M 4.3 9 60 M M 1 12 90
16 50 29 40 6 25 0 0.00 M M 4.9 14 350 M M 2 22 360
17 44 22 33 -2 32 0 0.00 M M 4.0 13 60 M M 0 16 60
18 53 26 40 5 25 0 0.00 M M 5.2 13 60 M M 2 8 18 160
19 56 29 43 7 22 0 0.08 M M 4.6 15 270 M M 7 20 270
20 40 31 36 0 29 0 0.75 M M 6.8 17 210 M M 10 1 27 190
21 40 23 32 -5 33 0 0.01 M M 6.5 12 180 M M 5 1 19 190
22 34 29 32 -5 33 0 0.14 M M 9.2 17 210 M M 9 18 26 200
23 44 23 34 -3 31 0 0.00 M M 7.2 20 10 M M 4 12 30 350
24 40 16 28 -10 37 0 0.00 M M 8.7 20 240 M M 6 29 240
25 38 30 34 -4 31 0 0.18 M M 6.5 18 190 M M 10 128 27 200
26 44 26 35 -3 30 0 0.00 M M 3.3 9 160 M M 7 14 120
27 53 30 42 3 23 0 0.00 M M 9.3 18 230 M M 2 25 180
28 63 35 49 10 16 0 0.00 M M 14.5 30 210 M M 0 44 240
29 55 23 39 0 26 0 0.00 M M 15.4 35 230 M M 6 56 230
30 41 16 29 -11 36 0 0.00 M M 4.6 17 220 M M 2 23 220
31 47 16 32 -8 33 0 0.00 M M 5.3 14 240 M M 0 22 230
================================================================================
SM 1386 653 986 0 1.19 M 193.4 M 87
================================================================================
AV 44.7 21.1 6.2 FASTST M M 3 MAX(MPH)
MISC ----> 35 230 56 230
================================================================================
NOTES:
# LAST OF SEVERAL OCCURRENCES
COLUMN 17 PEAK WIND IN M.P.H.
PRELIMINARY LOCAL CLIMATOLOGICAL DATA (WS FORM: F-6) , PAGE 2
STATION: REXBURG ID
MONTH: MARCH
YEAR: 2021
LATITUDE: 43 49 N
LONGITUDE: 111 48 W
[TEMPERATURE DATA] [PRECIPITATION DATA] SYMBOLS USED IN COLUMN 16
AVERAGE MONTHLY: 32.9 TOTAL FOR MONTH: 1.19 1 = FOG OR MIST
DPTR FM NORMAL: -1.2 DPTR FM NORMAL: 0.13 2 = FOG REDUCING VISIBILITY
HIGHEST: 63 ON 28 GRTST 24HR 0.76 ON 20-21 TO 1/4 MILE OR LESS
LOWEST: 7 ON 2 3 = THUNDER
SNOW, ICE PELLETS, HAIL 4 = ICE PELLETS
TOTAL MONTH: M 5 = HAIL
GRTST 24HR M ON M 6 = FREEZING RAIN OR DRIZZLE
GRTST DEPTH: M ON M 7 = DUSTSTORM OR SANDSTORM:
VSBY 1/2 MILE OR LESS
8 = SMOKE OR HAZE
[NO. OF DAYS WITH] [WEATHER - DAYS WITH] 9 = BLOWING SNOW
X = TORNADO
MAX 32 OR BELOW: 0 0.01 INCH OR MORE: 6
MAX 90 OR ABOVE: 0 0.10 INCH OR MORE: 3
MIN 32 OR BELOW: 30 0.50 INCH OR MORE: 1
MIN 0 OR BELOW: 0 1.00 INCH OR MORE: 0
[HDD (BASE 65) ]
TOTAL THIS MO. 986 CLEAR (SCALE 0-3) 20
DPTR FM NORMAL 30 PTCLDY (SCALE 4-7) 8
TOTAL FM JUL 1 6713 CLOUDY (SCALE 8-10) 3
DPTR FM NORMAL -216
[CDD (BASE 65) ]
TOTAL THIS MO. 0
DPTR FM NORMAL 0 [PRESSURE DATA]
TOTAL FM JAN 1 0 HIGHEST SLP 30.60 ON 31
DPTR FM NORMAL 0 LOWEST SLP 29.47 ON 29
[REMARKS]
#FINAL-03-21#