000
CXUS54 KEWX 051821
CF6RYW
PRELIMINARY LOCAL CLIMATOLOGICAL DATA (WS FORM: F-6)
STATION: LAGO VISTA
MONTH: JULY
YEAR: 2022
LATITUDE: 30 30 N
LONGITUDE: 97 58 W
TEMPERATURE IN F: :PCPN: SNOW: WIND :SUNSHINE: SKY :PK WND
================================================================================
1 2 3 4 5 6A 6B 7 8 9 10 11 12 13 14 15 16 17 18
12Z AVG MX 2MIN
DY MAX MIN AVG DEP HDD CDD WTR SNW DPTH SPD SPD DIR MIN PSBL S-S WX SPD DR
================================================================================
1 101 71 86 M 0 21 0.00 M M 4.2 8 130 M M 3 17 90
2 102 75 89 M 0 24 0.00 M M 5.7 9 120 M M 3 23 130
3 102 76 89 M 0 24 0.00 M M 7.2 14 190 M M 3 21 190
4 101 74 88 M 0 23 0.00 M M 8.5 13 190 M M 4 27 150
5 101 74 88 M 0 23 0.00 M M 7.7 12 190 M M 3 22 150
6 103 73 88 M 0 23 0.00 M M 7.1 10 180 M M 1 21 160
7 102 74 88 M 0 23 0.00 0.0 M 7.5 14 190 M M 0 21 160
8 105 75 90 M 0 25 0.00 0.0 M 6.7 9 140 M M 1 16 200
9 108 78 93 M 0 28 0.00 M M 5.5 9 160 M M 1 16 120
10 108 79 94 M 0 29 0.00 M M 5.4 9 240 M M 2 M M
11 107 80 94 M 0 29 0.00 M M 4.7 14 230 M M 0 22 270
12 109 76 93 M 0 28 0.00 0.0 M 4.8 9 90 M M 3 16 100
13 109 78 94 M 0 29 0.00 0.0 M 5.3 10 130 M M 1 18 120
14 106 75 91 M 0 26 0.00 M M 6.5 17 80 M M 1 25 80
15 102 69 86 M 0 21 0.00 M M 3.5 10 150 M M 2 21 140
16 102 72 87 M 0 22 0.00 M M 6.0 10 180 M M 4 18 150
17 105 75 90 M 0 25 0.00 M M 7.0 13 180 M M 1 18 180
18 106 76 91 M 0 26 0.00 M M 8.2 13 160 M M 0 23 160
19 106 75 91 M 0 26 0.00 M M 7.9 13 150 M M 0 22 160
20 107 74 91 M 0 26 0.00 M M 7.5 12 160 M M 0 22 160
21 104 76 90 M 0 25 0.00 M M 7.4 13 140 M M 2 18 140
22 102 74 88 M 0 23 0.00 M M 7.8 10 120 M M 2 18 210
23 102 74 88 M 0 23 0.00 M M 8.5 14 140 M M 3 21 150
24 103 75 89 M 0 24 0.00 M M 7.9 12 160 M M 3 22 160
25 104 74 89 M 0 24 0.00 M M 6.8 10 200 M M 1 20 160
26 104 73 89 M 0 24 0.00 M M 7.4 12 170 M M 0 21 170
27 103 74 89 M 0 24 0.00 M M 7.6 15 150 M M 1 25 170
28 102 74 88 M 0 23 0.00 M M 7.0 10 160 M M 2 20 180
29 103 74 89 M 0 24 0.00 M M 7.9 13 140 M M 2 20 140
30 105 74 90 M 0 25 0.00 M M 7.3 12 170 M M 1 22 160
31 103 75 89 M 0 24 0.00 M M 8.2 14 150 M M 1 23 150
================================================================================
SM 3227 2316 0 764 0.00 0.0 210.6 M 51
================================================================================
AV104.1 74.7 6.8 FASTST M M 2 MAX(MPH)
MISC ----> 17 80 27 150
================================================================================
NOTES:
# LAST OF SEVERAL OCCURRENCES
COLUMN 17 PEAK WIND IN M.P.H.
PRELIMINARY LOCAL CLIMATOLOGICAL DATA (WS FORM: F-6) , PAGE 2
STATION: LAGO VISTA
MONTH: JULY
YEAR: 2022
LATITUDE: 30 30 N
LONGITUDE: 97 58 W
[TEMPERATURE DATA] [PRECIPITATION DATA] SYMBOLS USED IN COLUMN 16
AVERAGE MONTHLY: 89.4 TOTAL FOR MONTH: 0.00 1 = FOG OR MIST
DPTR FM NORMAL: 0.0 DPTR FM NORMAL: M 2 = FOG REDUCING VISIBILITY
HIGHEST: 109 ON 13,12 GRTST 24HR 0.00 ON 1- 1 TO 1/4 MILE OR LESS
LOWEST: 69 ON 15 3 = THUNDER
SNOW, ICE PELLETS, HAIL 4 = ICE PELLETS
TOTAL MONTH: 0.0 INCH 5 = HAIL
GRTST 24HR 0.0 6 = FREEZING RAIN OR DRIZZLE
GRTST DEPTH: M ON M 7 = DUSTSTORM OR SANDSTORM:
VSBY 1/2 MILE OR LESS
8 = SMOKE OR HAZE
[NO. OF DAYS WITH] [WEATHER - DAYS WITH] 9 = BLOWING SNOW
X = TORNADO
MAX 32 OR BELOW: 0 0.01 INCH OR MORE: 0
MAX 90 OR ABOVE: 31 0.10 INCH OR MORE: 0
MIN 32 OR BELOW: 0 0.50 INCH OR MORE: 0
MIN 0 OR BELOW: 0 1.00 INCH OR MORE: 0
[HDD (BASE 65) ]
TOTAL THIS MO. 0 CLEAR (SCALE 0-3) 28
DPTR FM NORMAL M PTCLDY (SCALE 4-7) 3
TOTAL FM JUL 1 0 CLOUDY (SCALE 8-10) 0
DPTR FM NORMAL M
[CDD (BASE 65) ]
TOTAL THIS MO. 764
DPTR FM NORMAL M [PRESSURE DATA]
TOTAL FM JAN 1 2246 HIGHEST SLP M ON M
DPTR FM NORMAL M LOWEST SLP M ON M
[REMARKS]
#FINAL-07-22#