000
CXUS55 KTWC 010855
CF6SAD
PRELIMINARY LOCAL CLIMATOLOGICAL DATA (WS FORM: F-6)
STATION: SAFFORD AZ AIRPORT
MONTH: SEPTEMBER
YEAR: 2022
LATITUDE: 32 50 N
LONGITUDE: 109 38 W
TEMPERATURE IN F: :PCPN: SNOW: WIND :SUNSHINE: SKY :PK WND
================================================================================
1 2 3 4 5 6A 6B 7 8 9 10 11 12 13 14 15 16 17 18
12Z AVG MX 2MIN
DY MAX MIN AVG DEP HDD CDD WTR SNW DPTH SPD SPD DIR MIN PSBL S-S WX SPD DR
================================================================================
1 93 69 81 -2 0 16 0.00 M M 8.9 16 170 M M 0 24 170
2 96 69 83 0 0 18 0.00 M M 7.9 16 180 M M 0 22 170
3 98 73 86 3 0 21 0.00 M M 12.4 28 60 M M 0 40 70
4 96 71 84 2 0 19 0.00 M M 9.3 21 150 M M 0 29 130
5 97 68 83 1 0 18 0.00 M M 8.7 17 160 M M 0 23 170
6 98 68 83 1 0 18 0.00 M M 9.5 21 140 M M 0 29 130
7 97 69 83 1 0 18 0.00 M M 7.0 15 200 M M 0 20 170
8 97 65 81 -1 0 16 0.00 M M 6.7 15 180 M M 0 21 170
9 94 68 81 0 0 16 0.00 M M 7.3 18 310 M M 0 24 320
10 94 69 82 1 0 17 0.00 M M 9.2 21 310 M M 1 26 300
11 95 69 82 1 0 17 0.07 M M 10.2 25 70 M M 1 3 35 70
12 92 67 80 0 0 15 0.05 M M 9.3 35 80 M M M 3 48 80
13 88 63 76 -4 0 11 0.04 M M 6.1 24 270 M M 2 3 32 270
14 89 64 77 -3 0 12 0.00 M M 6.9 14 130 M M 1 18 130
15 93 61 77 -2 0 12 0.00 M M 4.7 14 130 M M M 21 180
16 96 60 78 -1 0 13 0.00 M M 7.2 20 180 M M M 30 160
17 97 56 77 -2 0 12 0.00 M M 4.9 17 210 M M 0 25 200
18 97 59 78 0 0 13 T M M 7.0 25 100 M M M 36 120
19 95 68 82 4 0 17 T M M 9.3 30 140 M M 1 3 43 140
20 92 69 81 3 0 16 T M M 10.0 23 70 M M 1 3 32 70
21 92 70 81 4 0 16 0.03 M M 8.5 23 310 M M 3 3 30 310
22 94 63 79 2 0 14 0.32 M M 5.4 23 170 M M 1 3 34 170
23 93 65 79 3 0 14 0.03 M M 5.8 17 270 M M 2 3 24 270
24 94 63 79 3 0 14 0.00 M M 3.9 13 200 M M 1 17 230
25 94 58 76 0 0 11 0.00 M M 3.7 12 110 M M 1 17 90
26 91 68 80 5 0 15 0.00 M M 10.7 23 120 M M 0 31 130
27 91 64 78 3 0 13 0.00 M M 11.0 21 150 M M 0 31 130
28 91 66 79 5 0 14 0.00 M M 10.9 22 130 M M 0 32 160
29 87 65 76 2 0 11 0.00 M M 8.4 15 160 M M 0 22 160
30 90 66 78 4 0 13 0.00 M M 8.0 24 140 M M 2 33 140
================================================================================
SM 2811 1973 0 450 0.54 M 238.8 M 17
================================================================================
AV 93.7 65.8 8.0 FASTST M M 1 MAX(MPH)
MISC ----> 35 80 48 80
================================================================================
NOTES:
# LAST OF SEVERAL OCCURRENCES
COLUMN 17 PEAK WIND IN M.P.H.
PRELIMINARY LOCAL CLIMATOLOGICAL DATA (WS FORM: F-6) , PAGE 2
STATION: SAFFORD AZ AIRPORT
MONTH: SEPTEMBER
YEAR: 2022
LATITUDE: 32 50 N
LONGITUDE: 109 38 W
[TEMPERATURE DATA] [PRECIPITATION DATA] SYMBOLS USED IN COLUMN 16
AVERAGE MONTHLY: 79.7 TOTAL FOR MONTH: 0.54 1 = FOG OR MIST
DPTR FM NORMAL: 0.8 DPTR FM NORMAL: -0.34 2 = FOG REDUCING VISIBILITY
HIGHEST: 98 ON 6, 3 GRTST 24HR 0.35 ON 22-23 TO 1/4 MILE OR LESS
LOWEST: 56 ON 17 3 = THUNDER
SNOW, ICE PELLETS, HAIL 4 = ICE PELLETS
TOTAL MONTH: M 5 = HAIL
GRTST 24HR M ON M 6 = FREEZING RAIN OR DRIZZLE
GRTST DEPTH: M ON M 7 = DUSTSTORM OR SANDSTORM:
VSBY 1/2 MILE OR LESS
8 = SMOKE OR HAZE
[NO. OF DAYS WITH] [WEATHER - DAYS WITH] 9 = BLOWING SNOW
X = TORNADO
MAX 32 OR BELOW: 0 0.01 INCH OR MORE: 6
MAX 90 OR ABOVE: 27 0.10 INCH OR MORE: 1
MIN 32 OR BELOW: 0 0.50 INCH OR MORE: 0
MIN 0 OR BELOW: 0 1.00 INCH OR MORE: 0
[HDD (BASE 65) ]
TOTAL THIS MO. 0 CLEAR (SCALE 0-3) 26
DPTR FM NORMAL 0 PTCLDY (SCALE 4-7) 0
TOTAL FM JUL 1 0 CLOUDY (SCALE 8-10) 4
DPTR FM NORMAL 0
[CDD (BASE 65) ]
TOTAL THIS MO. 450
DPTR FM NORMAL 34 [PRESSURE DATA]
TOTAL FM JAN 1 2647 HIGHEST SLP M ON M
DPTR FM NORMAL 68 LOWEST SLP 29.59 ON 9
[REMARKS]
#FINAL-09-22#