000
CXUS55 KTWC 010855
CF6SAD
PRELIMINARY LOCAL CLIMATOLOGICAL DATA (WS FORM: F-6)
STATION: SAFFORD AZ AIRPORT
MONTH: MARCH
YEAR: 2022
LATITUDE: 32 50 N
LONGITUDE: 109 38 W
TEMPERATURE IN F: :PCPN: SNOW: WIND :SUNSHINE: SKY :PK WND
================================================================================
1 2 3 4 5 6A 6B 7 8 9 10 11 12 13 14 15 16 17 18
12Z AVG MX 2MIN
DY MAX MIN AVG DEP HDD CDD WTR SNW DPTH SPD SPD DIR MIN PSBL S-S WX SPD DR
================================================================================
1 77 32 55 1 10 0 0.00 M M 4.3 15 120 M M 0 19 130
2 81 34 58 4 7 0 0.00 M M 2.8 8 90 M M 0 12 180
3 82 46 64 10 1 0 0.00 M M 10.8 25 180 M M 0 36 180
4 75 51 63 8 2 0 0.00 M M 14.8 33 220 M M 1 49 260
5 70 36 53 -2 12 0 0.00 M M 9.0 25 300 M M 0 35 280
6 58 37 48 -7 17 0 0.00 M M 14.5 30 300 M M 1 40 310
7 62 25 44 -12 21 0 0.00 M M 7.8 24 290 M M 0 30 290
8 60 30 45 -11 20 0 0.00 M M 6.7 15 290 M M 0 20 260
9 66 24 45 -11 20 0 0.00 M M 7.9 26 300 M M 0 38 320
10 70 32 51 -5 14 0 0.00 M M 11.6 31 300 M M 3 39 300
11 63 39 51 -5 14 0 0.00 M M 9.7 18 310 M M 1 24 300
12 68 29 49 -8 16 0 0.00 M M 7.4 16 180 M M 0 23 150
13 74 41 58 1 7 0 0.00 M M 9.5 28 290 M M 0 34 290
14 74 38 56 -1 9 0 0.00 M M 7.6 20 290 M M 0 29 270
15 80 38 59 2 6 0 0.00 M M 4.8 14 130 M M 0 20 80
16 82 38 60 2 5 0 0.00 M M 9.3 35 280 M M 0 47 280
17 73 44 59 1 6 0 0.00 M M 15.8 30 320 M M 0 45 300
18 74 37 56 -2 9 0 0.00 M M 7.2 17 320 M M 0 23 280
19 79 33 56 -2 9 0 0.00 M M 8.1 17 120 M M 0 27 140
20 78 47 63 4 2 0 T M M 15.6 36 320 M M 2 47 290
21 65 46 56 -3 9 0 T M M 16.7 38 300 M M 4 49 300
22 73 38 56 -3 9 0 0.00 M M 15.5 25 300 M M 0 41 260
23 70 40 55 -4 10 0 0.00 M M 9.8 20 290 M M 0 27 300
24 80 32 56 -4 9 0 0.00 M M 7.0 15 310 M M 0 21 300
25 86 39 63 3 2 0 0.00 M M 4.3 13 160 M M 0 20 180
26 89 43 66 6 0 1 0.00 M M 5.2 18 130 M M 0 23 130
27 87 44 66 6 0 1 0.00 M M 4.9 13 330 M M 0 18 320
28 83 44 64 4 1 0 0.00 M M 9.1 29 220 M M 2 38 230
29 64 41 53 -8 12 0 0.17 M M 11.0 32 310 M M 6 1 47 320
30 71 45 58 -3 7 0 0.00 M M 12.3 31 270 M M 5 40 260
31 76 41 59 -2 6 0 0.00 M M 4.9 12 80 M M 0 16 80
================================================================================
SM 2290 1184 272 2 0.17 M 285.9 M 25
================================================================================
AV 73.9 38.2 9.2 FASTST M M 1 MAX(MPH)
MISC ----> 38 300 # 49 300
================================================================================
NOTES:
# LAST OF SEVERAL OCCURRENCES
COLUMN 17 PEAK WIND IN M.P.H.
PRELIMINARY LOCAL CLIMATOLOGICAL DATA (WS FORM: F-6) , PAGE 2
STATION: SAFFORD AZ AIRPORT
MONTH: MARCH
YEAR: 2022
LATITUDE: 32 50 N
LONGITUDE: 109 38 W
[TEMPERATURE DATA] [PRECIPITATION DATA] SYMBOLS USED IN COLUMN 16
AVERAGE MONTHLY: 56.0 TOTAL FOR MONTH: 0.17 1 = FOG OR MIST
DPTR FM NORMAL: -1.6 DPTR FM NORMAL: -0.30 2 = FOG REDUCING VISIBILITY
HIGHEST: 89 ON 26 GRTST 24HR 0.17 ON 29-29 TO 1/4 MILE OR LESS
LOWEST: 24 ON 9 3 = THUNDER
SNOW, ICE PELLETS, HAIL 4 = ICE PELLETS
TOTAL MONTH: M 5 = HAIL
GRTST 24HR M ON M 6 = FREEZING RAIN OR DRIZZLE
GRTST DEPTH: M ON M 7 = DUSTSTORM OR SANDSTORM:
VSBY 1/2 MILE OR LESS
8 = SMOKE OR HAZE
[NO. OF DAYS WITH] [WEATHER - DAYS WITH] 9 = BLOWING SNOW
X = TORNADO
MAX 32 OR BELOW: 0 0.01 INCH OR MORE: 1
MAX 90 OR ABOVE: 0 0.10 INCH OR MORE: 1
MIN 32 OR BELOW: 7 0.50 INCH OR MORE: 0
MIN 0 OR BELOW: 0 1.00 INCH OR MORE: 0
[HDD (BASE 65) ]
TOTAL THIS MO. 272 CLEAR (SCALE 0-3) 28
DPTR FM NORMAL 35 PTCLDY (SCALE 4-7) 3
TOTAL FM JUL 1 2110 CLOUDY (SCALE 8-10) 0
DPTR FM NORMAL 25
[CDD (BASE 65) ]
TOTAL THIS MO. 2
DPTR FM NORMAL -6 [PRESSURE DATA]
TOTAL FM JAN 1 2 HIGHEST SLP M ON M
DPTR FM NORMAL -6 LOWEST SLP 29.59 ON 20
[REMARKS]
#FINAL-03-22#