000
CXUS55 KTWC 010855
CF6SAD
PRELIMINARY LOCAL CLIMATOLOGICAL DATA (WS FORM: F-6)
STATION: SAFFORD AZ AIRPORT
MONTH: SEPTEMBER
YEAR: 2023
LATITUDE: 32 50 N
LONGITUDE: 109 38 W
TEMPERATURE IN F: :PCPN: SNOW: WIND :SUNSHINE: SKY :PK WND
================================================================================
1 2 3 4 5 6A 6B 7 8 9 10 11 12 13 14 15 16 17 18
12Z AVG MX 2MIN
DY MAX MIN AVG DEP HDD CDD WTR SNW DPTH SPD SPD DIR MIN PSBL S-S WX SPD DR
================================================================================
1 96 68 82 -1 0 17 0.15 M M 10.4 41 180 M M 1 38 58 140
2 94 67 81 -2 0 16 0.00 M M 4.6 17 290 M M 1 24 310
3 99 72 86 3 0 21 0.00 M M 10.3 23 290 M M 0 35 280
4 97 70 84 2 0 19 0.00 M M 8.6 21 300 M M 0 27 290
5 99 64 82 0 0 17 0.00 M M 5.3 14 310 M M 0 19 320
6 104 64 84 2 0 19 0.00 M M 6.2 17 310 M M 0 23 310
7 103 68 86 4 0 21 0.00 M M 7.6 17 260 M M 0 23 260
8 105 70 88 6 0 23 0.00 M M 8.8 22 300 M M 0 29 300
9 105 69 87 6 0 22 0.00 M M 6.8 24 270 M M 0 32 270
10 105 73 89 8 0 24 T M M 6.8 22 290 M M 1 29 300
11 102 74 88 7 0 23 0.00 M M 10.8 26 300 M M 1 40 310
12 82 69 76 -4 0 11 0.16 M M 7.8 16 80 M M 3 1 21 80
13 76 63 70 -10 0 5 0.94 M M 6.1 35 330 M M 6 13 55 340
14 88 63 76 -4 0 11 0.00 M M 5.2 12 280 M M 1 17 320
15 94 63 79 0 0 14 0.00 M M 4.2 9 300 M M 1 M M
16 94 62 78 -1 0 13 0.00 M M 4.4 15 150 M M 0 20 150
17 93 73 83 4 0 18 0.00 M M 10.3 18 160 M M 0 26 90
18 96 68 82 4 0 17 0.00 M M 8.8 16 320 M M 0 22 330
19 94 58 76 -2 0 11 0.00 M M 4.5 16 300 M M 0 22 310
20 87 56 72 -6 0 7 T M M 7.9 28 180 M M 1 35 190
21 69 62 66 -11 0 1 0.00 M M 8.4 13 140 M M 0 M M
22 95 60 78 1 0 13 0.00 M M 5.8 18 300 M M 0 25 300
23 93 58 76 0 0 11 0.00 M M 7.4 20 300 M M 0 26 290
24 92 59 76 0 0 11 0.00 M M 6.9 17 290 M M 0 23 280
25 95 54 75 -1 0 10 0.00 M M 4.3 9 300 M M 0 16 280
26 98 60 79 4 0 14 0.00 M M 4.6 14 120 M M 0 17 120
27 98 59 79 4 0 14 0.00 M M 4.7 14 310 M M 0 20 320
28 95 59 77 3 0 12 0.00 M M 5.6 17 290 M M 0 22 290
29 97 59 78 4 0 13 0.00 M M 4.4 13 290 M M 0 19 180
30 95 64 80 6 0 15 0.00 M M 12.6 26 190 M M 1 42 160
================================================================================
SM 2840 1928 0 443 1.25 M 210.1 M 17
================================================================================
AV 94.7 64.3 7.0 FASTST M M 1 MAX(MPH)
MISC ----> 41 180 58 140
================================================================================
NOTES:
# LAST OF SEVERAL OCCURRENCES
COLUMN 17 PEAK WIND IN M.P.H.
PRELIMINARY LOCAL CLIMATOLOGICAL DATA (WS FORM: F-6) , PAGE 2
STATION: SAFFORD AZ AIRPORT
MONTH: SEPTEMBER
YEAR: 2023
LATITUDE: 32 50 N
LONGITUDE: 109 38 W
[TEMPERATURE DATA] [PRECIPITATION DATA] SYMBOLS USED IN COLUMN 16
AVERAGE MONTHLY: 79.5 TOTAL FOR MONTH: 1.25 1 = FOG OR MIST
DPTR FM NORMAL: 0.6 DPTR FM NORMAL: 0.37 2 = FOG REDUCING VISIBILITY
HIGHEST: 105 ON 10, 9 GRTST 24HR 0.94 ON 13-13 TO 1/4 MILE OR LESS
LOWEST: 54 ON 25 3 = THUNDER
SNOW, ICE PELLETS, HAIL 4 = ICE PELLETS
TOTAL MONTH: M 5 = HAIL
GRTST 24HR M ON M 6 = FREEZING RAIN OR DRIZZLE
GRTST DEPTH: M ON M 7 = DUSTSTORM OR SANDSTORM:
VSBY 1/2 MILE OR LESS
8 = SMOKE OR HAZE
[NO. OF DAYS WITH] [WEATHER - DAYS WITH] 9 = BLOWING SNOW
X = TORNADO
MAX 32 OR BELOW: 0 0.01 INCH OR MORE: 3
MAX 90 OR ABOVE: 25 0.10 INCH OR MORE: 3
MIN 32 OR BELOW: 0 0.50 INCH OR MORE: 1
MIN 0 OR BELOW: 0 1.00 INCH OR MORE: 0
[HDD (BASE 65) ]
TOTAL THIS MO. 0 CLEAR (SCALE 0-3) 28
DPTR FM NORMAL 0 PTCLDY (SCALE 4-7) 2
TOTAL FM JUL 1 0 CLOUDY (SCALE 8-10) 0
DPTR FM NORMAL 0
[CDD (BASE 65) ]
TOTAL THIS MO. 443
DPTR FM NORMAL 27 [PRESSURE DATA]
TOTAL FM JAN 1 2845 HIGHEST SLP M ON M
DPTR FM NORMAL 266 LOWEST SLP 29.59 ON 30
[REMARKS]
#FINAL-09-23#