000
CXUS56 KSGX 011100
CF6SAN
PRELIMINARY LOCAL CLIMATOLOGICAL DATA (WS FORM: F-6)
STATION: SAN DIEGO INTL AIRPORT CA
MONTH: JUNE
YEAR: 2023
LATITUDE: 32 43 N
LONGITUDE: 117 10 W
TEMPERATURE IN F: :PCPN: SNOW: WIND :SUNSHINE: SKY :PK WND
================================================================================
1 2 3 4 5 6A 6B 7 8 9 10 11 12 13 14 15 16 17 18
12Z AVG MX 2MIN
DY MAX MIN AVG DEP HDD CDD WTR SNW DPTH SPD SPD DIR MIN PSBL S-S WX SPD DR
================================================================================
1 66 59 63 -3 2 0 0.00 M M 5.7 12 270 M M 10 17 210
2 69 61 65 -1 0 0 0.00 M M 7.5 16 280 M M 7 20 270
3 69 60 65 -1 0 0 T M M 6.1 13 270 M M 9 18 17 270
4 69 62 66 0 0 1 0.00 M M 5.8 14 260 M M 8 22 220
5 66 61 64 -2 1 0 0.00 M M 7.4 14 220 M M 8 24 210
6 69 61 65 -1 0 0 0.00 M M 6.6 14 240 M M 8 26 210
7 70 60 65 -1 0 0 0.00 M M 5.5 15 290 M M 7 20 250
8 70 58 64 -2 1 0 0.00 M M 6.3 15 280 M M 7 22 290
9 70 61 66 0 0 1 0.00 M M 7.5 15 280 M M 9 8 20 280
10 67 61 64 -2 1 0 T M M 6.3 12 270 M M 10 18 250
11 65 61 63 -3 2 0 0.03 M M 6.1 12 220 M M 10 1 21 210
12 69 60 65 -2 0 0 T M M 6.5 15 300 M M 8 20 280
13 67 62 65 -2 0 0 T M M 6.6 15 310 M M 9 18 20 320
14 69 62 66 -1 0 1 0.00 M M 5.4 16 280 M M 9 1 21 280
15 71 61 66 -1 0 1 T M M 5.0 13 280 M M 8 1 19 260
16 72 64 68 1 0 3 0.00 M M 7.2 16 290 M M 7 20 310
17 71 63 67 0 0 2 0.00 M M 7.9 17 290 M M 7 8 21 290
18 69 62 66 -1 0 1 0.00 M M 5.0 12 280 M M 8 21 220
19 71 62 67 -1 0 2 0.00 M M 5.3 12 260 M M 7 22 210
20 73 61 67 -1 0 2 0.00 M M 5.5 14 280 M M 4 20 290
21 73 60 67 -1 0 2 0.00 M M 5.0 12 280 M M 4 18 280
22 68 61 65 -3 0 0 0.00 M M 6.7 15 270 M M 7 22 230
23 70 59 65 -3 0 0 0.00 M M 6.7 17 290 M M 4 21 280
24 70 58 64 -4 1 0 0.00 M M 6.1 17 270 M M 5 8 22 270
25 70 61 66 -2 0 1 0.00 M M 6.6 15 280 M M 5 8 24 300
26 71 61 66 -2 0 1 0.00 M M 6.0 14 300 M M 5 19 330
27 71 60 66 -3 0 1 0.00 M M 4.9 13 270 M M 5 18 240
28 69 62 66 -3 0 1 0.00 M M 5.5 13 280 M M 6 8 23 210
29 71 62 67 -2 0 2 0.00 M M 6.2 14 280 M M 5 20 300
30 73 63 68 -1 0 3 0.00 M M 6.0 16 290 M M 6 21 320
================================================================================
SM 2088 1829 8 25 0.03 M 184.9 M 212
================================================================================
AV 69.6 61.0 6.2 FASTST M M 7 MAX(MPH)
MISC ----> # 17 290 26 210
================================================================================
NOTES:
# LAST OF SEVERAL OCCURRENCES
COLUMN 17 PEAK WIND IN M.P.H.
PRELIMINARY LOCAL CLIMATOLOGICAL DATA (WS FORM: F-6) , PAGE 2
STATION: SAN DIEGO INTL AIRPORT CA
MONTH: JUNE
YEAR: 2023
LATITUDE: 32 43 N
LONGITUDE: 117 10 W
[TEMPERATURE DATA] [PRECIPITATION DATA] SYMBOLS USED IN COLUMN 16
AVERAGE MONTHLY: 65.3 TOTAL FOR MONTH: 0.03 1 = FOG OR MIST
DPTR FM NORMAL: -1.9 DPTR FM NORMAL: -0.02 2 = FOG REDUCING VISIBILITY
HIGHEST: 73 ON 30,21 GRTST 24HR 0.03 ON 11-11 TO 1/4 MILE OR LESS
LOWEST: 58 ON 24, 8 3 = THUNDER
SNOW, ICE PELLETS, HAIL 4 = ICE PELLETS
TOTAL MONTH: M 5 = HAIL
GRTST 24HR M ON M 6 = FREEZING RAIN OR DRIZZLE
GRTST DEPTH: M ON M 7 = DUSTSTORM OR SANDSTORM:
VSBY 1/2 MILE OR LESS
8 = SMOKE OR HAZE
[NO. OF DAYS WITH] [WEATHER - DAYS WITH] 9 = BLOWING SNOW
X = TORNADO
MAX 32 OR BELOW: 0 0.01 INCH OR MORE: 1
MAX 90 OR ABOVE: 0 0.10 INCH OR MORE: 0
MIN 32 OR BELOW: 0 0.50 INCH OR MORE: 0
MIN 0 OR BELOW: 0 1.00 INCH OR MORE: 0
[HDD (BASE 65) ]
TOTAL THIS MO. 8 CLEAR (SCALE 0-3) 0
DPTR FM NORMAL -2 PTCLDY (SCALE 4-7) 19
TOTAL FM JUL 1 1457 CLOUDY (SCALE 8-10) 11
DPTR FM NORMAL 471
[CDD (BASE 65) ]
TOTAL THIS MO. 25
DPTR FM NORMAL -50 [PRESSURE DATA]
TOTAL FM JAN 1 33 HIGHEST SLP 30.08 ON 25
DPTR FM NORMAL -120 LOWEST SLP 29.85 ON 30
[REMARKS]
#FINAL-06-23#