000
CXUS56 KSGX 011145
CF6SAN
PRELIMINARY LOCAL CLIMATOLOGICAL DATA (WS FORM: F-6)
STATION: SAN DIEGO INTL AIRPORT CA
MONTH: DECEMBER
YEAR: 2023
LATITUDE: 32 43 N
LONGITUDE: 117 10 W
TEMPERATURE IN F: :PCPN: SNOW: WIND :SUNSHINE: SKY :PK WND
================================================================================
1 2 3 4 5 6A 6B 7 8 9 10 11 12 13 14 15 16 17 18
12Z AVG MX 2MIN
DY MAX MIN AVG DEP HDD CDD WTR SNW DPTH SPD SPD DIR MIN PSBL S-S WX SPD DR
================================================================================
1 67 52 60 1 5 0 0.00 M M 3.0 13 280 M M 4 1 17 280
2 66 46 56 -3 9 0 0.00 M M 2.7 9 230 M M 1 20 210
3 68 45 57 -2 8 0 0.00 M M 2.9 13 320 M M 2 1 16 300
4 70 48 59 0 6 0 0.00 M M 2.6 10 320 M M 4 18 14 320
5 78 49 64 5 1 0 0.00 M M 2.1 10 320 M M 1 1 16 320
6 69 49 59 1 6 0 0.00 M M 2.6 10 160 M M 4 18 19 190
7 66 53 60 2 5 0 0.00 M M 2.7 13 280 M M 6 1 16 210
8 67 50 59 1 6 0 0.00 M M 2.5 12 280 M M 2 17 220
9 75 46 61 3 4 0 0.00 M M 2.1 10 270 M M 2 17 220
10 72 43 58 0 7 0 0.00 M M 3.3 12 300 M M 2 17 310
11 68 44 56 -2 9 0 0.00 M M 2.4 10 320 M M 6 14 200
12 63 51 57 -1 8 0 0.00 M M 5.9 12 210 M M 6 1 23 200
13 65 51 58 0 7 0 0.00 M M 3.5 12 280 M M 3 15 240
14 71 46 59 1 6 0 0.00 M M 2.3 10 330 M M 4 14 320
15 77 45 61 3 4 0 0.00 M M 2.9 10 260 M M 2 13 320
16 77 49 63 5 2 0 0.00 M M 3.1 13 310 M M 4 18 300
17 74 46 60 2 5 0 0.00 M M 1.5 9 320 M M 5 16 190
18 73 52 63 5 2 0 T M M 1.8 9 280 M M 7 14 210
19 69 56 63 6 2 0 0.00 M M 3.4 10 210 M M 8 21 210
20 68 59 64 7 1 0 0.01 M M 6.9 16 160 M M 7 1 28 190
21 70 57 64 7 1 0 0.40 M M 5.8 24 230 M M 7 13 33 230
22 65 55 60 3 5 0 0.09 M M 3.9 13 280 M M 7 13 17 220
23 65 52 59 2 6 0 T M M 3.7 12 230 M M 5 23 220
24 66 50 58 1 7 0 0.00 M M 3.5 13 300 M M 4 1 19 200
25 66 49 58 0 7 0 0.00 M M 2.7 13 300 M M 4 1 16 310
26 67 49 58 0 7 0 0.00 M M 2.3 13 310 M M 7 1 17 320
27 65 52 59 1 6 0 0.00 M M 3.2 14 280 M M 8 18 17 300
28 64 52 58 0 7 0 0.00 M M 3.5 14 280 M M 5 18 17 280
29 65 50 58 0 7 0 0.00 M M 2.1 9 280 M M 8 18 13 190
30 62 54 58 0 7 0 0.27 0.0 0 5.2 13 280 M M 7 1 18 240
31 61 53 57 -1 8 0 0.02 0.0 0 3.1 9 280 M M 8 1 15 170
================================================================================
SM 2119 1553 171 0 0.79 0.0 99.2 M 150
================================================================================
AV 68.4 50.1 3.2 FASTST M M 5 MAX(MPH)
MISC ----> 24 230 33 230
================================================================================
NOTES:
# LAST OF SEVERAL OCCURRENCES
COLUMN 17 PEAK WIND IN M.P.H.
PRELIMINARY LOCAL CLIMATOLOGICAL DATA (WS FORM: F-6) , PAGE 2
STATION: SAN DIEGO INTL AIRPORT CA
MONTH: DECEMBER
YEAR: 2023
LATITUDE: 32 43 N
LONGITUDE: 117 10 W
[TEMPERATURE DATA] [PRECIPITATION DATA] SYMBOLS USED IN COLUMN 16
AVERAGE MONTHLY: 59.2 TOTAL FOR MONTH: 0.79 1 = FOG OR MIST
DPTR FM NORMAL: 1.3 DPTR FM NORMAL: -0.88 2 = FOG REDUCING VISIBILITY
HIGHEST: 78 ON 5 GRTST 24HR 0.49 ON 21-22 TO 1/4 MILE OR LESS
LOWEST: 43 ON 10 3 = THUNDER
SNOW, ICE PELLETS, HAIL 4 = ICE PELLETS
TOTAL MONTH: 0.0 INCH 5 = HAIL
GRTST 24HR 0.0 6 = FREEZING RAIN OR DRIZZLE
GRTST DEPTH: 0 7 = DUSTSTORM OR SANDSTORM:
VSBY 1/2 MILE OR LESS
8 = SMOKE OR HAZE
[NO. OF DAYS WITH] [WEATHER - DAYS WITH] 9 = BLOWING SNOW
X = TORNADO
MAX 32 OR BELOW: 0 0.01 INCH OR MORE: 5
MAX 90 OR ABOVE: 0 0.10 INCH OR MORE: 2
MIN 32 OR BELOW: 0 0.50 INCH OR MORE: 0
MIN 0 OR BELOW: 0 1.00 INCH OR MORE: 0
[HDD (BASE 65) ]
TOTAL THIS MO. 171 CLEAR (SCALE 0-3) 8
DPTR FM NORMAL -50 PTCLDY (SCALE 4-7) 23
TOTAL FM JUL 1 267 CLOUDY (SCALE 8-10) 0
DPTR FM NORMAL -62
[CDD (BASE 65) ]
TOTAL THIS MO. 0
DPTR FM NORMAL -1 [PRESSURE DATA]
TOTAL FM JAN 1 707 HIGHEST SLP 30.26 ON 3
DPTR FM NORMAL -187 LOWEST SLP 29.84 ON 21
[REMARKS]
#FINAL-12-23#