000
CXUS56 KSGX 011145
CF6SAN
PRELIMINARY LOCAL CLIMATOLOGICAL DATA (WS FORM: F-6)
STATION: SAN DIEGO INTL AIRPORT CA
MONTH: NOVEMBER
YEAR: 2023
LATITUDE: 32 43 N
LONGITUDE: 117 10 W
TEMPERATURE IN F: :PCPN: SNOW: WIND :SUNSHINE: SKY :PK WND
================================================================================
1 2 3 4 5 6A 6B 7 8 9 10 11 12 13 14 15 16 17 18
12Z AVG MX 2MIN
DY MAX MIN AVG DEP HDD CDD WTR SNW DPTH SPD SPD DIR MIN PSBL S-S WX SPD DR
================================================================================
1 85 50 68 2 0 3 0.00 M M 1.7 12 320 M M 6 17 320
2 82 49 66 0 0 1 0.00 M M 2.5 13 280 M M 1 8 16 170
3 78 49 64 -1 1 0 0.00 M M 2.7 13 290 M M 1 1 16 290
4 76 49 63 -2 2 0 0.00 M M 3.1 13 320 M M 2 18 20 300
5 75 51 63 -2 2 0 0.00 M M 4.2 14 290 M M 2 128 19 300
6 70 55 63 -2 2 0 0.00 M M 3.5 9 270 M M 5 128 16 240
7 69 59 64 -1 1 0 0.00 M M 4.9 15 280 M M 7 1 26 200
8 70 53 62 -2 3 0 0.00 M M 3.8 14 300 M M 1 1 21 320
9 75 47 61 -3 4 0 0.00 M M 2.9 14 320 M M 1 19 300
10 76 44 60 -4 5 0 0.00 M M 2.5 10 290 M M 3 8 14 280
11 74 44 59 -5 6 0 0.00 M M 2.4 14 310 M M 0 19 300
12 80 47 64 0 1 0 0.00 M M 2.4 10 290 M M 1 15 260
13 75 48 62 -1 3 0 0.00 M M 1.8 9 280 M M 4 18 13 210
14 75 48 62 -1 3 0 0.00 M M 2.7 14 320 M M 4 19 320
15 69 54 62 -1 3 0 0.14 M M 3.7 24 190 M M 8 138 34 190
16 73 60 67 4 0 2 0.01 M M 2.5 8 290 M M 7 1 17 200
17 71 56 64 2 1 0 0.12 M M 2.2 8 200 M M 3 1 15 190
18 70 58 64 2 1 0 0.00 M M 4.1 12 230 M M 5 1 20 210
19 69 55 62 0 3 0 T M M 4.5 14 280 M M 5 18 19 190
20 74 51 63 1 2 0 0.00 M M 2.4 12 300 M M 0 15 310
21 78 48 63 1 2 0 0.00 M M 2.8 14 300 M M 1 19 300
22 78 50 64 3 1 0 0.00 M M 3.5 14 310 M M 4 19 320
23 68 51 60 -1 5 0 0.00 M M 7.0 16 170 M M 8 25 180
24 66 55 61 0 4 0 0.01 M M 5.9 12 240 M M 7 1 23 210
25 67 50 59 -2 6 0 0.00 M M 4.0 15 320 M M 1 20 320
26 71 46 59 -1 6 0 0.00 M M 2.8 9 360 M M 6 13 320
27 71 46 59 -1 6 0 0.00 M M 2.8 12 320 M M 6 16 300
28 69 49 59 -1 6 0 0.00 M M 2.4 12 300 M M 4 15 300
29 65 48 57 -3 8 0 0.13 M M 3.2 12 260 M M 7 1 16 210
30 64 55 60 0 5 0 0.20 M M 3.3 13 270 M M 8 1 22 210
================================================================================
SM 2183 1525 92 6 0.61 M 98.2 M 118
================================================================================
AV 72.8 50.8 3.3 FASTST M M 4 MAX(MPH)
MISC ----> 24 190 34 190
================================================================================
NOTES:
# LAST OF SEVERAL OCCURRENCES
COLUMN 17 PEAK WIND IN M.P.H.
PRELIMINARY LOCAL CLIMATOLOGICAL DATA (WS FORM: F-6) , PAGE 2
STATION: SAN DIEGO INTL AIRPORT CA
MONTH: NOVEMBER
YEAR: 2023
LATITUDE: 32 43 N
LONGITUDE: 117 10 W
[TEMPERATURE DATA] [PRECIPITATION DATA] SYMBOLS USED IN COLUMN 16
AVERAGE MONTHLY: 61.8 TOTAL FOR MONTH: 0.61 1 = FOG OR MIST
DPTR FM NORMAL: -0.9 DPTR FM NORMAL: -0.18 2 = FOG REDUCING VISIBILITY
HIGHEST: 85 ON 1 GRTST 24HR 0.26 ON 29-30 TO 1/4 MILE OR LESS
LOWEST: 44 ON 11,10 3 = THUNDER
SNOW, ICE PELLETS, HAIL 4 = ICE PELLETS
TOTAL MONTH: M 5 = HAIL
GRTST 24HR M ON M 6 = FREEZING RAIN OR DRIZZLE
GRTST DEPTH: M ON M 7 = DUSTSTORM OR SANDSTORM:
VSBY 1/2 MILE OR LESS
8 = SMOKE OR HAZE
[NO. OF DAYS WITH] [WEATHER - DAYS WITH] 9 = BLOWING SNOW
X = TORNADO
MAX 32 OR BELOW: 0 0.01 INCH OR MORE: 6
MAX 90 OR ABOVE: 0 0.10 INCH OR MORE: 4
MIN 32 OR BELOW: 0 0.50 INCH OR MORE: 0
MIN 0 OR BELOW: 0 1.00 INCH OR MORE: 0
[HDD (BASE 65) ]
TOTAL THIS MO. 92 CLEAR (SCALE 0-3) 11
DPTR FM NORMAL -1 PTCLDY (SCALE 4-7) 18
TOTAL FM JUL 1 96 CLOUDY (SCALE 8-10) 1
DPTR FM NORMAL -8
[CDD (BASE 65) ]
TOTAL THIS MO. 6
DPTR FM NORMAL -20 [PRESSURE DATA]
TOTAL FM JAN 1 707 HIGHEST SLP 30.27 ON 21
DPTR FM NORMAL -186 LOWEST SLP 29.83 ON 23
[REMARKS]
#FINAL-11-23#