000
CXUS52 KCHS 010803
CF6SAV
PRELIMINARY LOCAL CLIMATOLOGICAL DATA (WS FORM: F-6)
STATION: SAVANNAH GA
MONTH: MARCH
YEAR: 2020
LATITUDE: 32 7 N
LONGITUDE: 81 12 W
TEMPERATURE IN F: :PCPN: SNOW: WIND :SUNSHINE: SKY :PK WND
================================================================================
1 2 3 4 5 6A 6B 7 8 9 10 11 12 13 14 15 16 17 18
12Z AVG MX 2MIN
DY MAX MIN AVG DEP HDD CDD WTR SNW DPTH SPD SPD DIR MIN PSBL S-S WX SPD DR
================================================================================
1 68 32 50 -6 15 0 0.00 0.0 0 3.5 16 130 M M 2 19 140
2 77 42 60 4 5 0 0.00 0.0 0 8.5 23 190 M M 5 29 210
3 78 62 70 14 0 5 0.02 0.0 0 8.7 20 240 M M 9 26 220
4 68 60 64 7 1 0 2.83 0.0 0 6.6 20 300 M M 10 13 28 20
5 60 53 57 0 8 0 2.66 0.0 0 8.9 20 50 M M 10 13 27 30
6 68 49 59 2 6 0 0.00 0.0 0 16.3 33 300 M M 5 1 42 310
7 61 39 50 -7 15 0 0.00 0.0 0 8.3 20 340 M M 0 24 340
8 67 38 53 -5 12 0 0.00 0.0 0 5.9 14 110 M M 4 17 110
9 75 46 61 3 4 0 0.00 0.0 0 6.4 16 160 M M 5 1 20 150
10 78 55 67 9 0 2 0.00 0.0 0 5.8 15 190 M M 7 19 190
11 82 57 70 12 0 5 T 0.0 0 5.3 17 240 M M 6 23 240
12 84 59 72 14 0 7 0.01 0.0 0 6.8 17 170 M M 4 1 20 160
13 84 61 73 14 0 8 0.00 0.0 0 7.8 16 250 M M 4 19 250
14 80 61 71 12 0 6 0.00 0.0 0 7.3 18 120 M M 3 23 130
15 81 58 70 11 0 5 T 0.0 0 7.1 21 100 M M 6 12 25 100
16 69 58 64 5 1 0 0.00 0.0 0 8.9 15 80 M M 10 19 70
17 83 59 71 11 0 6 0.00 0.0 0 3.9 16 230 M M 8 19 230
18 80 61 71 11 0 6 0.00 0.0 0 7.5 17 110 M M 5 12 21 90
19 85 64 75 15 0 10 0.00 0.0 0 8.3 20 170 M M 2 1 23 160
20 88 68 78 18 0 13 0.00 0.0 0 9.7 20 170 M M 3 24 180
21 88 65 77 17 0 12 0.00 0.0 0 7.2 20 230 M M 4 24 230
22 72 61 67 6 0 2 0.00 0.0 0 8.4 17 80 M M 8 21 100
23 76 59 68 7 0 3 0.00 0.0 0 5.4 14 330 M M 9 18 17 340
24 86 65 76 15 0 11 0.00 0.0 0 8.3 18 220 M M 8 24 220
25 86 67 77 16 0 12 0.01 0.0 0 11.1 22 290 M M 4 29 280
26 74 60 67 6 0 2 0.00 0.0 0 9.9 20 110 M M 4 24 100
27 87 59 73 11 0 8 0.00 0.0 0 6.6 15 190 M M 3 1 20 200
28 90 65 78 16 0 13 0.00 0.0 0 9.4 18 230 M M 3 23 250
29 90 65 78 16 0 13 0.00 0.0 0 8.4 16 220 M M 3 21 220
30 87 63 75 13 0 10 0.00 0.0 0 5.9 14 310 M M 5 18 330
31 77 58 68 6 0 3 0.16 0.0 0 7.6 22 310 M M 7 1 31 320
================================================================================
SM 2429 1769 67 162 5.69 0.0 239.7 M 166
================================================================================
AV 78.4 57.1 7.7 FASTST M M 5 MAX(MPH)
MISC ----> # 33 300 # 42 310
================================================================================
NOTES:
# LAST OF SEVERAL OCCURRENCES
COLUMN 17 PEAK WIND IN M.P.H.
PRELIMINARY LOCAL CLIMATOLOGICAL DATA (WS FORM: F-6) , PAGE 2
STATION: SAVANNAH GA
MONTH: MARCH
YEAR: 2020
LATITUDE: 32 7 N
LONGITUDE: 81 12 W
[TEMPERATURE DATA] [PRECIPITATION DATA] SYMBOLS USED IN COLUMN 16
AVERAGE MONTHLY: 67.7 TOTAL FOR MONTH: 5.69 1 = FOG OR MIST
DPTR FM NORMAL: 8.5 DPTR FM NORMAL: 1.96 2 = FOG REDUCING VISIBILITY
HIGHEST: 90 ON 29,28 GRTST 24HR 2.83 ON 4- 4 TO 1/4 MILE OR LESS
LOWEST: 32 ON 1 3 = THUNDER
SNOW, ICE PELLETS, HAIL 4 = ICE PELLETS
TOTAL MONTH: 0.0 INCH 5 = HAIL
GRTST 24HR 0.0 6 = FREEZING RAIN OR DRIZZLE
GRTST DEPTH: 0 7 = DUSTSTORM OR SANDSTORM:
VSBY 1/2 MILE OR LESS
8 = SMOKE OR HAZE
[NO. OF DAYS WITH] [WEATHER - DAYS WITH] 9 = BLOWING SNOW
X = TORNADO
MAX 32 OR BELOW: 0 0.01 INCH OR MORE: 6
MAX 90 OR ABOVE: 2 0.10 INCH OR MORE: 3
MIN 32 OR BELOW: 1 0.50 INCH OR MORE: 2
MIN 0 OR BELOW: 0 1.00 INCH OR MORE: 2
[HDD (BASE 65) ]
TOTAL THIS MO. 67 CLEAR (SCALE 0-3) 6
DPTR FM NORMAL -143 PTCLDY (SCALE 4-7) 19
TOTAL FM JUL 1 1151 CLOUDY (SCALE 8-10) 6
DPTR FM NORMAL -576
[CDD (BASE 65) ]
TOTAL THIS MO. 162
DPTR FM NORMAL 130 [PRESSURE DATA]
TOTAL FM JAN 1 254 HIGHEST SLP 30.63 ON 8
DPTR FM NORMAL 212 LOWEST SLP 29.55 ON 31
[REMARKS]
#FINAL-03-20#