000
CXUS56 KLOX 011155
CF6SBA
PRELIMINARY LOCAL CLIMATOLOGICAL DATA (WS FORM: F-6)
STATION: SANTA BARBARA AIRPORT CA
MONTH: MARCH
YEAR: 2023
LATITUDE: 34 25 N
LONGITUDE: 119 50 W
TEMPERATURE IN F: :PCPN: SNOW: WIND :SUNSHINE: SKY :PK WND
================================================================================
1 2 3 4 5 6A 6B 7 8 9 10 11 12 13 14 15 16 17 18
12Z AVG MX 2MIN
DY MAX MIN AVG DEP HDD CDD WTR SNW DPTH SPD SPD DIR MIN PSBL S-S WX SPD DR
================================================================================
1 57 45 51 -4 14 0 0.21 M M 14.2 28 10 M M 6 13 42 330
2 62 39 51 -4 14 0 0.00 M M 4.7 13 270 M M 0 18 300
3 60 39 50 -5 15 0 0.00 M M 3.1 10 150 M M 0 13 130
4 61 43 52 -3 13 0 0.00 M M 6.4 20 270 M M 5 25 280
5 60 44 52 -3 13 0 0.12 M M 3.8 13 240 M M 9 18 17 240
6 59 40 50 -5 15 0 0.00 M M 5.5 18 270 M M 2 23 270
7 63 42 53 -3 12 0 0.00 M M 5.5 21 250 M M 1 27 250
8 64 40 52 -4 13 0 0.00 M M 4.8 21 240 M M 1 26 240
9 60 43 52 -4 13 0 0.12 M M 4.2 14 140 M M 5 1 17 140
10 58 51 55 -1 10 0 2.08 M M 6.0 13 60 M M 10 1 17 110
11 63 56 60 4 5 0 0.02 M M 1.9 10 170 M M 10 1 12 160
12 64 55 60 4 5 0 0.00 M M 4.6 16 260 M M 9 12 22 250
13 62 54 58 2 7 0 0.00 M M 4.3 10 250 M M 10 18 12 250
14 59 56 58 2 7 0 2.54 M M 11.3 18 90 M M 10 1 25 90
15 68 54 61 5 4 0 0.33 M M 6.4 17 320 M M 6 1 22 110
16 64 54 59 3 6 0 0.00 M M 5.2 13 250 M M 9 15 240
17 62 48 55 -1 10 0 0.00 M M 4.2 13 250 M M 2 18 17 250
18 67 44 56 0 9 0 0.00 M M 2.5 10 130 M M 1 12 130
19 61 55 58 2 7 0 0.05 M M 6.7 20 110 M M 10 1 27 120
20 61 52 57 1 8 0 0.28 M M 4.7 12 250 M M 8 1 15 250
21 60 49 55 -1 10 0 1.76 M M 10.7 30 110 M M 10 138 42 90
22 59 48 54 -2 11 0 0.43 M M 6.8 16 210 M M 9 1 22 200
23 64 49 57 1 8 0 T M M 9.6 22 280 M M 5 29 260
24 68 45 57 0 8 0 0.00 M M 9.9 24 330 M M 0 30 330
25 68 48 58 1 7 0 0.00 M M 8.4 18 310 M M 0 23 310
26 68 41 55 -2 10 0 0.00 M M 9.1 21 250 M M 0 28 260
27 67 40 54 -3 11 0 0.00 M M 4.7 14 250 M M 0 16 260
28 61 40 51 -6 14 0 0.37 M M 5.4 18 270 M M 3 18 24 260
29 59 47 53 -4 12 0 0.77 M M 7.0 18 240 M M 6 1 24 230
30 61 46 54 -3 11 0 0.17 M M 6.1 18 260 M M 4 1 21 280
31 61 43 52 -5 13 0 0.00 M M 4.5 13 70 M M 1 15 70
================================================================================
SM 1931 1450 315 0 9.25 M 192.2 M 152
================================================================================
AV 62.3 46.8 6.2 FASTST M M 5 MAX(MPH)
MISC ----> 30 110 # 42 330
================================================================================
NOTES:
# LAST OF SEVERAL OCCURRENCES
COLUMN 17 PEAK WIND IN M.P.H.
PRELIMINARY LOCAL CLIMATOLOGICAL DATA (WS FORM: F-6) , PAGE 2
STATION: SANTA BARBARA AIRPORT CA
MONTH: MARCH
YEAR: 2023
LATITUDE: 34 25 N
LONGITUDE: 119 50 W
[TEMPERATURE DATA] [PRECIPITATION DATA] SYMBOLS USED IN COLUMN 16
AVERAGE MONTHLY: 54.5 TOTAL FOR MONTH: 9.25 1 = FOG OR MIST
DPTR FM NORMAL: -1.6 DPTR FM NORMAL: 6.15 2 = FOG REDUCING VISIBILITY
HIGHEST: 68 ON 26,25 GRTST 24HR 2.83 ON 14-15 TO 1/4 MILE OR LESS
LOWEST: 39 ON 3, 2 3 = THUNDER
SNOW, ICE PELLETS, HAIL 4 = ICE PELLETS
TOTAL MONTH: M 5 = HAIL
GRTST 24HR M ON M 6 = FREEZING RAIN OR DRIZZLE
GRTST DEPTH: M ON M 7 = DUSTSTORM OR SANDSTORM:
VSBY 1/2 MILE OR LESS
8 = SMOKE OR HAZE
[NO. OF DAYS WITH] [WEATHER - DAYS WITH] 9 = BLOWING SNOW
X = TORNADO
MAX 32 OR BELOW: 0 0.01 INCH OR MORE: 14
MAX 90 OR ABOVE: 0 0.10 INCH OR MORE: 12
MIN 32 OR BELOW: 0 0.50 INCH OR MORE: 4
MIN 0 OR BELOW: 0 1.00 INCH OR MORE: 3
[HDD (BASE 65) ]
TOTAL THIS MO. 315 CLEAR (SCALE 0-3) 12
DPTR FM NORMAL 35 PTCLDY (SCALE 4-7) 9
TOTAL FM JUL 1 1829 CLOUDY (SCALE 8-10) 10
DPTR FM NORMAL 3
[CDD (BASE 65) ]
TOTAL THIS MO. 0
DPTR FM NORMAL -2 [PRESSURE DATA]
TOTAL FM JAN 1 0 HIGHEST SLP 30.28 ON 24
DPTR FM NORMAL -2 LOWEST SLP 29.54 ON 21
[REMARKS]
#FINAL-03-23#