000
CXUS53 KMKX 010810
CF6SBM
PRELIMINARY LOCAL CLIMATOLOGICAL DATA (WS FORM: F-6)
STATION: SHEBOYGAN WI
MONTH: JUNE
YEAR: 2023
LATITUDE: 43 46 N
LONGITUDE: 87 51 W
TEMPERATURE IN F: :PCPN: SNOW: WIND :SUNSHINE: SKY :PK WND
================================================================================
1 2 3 4 5 6A 6B 7 8 9 10 11 12 13 14 15 16 17 18
12Z AVG MX 2MIN
DY MAX MIN AVG DEP HDD CDD WTR SNW DPTH SPD SPD DIR MIN PSBL S-S WX SPD DR
================================================================================
1 86 57 72 12 0 7 0.00 M M 4.6 13 110 M M 0 18 18 130
2 86 57 72 12 0 7 0.00 M M 4.0 13 60 M M 0 18 18 70
3 87 56 72 11 0 7 0.00 M M 6.9 17 60 M M 1 8 22 40
4 79 54 67 6 0 2 0.00 M M 5.3 12 180 M M 3 8 17 140
5 86 52 69 7 0 4 0.00 M M 5.1 13 60 M M 1 8 16 50
6 73 52 63 1 2 0 T M M 10.7 24 50 M M 4 8 30 50
7 71 48 60 -2 5 0 0.00 M M 9.3 23 50 M M 0 30 50
8 73 41 57 -5 8 0 0.00 M M 4.9 20 60 M M 0 24 70
9 77 44 61 -2 4 0 0.00 M M 5.3 17 180 M M 0 22 180
10 78 53 66 3 0 1 0.16 M M 8.9 18 50 M M 4 1 23 60
11 57 44 51 -12 14 0 0.34 M M 11.5 21 40 M M 9 1 27 20
12 68 44 56 -8 9 0 0.00 M M 6.8 18 290 M M 6 26 280
13 61 47 54 -10 11 0 0.63 M M 7.4 15 350 M M 9 1 21 300
14 72 57 65 1 0 0 0.00 M M 4.1 10 120 M M 7 18 14 120
15 63 53 58 -7 7 0 T M M 8.5 18 20 M M 9 12 25 20
16 69 52 61 -4 4 0 0.00 M M 5.2 15 60 M M 6 18 18 50
17 79 49 64 -1 1 0 M M M 5.0 13 120 M M 0 18 M M
18 76 54 65 0 0 0 0.00 M M 4.6 13 170 M M 0 18 18 140
19 82 54 68 2 0 3 0.00 M M 3.6 14 60 M M 0 18 15 60
20 82 53 68 2 0 3 0.00 0.0 0 8.3 21 50 M M 0 18 26 50
21 86 57 72 6 0 7 0.00 0.0 0 4.8 14 80 M M 0 18 17 80
22 86 57 72 6 0 7 0.00 M M 5.1 14 60 M M 0 18 18 50
23 85 58 72 5 0 7 0.00 M M 3.9 14 70 M M 1 8 23 60
24 88 56 72 5 0 7 T M M 5.4 16 140 M M 0 18 24 140
25 76 67 72 5 0 7 0.90 M M 9.2 22 180 M M 7 138 31 170
26 70 64 67 0 0 2 0.10 M M 11.1 20 340 M M 10 18 30 320
27 77 56 67 -1 0 2 0.00 M M 7.8 16 340 M M 9 18 23 350
28 78 54 66 -2 0 1 0.00 M M 5.7 14 150 M M 5 18 20 160
29 85 63 74 6 0 9 0.00 M M 6.6 13 140 M M 8 138 20 170
30 89 63 76 8 0 11 0.00 M M 6.4 18 240 M M 1 18 26 260
================================================================================
SM 2325 1616 65 94 2.13 0.0 196.0 M 100
================================================================================
AV 77.5 53.9 6.5 FASTST M M 3 MAX(MPH)
MISC ----> 24 50 31 170
================================================================================
NOTES:
# LAST OF SEVERAL OCCURRENCES
COLUMN 17 PEAK WIND IN M.P.H.
PRELIMINARY LOCAL CLIMATOLOGICAL DATA (WS FORM: F-6) , PAGE 2
STATION: SHEBOYGAN WI
MONTH: JUNE
YEAR: 2023
LATITUDE: 43 46 N
LONGITUDE: 87 51 W
[TEMPERATURE DATA] [PRECIPITATION DATA] SYMBOLS USED IN COLUMN 16
AVERAGE MONTHLY: 65.7 TOTAL FOR MONTH: 2.13 1 = FOG OR MIST
DPTR FM NORMAL: 1.2 DPTR FM NORMAL: -1.64 2 = FOG REDUCING VISIBILITY
HIGHEST: 89 ON 30 GRTST 24HR 0.94 ON 25-26 TO 1/4 MILE OR LESS
LOWEST: 41 ON 8 3 = THUNDER
SNOW, ICE PELLETS, HAIL 4 = ICE PELLETS
TOTAL MONTH: 0.0 INCH 5 = HAIL
GRTST 24HR 0.0 6 = FREEZING RAIN OR DRIZZLE
GRTST DEPTH: 0 7 = DUSTSTORM OR SANDSTORM:
VSBY 1/2 MILE OR LESS
8 = SMOKE OR HAZE
[NO. OF DAYS WITH] [WEATHER - DAYS WITH] 9 = BLOWING SNOW
X = TORNADO
MAX 32 OR BELOW: 0 0.01 INCH OR MORE: 5
MAX 90 OR ABOVE: 0 0.10 INCH OR MORE: 5
MIN 32 OR BELOW: 0 0.50 INCH OR MORE: 2
MIN 0 OR BELOW: 0 1.00 INCH OR MORE: 0
[HDD (BASE 65) ]
TOTAL THIS MO. 65 CLEAR (SCALE 0-3) 17
DPTR FM NORMAL -28 PTCLDY (SCALE 4-7) 8
TOTAL FM JUL 1 6700 CLOUDY (SCALE 8-10) 5
DPTR FM NORMAL -871
[CDD (BASE 65) ]
TOTAL THIS MO. 94
DPTR FM NORMAL 16 [PRESSURE DATA]
TOTAL FM JAN 1 114 HIGHEST SLP M ON M
DPTR FM NORMAL 23 LOWEST SLP 29.48 ON 25
[REMARKS]
#FINAL-06-23#