000
CXUS51 KAKQ 010710
CF6SBY
PRELIMINARY LOCAL CLIMATOLOGICAL DATA (WS FORM: F-6)
STATION: SALISBURY MD
MONTH: AUGUST
YEAR: 2023
LATITUDE: 38 20 N
LONGITUDE: 75 30 W
TEMPERATURE IN F: :PCPN: SNOW: WIND :SUNSHINE: SKY :PK WND
================================================================================
1 2 3 4 5 6A 6B 7 8 9 10 11 12 13 14 15 16 17 18
12Z AVG MX 2MIN
DY MAX MIN AVG DEP HDD CDD WTR SNW DPTH SPD SPD DIR MIN PSBL S-S WX SPD DR
================================================================================
1 82 64 73 -4 0 8 0.00 0.0 0 3.5 12 40 M M 1 1 15 40
2 84 59 72 -5 0 7 0.00 0.0 0 3.5 13 120 M M 1 15 130
3 82 62 72 -5 0 7 0.04 0.0 0 4.6 15 180 M M 6 19 160
4 75 68 72 -5 0 7 0.01 0.0 0 5.9 18 180 M M 10 1 24 180
5 86 69 78 1 0 13 0.00 0.0 0 5.1 13 40 M M 6 12 17 50
6 88 66 77 0 0 12 T 0.0 0 4.6 14 140 M M 4 12 19 140
7 90 70 80 3 0 15 1.06 0.0 0 9.3 25 320 M M 6 13 32 320
8 84 72 78 1 0 13 0.00 0.0 0 9.8 23 260 M M 1 30 300
9 87 69 78 1 0 13 0.00 0.0 0 6.8 15 260 M M 0 20 260
10 85 70 78 1 0 13 T 0.0 0 8.6 18 200 M M 2 138 26 240
11 87 69 78 2 0 13 0.00 0.0 0 6.0 14 220 M M 1 17 220
12 91 69 80 4 0 15 0.00 0.0 0 6.2 14 200 M M 1 1 17 210
13 92 76 84 8 0 19 0.00 0.0 0 5.7 15 330 M M 3 19 330
14 90 74 82 6 0 17 0.56 0.0 0 6.5 22 120 M M 4 13 26 110
15 93 77 85 9 0 20 0.03 0.0 0 7.1 16 250 M M 3 13 20 230
16 89 71 80 4 0 15 0.00 0.0 0 4.1 13 340 M M 2 1 17 360
17 89 69 79 3 0 14 0.00 0.0 0 4.6 13 160 M M 5 12 16 160
18 85 68 77 1 0 12 0.05 0.0 0 6.7 20 310 M M 3 1 27 320
19 82 62 72 -4 0 7 0.00 0.0 0 5.3 15 270 M M 2 19 310
20 88 59 74 -2 0 9 T 0.0 0 4.8 15 190 M M 0 19 240
21 93 68 81 6 0 16 0.00 0.0 0 2.7 10 320 M M 2 12 14 280
22 82 61 72 -3 0 7 0.00 0.0 0 5.9 17 60 M M 3 22 60
23 83 59 71 -4 0 6 0.00 0.0 0 3.4 15 110 M M 4 17 110
24 82 68 75 0 0 10 0.01 0.0 0 4.6 12 190 M M 8 15 190
25 89 72 81 6 0 16 0.00 0.0 0 9.6 23 170 M M 3 3 29 190
26 93 72 83 8 0 18 T 0.0 0 4.3 15 10 M M 7 13 20 10
27 87 70 79 4 0 14 T 0.0 0 4.9 13 100 M M 6 1 16 100
28 80 71 76 2 0 11 0.07 0.0 0 7.6 16 100 M M 7 1 21 100
29 84 73 79 5 0 14 0.19 0.0 0 6.4 12 100 M M 10 1 13 40
30 88 71 80 6 0 15 0.00 0.0 0 5.8 16 270 M M 5 12 21 280
31 76 57 67 -7 0 2 0.00 0.0 0 8.3 22 40 M M 3 27 40
================================================================================
SM 2666 2105 0 378 2.02 0.0 182.2 M 119
================================================================================
AV 86.0 67.9 5.9 FASTST M M 4 MAX(MPH)
MISC ----> 25 320 32 320
================================================================================
NOTES:
# LAST OF SEVERAL OCCURRENCES
COLUMN 17 PEAK WIND IN M.P.H.
PRELIMINARY LOCAL CLIMATOLOGICAL DATA (WS FORM: F-6) , PAGE 2
STATION: SALISBURY MD
MONTH: AUGUST
YEAR: 2023
LATITUDE: 38 20 N
LONGITUDE: 75 30 W
[TEMPERATURE DATA] [PRECIPITATION DATA] SYMBOLS USED IN COLUMN 16
AVERAGE MONTHLY: 77.0 TOTAL FOR MONTH: 2.02 1 = FOG OR MIST
DPTR FM NORMAL: 1.2 DPTR FM NORMAL: -3.25 2 = FOG REDUCING VISIBILITY
HIGHEST: 93 ON 26,21 GRTST 24HR 1.06 ON 7- 7 TO 1/4 MILE OR LESS
LOWEST: 57 ON 31 3 = THUNDER
SNOW, ICE PELLETS, HAIL 4 = ICE PELLETS
TOTAL MONTH: 0.0 INCH 5 = HAIL
GRTST 24HR 0.0 6 = FREEZING RAIN OR DRIZZLE
GRTST DEPTH: 0 7 = DUSTSTORM OR SANDSTORM:
VSBY 1/2 MILE OR LESS
8 = SMOKE OR HAZE
[NO. OF DAYS WITH] [WEATHER - DAYS WITH] 9 = BLOWING SNOW
X = TORNADO
MAX 32 OR BELOW: 0 0.01 INCH OR MORE: 9
MAX 90 OR ABOVE: 7 0.10 INCH OR MORE: 3
MIN 32 OR BELOW: 0 0.50 INCH OR MORE: 2
MIN 0 OR BELOW: 0 1.00 INCH OR MORE: 1
[HDD (BASE 65) ]
TOTAL THIS MO. 0 CLEAR (SCALE 0-3) 16
DPTR FM NORMAL 0 PTCLDY (SCALE 4-7) 13
TOTAL FM JUL 1 0 CLOUDY (SCALE 8-10) 2
DPTR FM NORMAL 0
[CDD (BASE 65) ]
TOTAL THIS MO. 378
DPTR FM NORMAL 41 [PRESSURE DATA]
TOTAL FM JAN 1 1111 HIGHEST SLP M ON M
DPTR FM NORMAL 18 LOWEST SLP 29.64 ON 10
[REMARKS]
#FINAL-08-23#