000
CXUS51 KAKQ 030106
CLMSBY
CLIMATE REPORT
NATIONAL WEATHER SERVICE WAKEFIELD VA
906 PM EDT SUN APR 02 2023
...................................
...THE SALISBURY MD CLIMATE SUMMARY FOR THE MONTH OF MARCH 2023...
CLIMATE NORMAL PERIOD: 1991 TO 2020
CLIMATE RECORD PERIOD: 1900 TO 2023
WEATHER OBSERVED NORMAL DEPART LAST YEAR`S
VALUE DATE(S) VALUE FROM VALUE DATE(S)
NORMAL
................................................................
TEMPERATURE (F)
RECORD
HIGH 93 03/29/1907
LOW 1 03/04/2009
03/03/2009
03/09/1911
HIGHEST 76 03/23 77 -1 79 03/07
LOWEST 22 03/20 19 3 23 03/13
AVG. MAXIMUM 58.3 55.3 3.0 60.6
AVG. MINIMUM 35.3 35.2 0.1 38.9
MEAN 46.8 45.3 1.5 49.8
DAYS MAX >= 90 0 0.0 0.0 0
DAYS MAX <= 32 0 0.0 0.0 0
DAYS MIN <= 32 11 14.2 -3.2 10
DAYS MIN <= 0 0 0.0 0.0 0
PRECIPITATION (INCHES)
RECORD
MAXIMUM 9.29 1994
MINIMUM 0.15 2006
TOTALS 1.36 4.17 -2.81 3.61
DAILY AVG. 0.04 0.13 -0.09 0.12
DAYS >= .01 10 11.5 -1.5 9
DAYS >= .10 5 6.9 -1.9 7
DAYS >= .50 0 2.8 -2.8 3
DAYS >= 1.00 0 0.9 -0.9 1
GREATEST
24 HR. TOTAL 0.49 03/03 TO 03/04
SNOWFALL (INCHES)
RECORDS
TOTAL 21.5 1914
TOTALS T
SINCE 7/1 T 7.8 -7.8 MM
SNOWDEPTH AVG. 0 -1
DAYS >= 1.0 0 0.0 0.0 0
GREATEST
SNOW DEPTH 0 MM 03/25
03/31
03/13
24 HR TOTAL MM 0.1 03/12 TO 03/12
DEGREE DAYS
HEATING TOTAL 557 614 -57 474
SINCE 7/1 3190 3751 -561 MM
COOLING TOTAL 0 2 -2 8
SINCE 1/1 1 2 -1 MM
................................................................
WIND (MPH)
AVERAGE WIND SPEED 8.7
HIGHEST WIND SPEED/DIRECTION 32/300 DATE 03/04
32/320 03/15
HIGHEST GUST SPEED/DIRECTION 46/280 DATE 03/14
SKY COVER
POSSIBLE SUNSHINE (PERCENT) MM
AVERAGE SKY COVER 0.29
AVERAGE RH (PERCENT) 65
WEATHER CONDITIONS. NUMBER OF DAYS WITH
THUNDERSTORM 2 MIXED PRECIP 0
HEAVY RAIN 2 RAIN 2
LIGHT RAIN 13 FREEZING RAIN 0
LT FREEZING RAIN 0 HAIL 0
HEAVY SNOW 0 SNOW 0
LIGHT SNOW 2 SLEET 0
FOG 12 FOG W/VIS <= 1/4 MILE 1
HAZE 2
- INDICATES NEGATIVE NUMBERS.
R INDICATES RECORD WAS SET OR TIED.
MM INDICATES DATA IS MISSING.
T INDICATES TRACE AMOUNT.
$$