000
CXUS56 KSTO 070452
CF6SCK
PRELIMINARY LOCAL CLIMATOLOGICAL DATA (WS FORM: F-6)
STATION: STOCKTON AIRPORT CA
MONTH: APRIL
YEAR: 2022
LATITUDE: 37 54 N
LONGITUDE: 121 15 W
TEMPERATURE IN F: :PCPN: SNOW: WIND :SUNSHINE: SKY :PK WND
================================================================================
1 2 3 4 5 6A 6B 7 8 9 10 11 12 13 14 15 16 17 18
12Z AVG MX 2MIN
DY MAX MIN AVG DEP HDD CDD WTR SNW DPTH SPD SPD DIR MIN PSBL S-S WX SPD DR
================================================================================
1 79 45 62 4 3 0 0.00 0.0 M 5.0 14 300 M M 0 18 320
2 81 45 63 5 2 0 0.00 0.0 M 7.9 16 320 M M 0 21 310
3 84 47 66 8 0 1 0.00 M M 12.3 24 260 M M 0 31 270
4 76 48 62 3 3 0 0.00 M M 11.3 21 270 M M 0 30 310
5 76 50 63 4 2 0 0.00 0.0 M 13.4 22 330 M M 0 29 330
6 85 45 65 6 0 0 0.00 0.0 M 5.6 12 310 M M 0 21 330
7 91 54 73 14 0 8 0.00 0.0 M 5.5 12 290 M M 0 19 290
8 94 53 74 15 0 9 0.00 M M 6.9 18 270 M M 0 23 320
9 80 53 67 7 0 2 0.00 M M 17.9 31 330 M M 0 38 330
10 75 51 63 3 2 0 0.00 0.0 M 16.9 26 330 M M 0 33 340
11 65 44 55 -5 10 0 0.04 M M 16.5 31 270 M M 4 18 38 270
12 64 36 50 -10 15 0 0.00 0.0 M 10.4 18 300 M M 1 25 310
13 65 39 52 -8 13 0 T 0.0 M 6.7 16 260 M M 3 28 330
14 64 51 58 -2 7 0 T 0.0 M 5.4 17 260 M M 10 1 21 250
15 75 50 63 2 2 0 0.02 0.0 M 6.3 18 290 M M 4 1 29 290
16 73 47 60 -1 5 0 0.10 0.0 M 8.5 18 270 M M 7 1 34 190
17 76 42 59 -2 6 0 0.00 0.0 M 7.2 20 300 M M 0 22 300
18 75 41 58 -3 7 0 0.00 M M 8.7 20 270 M M 2 23 260
19 70 49 60 -2 5 0 0.01 M M 7.2 18 300 M M 5 1 81 210
20 75 44 60 -2 5 0 T 0.0 M 6.2 20 260 M M 3 23 280
21 66 52 59 -3 6 0 0.53 0.0 M 7.7 20 260 M M 8 18 25 140
22 70 46 58 -4 7 0 0.01 0.0 M 6.6 16 280 M M 4 23 310
23 78 44 61 -1 4 0 0.00 0.0 M 10.7 21 300 M M 0 29 310
24 83 45 64 1 1 0 0.00 0.0 M 6.4 15 300 M M 0 21 310
25 84 47 66 3 0 1 0.00 0.0 M 6.6 17 260 M M 0 21 270
26 77 51 64 1 1 0 0.00 M M 11.5 21 250 M M 0 24 260
27 78 44 61 -2 4 0 0.00 M M 10.8 22 270 M M 0 27 260
28 72 48 60 -4 5 0 0.00 M M 14.9 23 250 M M 0 29 250
29 79 45 62 -2 3 0 0.00 M M 9.8 20 330 M M 0 28 300
30 83 44 64 0 1 0 0.00 0.0 M 11.9 31 250 M M 0 8 37 250
================================================================================
SM 2293 1400 119 21 0.71 0.0 282.7 M 51
================================================================================
AV 76.4 46.7 9.4 FASTST M M 2 MAX(MPH)
MISC ----> # 31 330 81 210
================================================================================
NOTES:
# LAST OF SEVERAL OCCURRENCES
COLUMN 17 PEAK WIND IN M.P.H.
PRELIMINARY LOCAL CLIMATOLOGICAL DATA (WS FORM: F-6) , PAGE 2
STATION: STOCKTON AIRPORT CA
MONTH: APRIL
YEAR: 2022
LATITUDE: 37 54 N
LONGITUDE: 121 15 W
[TEMPERATURE DATA] [PRECIPITATION DATA] SYMBOLS USED IN COLUMN 16
AVERAGE MONTHLY: 61.6 TOTAL FOR MONTH: 0.71 1 = FOG OR MIST
DPTR FM NORMAL: 0.7 DPTR FM NORMAL: -0.40 2 = FOG REDUCING VISIBILITY
HIGHEST: 94 ON 8 GRTST 24HR 0.53 ON 20-21 TO 1/4 MILE OR LESS
LOWEST: 36 ON 12 3 = THUNDER
SNOW, ICE PELLETS, HAIL 4 = ICE PELLETS
TOTAL MONTH: 0.0 INCH 5 = HAIL
GRTST 24HR 0.0 6 = FREEZING RAIN OR DRIZZLE
GRTST DEPTH: M ON M 7 = DUSTSTORM OR SANDSTORM:
VSBY 1/2 MILE OR LESS
8 = SMOKE OR HAZE
[NO. OF DAYS WITH] [WEATHER - DAYS WITH] 9 = BLOWING SNOW
X = TORNADO
MAX 32 OR BELOW: 0 0.01 INCH OR MORE: 6
MAX 90 OR ABOVE: 2 0.10 INCH OR MORE: 2
MIN 32 OR BELOW: 0 0.50 INCH OR MORE: 1
MIN 0 OR BELOW: 0 1.00 INCH OR MORE: 0
[HDD (BASE 65) ]
TOTAL THIS MO. 119 CLEAR (SCALE 0-3) 22
DPTR FM NORMAL -27 PTCLDY (SCALE 4-7) 6
TOTAL FM JUL 1 2217 CLOUDY (SCALE 8-10) 2
DPTR FM NORMAL 2
[CDD (BASE 65) ]
TOTAL THIS MO. 21
DPTR FM NORMAL -3 [PRESSURE DATA]
TOTAL FM JAN 1 26 HIGHEST SLP 30.27 ON 13
DPTR FM NORMAL 1 LOWEST SLP 29.85 ON 20
[REMARKS]
#FINAL-04-22#