717
CXUS56 KSTO 131751
CF6SCK
PRELIMINARY LOCAL CLIMATOLOGICAL DATA (WS FORM: F-6)
STATION: STOCKTON AIRPORT CA
MONTH: NOVEMBER
YEAR: 2020
LATITUDE: 37 54 N
LONGITUDE: 121 15 W
TEMPERATURE IN F: :PCPN: SNOW: WIND :SUNSHINE: SKY :PK WND
================================================================================
1 2 3 4 5 6A 6B 7 8 9 10 11 12 13 14 15 16 17 18
12Z AVG MX 2MIN
DY MAX MIN AVG DEP HDD CDD WTR SNW DPTH SPD SPD DIR MIN PSBL S-S WX SPD DR
================================================================================
1 82 42 62 4 3 0 0.00 0.0 0 1.8 9 310 M M 0 8 14 280
2 83 42 63 5 2 0 0.00 0.0 0 2.6 8 80 M M 0 8 22 320
3 81 46 64 7 1 0 0.00 0.0 0 4.6 14 330 M M 0 8 17 320
4 80 40 60 3 5 0 0.00 0.0 0 4.6 13 320 M M 0 15 300
5 84 45 65 8 0 0 0.00 0.0 0 2.6 10 160 M M 0 12 150
6 66 47 57 1 8 0 T 0.0 0 13.2 26 280 M M 2 35 270
7 64 43 54 -2 11 0 0.00 0.0 0 6.3 15 250 M M 4 19 300
8 61 39 50 -6 15 0 T M 0 12.3 24 290 M M 2 29 300
9 59 32 46 -9 19 0 0.00 0.0 0 4.4 13 300 M M 0 14 300
10 65 32 49 -6 16 0 0.00 0.0 0 2.6 9 140 M M 0 8 15 310
11 61 42 52 -2 13 0 0.00 0.0 0 3.1 9 300 M M 5 13 320
12 65 34 50 -4 15 0 0.00 0.0 0 1.9 8 290 M M 1 128 14 280
13 65 41 53 -1 12 0 T 0.0 0 5.0 17 150 M M 6 8 19 150
14 62 40 51 -2 14 0 0.00 0.0 0 4.9 15 290 M M 4 128 17 300
15 70 37 54 1 11 0 0.00 0.0 0 2.5 8 330 M M 4 12 15 270
16 71 38 55 2 10 0 0.00 0.0 0 4.8 15 130 M M 0 18 19 130
17 69 53 61 9 4 0 0.07 0.0 0 8.1 20 300 M M 4 18 23 140
18 68 46 57 5 8 0 0.02 0.0 0 8.4 18 160 M M 6 1 24 110
19 65 39 52 0 13 0 T 0.0 0 7.7 17 320 M M 3 128 26 220
20 65 38 52 1 13 0 0.00 0.0 0 3.8 8 290 M M 0 16 290
21 64 33 49 -2 16 0 0.00 0.0 0 1.2 7 310 M M 0 10 110
22 65 32 49 -2 16 0 0.00 0.0 0 2.7 9 310 M M 1 128 14 280
23 66 42 54 4 11 0 0.00 0.0 0 6.2 17 300 M M 2 8 22 280
24 67 37 52 2 13 0 0.00 0.0 0 2.7 8 350 M M 0 18 12 340
25 64 38 51 1 14 0 0.00 0.0 0 9.0 24 330 M M 0 18 29 320
26 68 37 53 4 12 0 0.00 0.0 0 11.5 25 350 M M 0 31 350
27 64 30 47 -2 18 0 0.00 0.0 0 3.5 12 190 M M 0 19 180
28 64 29 47 -2 18 0 0.00 0.0 0 3.4 8 310 M M 0 8 19 290
29 68 30 49 1 16 0 0.00 0.0 0 2.4 9 100 M M 0 8 30 330
30 67 33 50 2 15 0 0.00 0.0 0 3.8 13 310 M M 0 8 24 280
================================================================================
SM 2043 1157 342 0 0.09 0.0 151.6 M 44
================================================================================
AV 68.1 38.6 5.1 FASTST M M 1 MAX(MPH)
MISC ----> # 26 280 # 35 270
================================================================================
NOTES:
# LAST OF SEVERAL OCCURRENCES
COLUMN 17 PEAK WIND IN M.P.H.
PRELIMINARY LOCAL CLIMATOLOGICAL DATA (WS FORM: F-6) , PAGE 2
STATION: STOCKTON AIRPORT CA
MONTH: NOVEMBER
YEAR: 2020
LATITUDE: 37 54 N
LONGITUDE: 121 15 W
[TEMPERATURE DATA] [PRECIPITATION DATA] SYMBOLS USED IN COLUMN 16
AVERAGE MONTHLY: 53.3 TOTAL FOR MONTH: 0.09 1 = FOG OR MIST
DPTR FM NORMAL: 0.3 DPTR FM NORMAL: -1.60 2 = FOG REDUCING VISIBILITY
HIGHEST: 84 ON 5 GRTST 24HR 0.07 ON 17-17 TO 1/4 MILE OR LESS
LOWEST: 29 ON 28 3 = THUNDER
SNOW, ICE PELLETS, HAIL 4 = ICE PELLETS
TOTAL MONTH: 0.0 INCH 5 = HAIL
GRTST 24HR 0.0 6 = FREEZING RAIN OR DRIZZLE
GRTST DEPTH: 0 7 = DUSTSTORM OR SANDSTORM:
VSBY 1/2 MILE OR LESS
8 = SMOKE OR HAZE
[NO. OF DAYS WITH] [WEATHER - DAYS WITH] 9 = BLOWING SNOW
X = TORNADO
MAX 32 OR BELOW: 0 0.01 INCH OR MORE: 2
MAX 90 OR ABOVE: 0 0.10 INCH OR MORE: 0
MIN 32 OR BELOW: 6 0.50 INCH OR MORE: 0
MIN 0 OR BELOW: 0 1.00 INCH OR MORE: 0
[HDD (BASE 65) ]
TOTAL THIS MO. 342 CLEAR (SCALE 0-3) 23
DPTR FM NORMAL -18 PTCLDY (SCALE 4-7) 7
TOTAL FM JUL 1 377 CLOUDY (SCALE 8-10) 0
DPTR FM NORMAL -80
[CDD (BASE 65) ]
TOTAL THIS MO. 0
DPTR FM NORMAL 0 [PRESSURE DATA]
TOTAL FM JAN 1 2083 HIGHEST SLP 30.31 ON 30
DPTR FM NORMAL 763 LOWEST SLP 29.65 ON 7
[REMARKS]
#FINAL-11-20#