000
CXUS56 KLOX 011814
CF6SDB
PRELIMINARY LOCAL CLIMATOLOGICAL DATA (WS FORM: F-6)
STATION: SANDBERG CA
MONTH: DECEMBER
YEAR: 2020
LATITUDE: 34 45 N
LONGITUDE: 118 44 W
TEMPERATURE IN F: :PCPN: SNOW: WIND :SUNSHINE: SKY :PK WND
================================================================================
1 2 3 4 5 6A 6B 7 8 9 10 11 12 13 14 15 16 17 18
12Z AVG MX 2MIN
DY MAX MIN AVG DEP HDD CDD WTR SNW DPTH SPD SPD DIR MIN PSBL S-S WX SPD DR
================================================================================
1 63 48 56 12 9 0 0.00 0.0 0 16.1 29 340 M M 0 57 10
2 59 40 50 6 15 0 0.00 0.0 0 21.6 35 70 M M 0 44 50
3 51 37 44 0 21 0 0.00 0.0 0 20.9 39 60 M M 0 49 70
4 58 41 50 7 15 0 0.00 0.0 0 13.6 21 60 M M 0 27 50
5 60 47 54 11 11 0 0.00 0.0 0 12.3 18 60 M M 0 23 60
6 64 45 55 12 10 0 0.00 0.0 0 8.5 23 70 M M 0 30 80
7 55 45 50 7 15 0 0.00 0.0 0 27.3 40 70 M M 3 53 80
8 60 43 52 9 13 0 0.00 0.0 0 20.1 35 60 M M 0 44 70
9 66 50 58 16 7 0 0.00 0.0 0 12.5 23 70 M M 0 28 70
10 60 43 52 10 13 0 0.00 M M 10.2 26 320 M M 0 36 320
11 58 40 49 7 16 0 0.00 M M 15.5 28 300 M M 0 40 280
12 49 37 43 1 22 0 0.07 M M 17.5 37 300 M M 9 12 52 300
13 52 38 45 3 20 0 0.00 M M 12.6 22 70 M M 1 31 70
14 46 34 40 -2 25 0 0.02 M M 21.1 45 310 M M 8 12 52 310
15 49 33 41 -1 24 0 0.00 M M 14.1 22 320 M M 0 30 60
16 57 41 49 7 16 0 0.00 M M 9.4 13 50 M M 0 M M
17 54 38 46 4 19 0 T M M 13.9 32 310 M M 4 12 45 300
18 51 36 44 2 21 0 0.00 M M 15.7 23 330 M M 0 1 35 50
19 59 39 49 7 16 0 0.00 M M 11.7 17 330 M M 0 20 40
20 65 46 56 14 9 0 0.00 M M 12.7 16 50 M M 0 23 50
21 67 53 60 18 5 0 0.00 M M 10.4 20 60 M M 0 M M
22 61 47 54 12 11 0 0.00 M M 10.8 17 300 M M 0 25 330
23 51 41 46 4 19 0 T M M 27.7 36 70 M M 0 51 70
24 43 38 41 -1 24 0 T M M 24.5 37 70 M M 3 52 60
25 60 39 50 8 15 0 0.00 M M 8.1 16 50 M M 0 23 50
26 54 40 47 5 18 0 0.00 M M 13.9 30 330 M M 3 12 36 340
27 51 39 45 3 20 0 0.04 M M 13.0 25 180 M M 7 128 38 170
28 39 32 36 -6 29 0 0.41 M M 11.3 25 180 M M 10 12 39 180
29 41 35 38 -4 27 0 T M M 12.1 28 330 M M 7 12 39 340
30 54 38 46 4 19 0 0.00 M M 13.6 36 330 M M 0 55 330
31 48 34 41 -1 24 0 T M M 17.8 40 330 M M 4 12 53 330
================================================================================
SM 1705 1257 528 0 0.54 0.0 470.5 M 59
================================================================================
AV 55.0 40.5 15.2 FASTST M M 2 MAX(MPH)
MISC ----> 45 310 57 10
================================================================================
NOTES:
# LAST OF SEVERAL OCCURRENCES
COLUMN 17 PEAK WIND IN M.P.H.
PRELIMINARY LOCAL CLIMATOLOGICAL DATA (WS FORM: F-6) , PAGE 2
STATION: SANDBERG CA
MONTH: DECEMBER
YEAR: 2020
LATITUDE: 34 45 N
LONGITUDE: 118 44 W
[TEMPERATURE DATA] [PRECIPITATION DATA] SYMBOLS USED IN COLUMN 16
AVERAGE MONTHLY: 47.8 TOTAL FOR MONTH: 0.54 1 = FOG OR MIST
DPTR FM NORMAL: 5.5 DPTR FM NORMAL: -1.71 2 = FOG REDUCING VISIBILITY
HIGHEST: 67 ON 21 GRTST 24HR 0.41 ON 28-28 TO 1/4 MILE OR LESS
LOWEST: 32 ON 28 3 = THUNDER
SNOW, ICE PELLETS, HAIL 4 = ICE PELLETS
TOTAL MONTH: 0.0 INCH 5 = HAIL
GRTST 24HR 0.0 6 = FREEZING RAIN OR DRIZZLE
GRTST DEPTH: 0 7 = DUSTSTORM OR SANDSTORM:
VSBY 1/2 MILE OR LESS
8 = SMOKE OR HAZE
[NO. OF DAYS WITH] [WEATHER - DAYS WITH] 9 = BLOWING SNOW
X = TORNADO
MAX 32 OR BELOW: 0 0.01 INCH OR MORE: 4
MAX 90 OR ABOVE: 0 0.10 INCH OR MORE: 1
MIN 32 OR BELOW: 1 0.50 INCH OR MORE: 0
MIN 0 OR BELOW: 0 1.00 INCH OR MORE: 0
[HDD (BASE 65) ]
TOTAL THIS MO. 528 CLEAR (SCALE 0-3) 22
DPTR FM NORMAL -174 PTCLDY (SCALE 4-7) 6
TOTAL FM JUL 1 948 CLOUDY (SCALE 8-10) 3
DPTR FM NORMAL -532
[CDD (BASE 65) ]
TOTAL THIS MO. 0
DPTR FM NORMAL 0 [PRESSURE DATA]
TOTAL FM JAN 1 1679 HIGHEST SLP M ON M
DPTR FM NORMAL 681 LOWEST SLP 29.91 ON 9
[REMARKS]
#FINAL-12-20#