000
CXUS56 KLOX 011630
CLMSDB
CLIMATE REPORT
NATIONAL WEATHER SERVICE LOS ANGELES/OXNARD
930 AM PDT SUN OCT 01 2023
...................................
...THE SANDBERG CA CLIMATE SUMMARY FOR THE MONTH OF SEPTEMBER 2023...
CLIMATE NORMAL PERIOD: 1991 TO 2020
CLIMATE RECORD PERIOD: 1934 TO 2023
WEATHER OBSERVED NORMAL DEPART LAST YEAR`S
VALUE DATE(S) VALUE FROM VALUE
NORMAL
..............................................................
TEMPERATURE (F)
HIGHEST 87 09/09
LOWEST 45 09/30
AVG. MAXIMUM 74.6 82.7 -8.1
AVG. MINIMUM 57.5 61.2 -3.7
MEAN 66.1 72.0 -5.9
DAYS MAX >= 90 0
DAYS MAX <= 32 0
DAYS MIN <= 32 0
DAYS MIN <= 0 0
PRECIPITATION (INCHES)
TOTALS 0.34 0.13 0.21
DAILY AVG. 0.01
DAYS >= .01 3
DAYS >= .10 1
DAYS >= .50 0
DAYS >= 1.00 0
GREATEST
24 HR. TOTAL 0.30 09/02 TO 09/02
DEGREE DAYS
HEATING TOTAL 62 36 26 36
SINCE 7/1 70 41 29 MM
COOLING TOTAL 99 245 -146 299
SINCE 1/1 1047 1210 -163 MM
..............................................................
WIND (MPH)
AVERAGE WIND SPEED 12.1
HIGHEST WIND SPEED/DIRECTION 35/320 DATE 09/27
HIGHEST GUST SPEED/DIRECTION 46/190 DATE 09/01
SKY COVER
POSSIBLE SUNSHINE (PERCENT) MM
AVERAGE SKY COVER 0.19
NUMBER OF DAYS FAIR 24
NUMBER OF DAYS PC 2
NUMBER OF DAYS CLOUDY 4
AVERAGE RH (PERCENT) 58
WEATHER CONDITIONS. NUMBER OF DAYS WITH
THUNDERSTORM 0 MIXED PRECIP 0
HEAVY RAIN 0 RAIN 0
LIGHT RAIN 4 FREEZING RAIN 0
LT FREEZING RAIN 0 HAIL 0
HEAVY SNOW 0 SNOW 0
LIGHT SNOW 0 SLEET 0
FOG 11 FOG W/VIS <= 1/4 MILE 10
HAZE 2
- INDICATES NEGATIVE NUMBERS.
R INDICATES RECORD WAS SET OR TIED.
MM INDICATES DATA IS MISSING.
T INDICATES TRACE AMOUNT.
$$