000
CXUS54 KFWD 072138
CF6SEP
PRELIMINARY LOCAL CLIMATOLOGICAL DATA (WS FORM: F-6)
STATION: STEPHENVILLE
MONTH: APRIL
YEAR: 2022
LATITUDE: 32 13 N
LONGITUDE: 98 11 W
TEMPERATURE IN F: :PCPN: SNOW: WIND :SUNSHINE: SKY :PK WND
================================================================================
1 2 3 4 5 6A 6B 7 8 9 10 11 12 13 14 15 16 17 18
12Z AVG MX 2MIN
DY MAX MIN AVG DEP HDD CDD WTR SNW DPTH SPD SPD DIR MIN PSBL S-S WX SPD DR
================================================================================
1 78 44 61 2 4 0 M M M 9.3 18 150 M M 1 25 170
2 78 53 66 6 0 1 0.00 M M 7.0 14 40 M M 0 21 330
3 87 49 68 8 0 3 0.00 M M 9.3 17 150 M M 0 25 150
4 81 58 70 10 0 5 0.01 M M 8.1 15 170 M M 5 24 230
5 95 57 76 16 0 11 0.01 M M 7.8 20 230 M M 3 28 250
6 73 50 62 1 3 0 0.00 M M 13.9 22 10 M M 1 36 360
7 69 45 57 -4 8 0 0.00 M M 11.0 26 330 M M 1 40 330
8 69 44 57 -4 8 0 0.00 M M 9.3 22 330 M M 1 29 330
9 89 37 63 1 2 0 0.00 M M 8.4 16 210 M M 0 25 210
10 85 58 72 10 0 7 0.00 M M 15.0 22 170 M M 1 29 160
11 92 65 79 17 0 14 0.00 M M 11.1 18 180 M M 3 28 200
12 87 67 77 15 0 12 0.00 M M 14.7 30 170 M M 5 39 170
13 80 55 68 5 0 3 0.00 M M 12.3 20 330 M M 2 28 300
14 79 46 63 0 2 0 0.00 M M 8.4 14 140 M M 0 22 130
15 91 57 74 11 0 9 0.00 M M 11.8 18 200 M M 2 26 200
16 81 56 69 5 0 4 0.00 M M 9.0 17 320 M M 4 22 320
17 84 56 70 6 0 5 0.00 M M 4.9 10 340 M M 5 20 330
18 74 51 63 -1 2 0 0.00 M M 7.2 13 60 M M 1 21 60
19 76 53 65 1 0 0 0.00 M M 14.0 21 160 M M 4 32 150
20 92 64 78 13 0 13 0.00 M M 14.5 21 200 M M 5 30 200
21 88 71 80 15 0 15 0.00 M M 14.3 20 170 M M 7 28 170
22 87 69 78 13 0 13 0.00 M M 16.6 22 160 M M 6 33 150
23 84 68 76 10 0 11 0.00 M M 17.6 23 180 M M 7 33 170
24 82 55 69 3 0 4 0.00 M M 11.9 18 170 M M 9 28 180
25 65 54 60 -6 5 0 0.03 M M 9.3 15 20 M M 8 23 10
26 75 47 61 -5 4 0 0.00 M M 6.8 13 70 M M 0 16 20
27 74 52 63 -4 2 0 0.00 M M 6.2 13 150 M M 5 20 150
28 85 64 75 8 0 10 0.00 M M 10.9 15 160 M M 5 31 180
29 83 68 76 9 0 11 0.00 M M 14.1 17 180 M M 6 28 190
30 82 63 73 5 0 8 0.00 M M 9.9 18 350 M M 2 28 350
================================================================================
SM 2445 1676 40 159 0.05 M 324.6 M 99
================================================================================
AV 81.5 55.9 10.8 FASTST M M 3 MAX(MPH)
MISC ----> 30 170 40 330
================================================================================
NOTES:
# LAST OF SEVERAL OCCURRENCES
COLUMN 17 PEAK WIND IN M.P.H.
PRELIMINARY LOCAL CLIMATOLOGICAL DATA (WS FORM: F-6) , PAGE 2
STATION: STEPHENVILLE
MONTH: APRIL
YEAR: 2022
LATITUDE: 32 13 N
LONGITUDE: 98 11 W
[TEMPERATURE DATA] [PRECIPITATION DATA] SYMBOLS USED IN COLUMN 16
AVERAGE MONTHLY: 68.7 TOTAL FOR MONTH: 0.05 1 = FOG OR MIST
DPTR FM NORMAL: 5.3 DPTR FM NORMAL: -2.47 2 = FOG REDUCING VISIBILITY
HIGHEST: 95 ON 5 GRTST 24HR 0.03 ON 25-25 TO 1/4 MILE OR LESS
LOWEST: 37 ON 9 3 = THUNDER
SNOW, ICE PELLETS, HAIL 4 = ICE PELLETS
TOTAL MONTH: M 5 = HAIL
GRTST 24HR M ON M 6 = FREEZING RAIN OR DRIZZLE
GRTST DEPTH: M ON M 7 = DUSTSTORM OR SANDSTORM:
VSBY 1/2 MILE OR LESS
8 = SMOKE OR HAZE
[NO. OF DAYS WITH] [WEATHER - DAYS WITH] 9 = BLOWING SNOW
X = TORNADO
MAX 32 OR BELOW: 0 0.01 INCH OR MORE: 3
MAX 90 OR ABOVE: 4 0.10 INCH OR MORE: 0
MIN 32 OR BELOW: 0 0.50 INCH OR MORE: 0
MIN 0 OR BELOW: 0 1.00 INCH OR MORE: 0
[HDD (BASE 65) ]
TOTAL THIS MO. 40 CLEAR (SCALE 0-3) 15
DPTR FM NORMAL -81 PTCLDY (SCALE 4-7) 14
TOTAL FM JUL 1 2001 CLOUDY (SCALE 8-10) 1
DPTR FM NORMAL -697
[CDD (BASE 65) ]
TOTAL THIS MO. 159
DPTR FM NORMAL 86 [PRESSURE DATA]
TOTAL FM JAN 1 201 HIGHEST SLP M ON M
DPTR FM NORMAL 108 LOWEST SLP M ON M
[REMARKS]
#FINAL-04-22#