000
CXUS53 KLSX 011400
CF6SET
PRELIMINARY LOCAL CLIMATOLOGICAL DATA (WS FORM: F-6)
STATION: ST_CHARLES MO
MONTH: AUGUST
YEAR: 2023
LATITUDE: 38 55 N
LONGITUDE: 90 26 W
TEMPERATURE IN F: :PCPN: SNOW: WIND :SUNSHINE: SKY :PK WND
================================================================================
1 2 3 4 5 6A 6B 7 8 9 10 11 12 13 14 15 16 17 18
12Z AVG MX 2MIN
DY MAX MIN AVG DEP HDD CDD WTR SNW DPTH SPD SPD DIR MIN PSBL S-S WX SPD DR
================================================================================
1 84 66 75 -3 0 10 0.06 0.0 0 7.2 15 110 M M 6 18 110
2 79 69 74 -4 0 9 0.78 0.0 0 6.7 15 160 M M 7 13 19 160
3 84 72 78 0 0 13 0.02 0.0 0 2.9 9 220 M M 9 1 13 210
4 87 74 81 3 0 16 0.04 0.0 0 5.0 18 110 M M 4 13 26 100
5 85 69 77 -1 0 12 0.26 0.0 0 8.0 18 190 M M 6 13 25 300
6 88 64 76 -2 0 11 0.37 0.0 0 4.4 18 330 M M 4 123 24 320
7 81 68 75 -3 0 10 T 0.0 0 8.2 20 330 M M 7 27 340
8 86 62 74 -4 0 9 0.00 0.0 0 3.4 12 270 M M 0 1 15 250
9 79 67 73 -5 0 8 0.43 0.0 0 3.7 14 220 M M 5 13 22 210
10 87 67 77 -1 0 12 0.00 0.0 0 3.1 9 250 M M 4 12 13 260
11 92 65 79 1 0 14 0.00 0.0 0 4.1 12 220 M M 3 13 16 210
12 89 66 78 0 0 13 0.42 0.0 0 7.6 30 310 M M 3 13 44 310
13 81 62 72 -6 0 7 0.77 0.0 0 3.8 20 310 M M 4 1 26 310
14 82 66 74 -4 0 9 0.22 0.0 0 9.0 20 290 M M 6 13 32 300
15 75 60 68 -9 0 3 0.00 0.0 0 5.3 15 10 M M 6 1 20 10
16 82 54 68 -9 0 3 0.00 0.0 0 1.7 9 240 M M 2 12 14 240
17 84 58 71 -6 0 6 0.00 0.0 0 7.5 17 270 M M 2 13 24 280
18 82 55 69 -8 0 4 0.00 0.0 0 3.2 9 110 M M 0 11 80
19 88 59 74 -3 0 9 0.00 0.0 0 8.0 16 170 M M 0 22 140
20 94 69 82 5 0 17 0.00 0.0 0 5.6 14 90 M M 0 1 17 90
21 94 77 86 10 0 21 0.00 0.0 0 6.4 13 50 M M 4 18 16 40
22 97 77 87 11 0 22 0.00 0.0 0 3.8 12 110 M M 3 18 15 100
23 97 76 87 11 0 22 0.00 0.0 0 4.0 10 280 M M 1 128 16 250
24 100 76 88 12 0 23 0.00 0.0 0 4.3 13 260 M M 0 18 18 250
25 101 75 88 12 0 23 0.00 0.0 0 4.1 10 300 M M 0 1 14 310
26 81 71 76 1 0 11 1.49 0.0 0 7.5 30 30 M M 6 13 43 40
27 75 67 71 -4 0 6 0.00 0.0 0 8.5 15 30 M M 7 22 50
28 83 63 73 -2 0 8 0.00 0.0 0 4.5 15 40 M M 1 17 20
29 85 57 71 -4 0 6 0.01 0.0 0 3.1 15 340 M M 2 1 20 320
30 81 59 70 -4 0 5 0.00 0.0 0 8.1 16 20 M M 1 1 22 30
31 80 53 67 -7 0 2 0.00 0.0 0 5.5 12 70 M M 0 19 100
================================================================================
SM 2663 2043 0 344 4.87 0.0 168.2 M 103
================================================================================
AV 85.9 65.9 5.4 FASTST M M 3 MAX(MPH)
MISC ----> # 30 310 44 310
================================================================================
NOTES:
# LAST OF SEVERAL OCCURRENCES
COLUMN 17 PEAK WIND IN M.P.H.
PRELIMINARY LOCAL CLIMATOLOGICAL DATA (WS FORM: F-6) , PAGE 2
STATION: ST_CHARLES MO
MONTH: AUGUST
YEAR: 2023
LATITUDE: 38 55 N
LONGITUDE: 90 26 W
[TEMPERATURE DATA] [PRECIPITATION DATA] SYMBOLS USED IN COLUMN 16
AVERAGE MONTHLY: 75.9 TOTAL FOR MONTH: 4.87 1 = FOG OR MIST
DPTR FM NORMAL: -1.0 DPTR FM NORMAL: 1.19 2 = FOG REDUCING VISIBILITY
HIGHEST: 101 ON 25 GRTST 24HR 1.49 ON 26-26 TO 1/4 MILE OR LESS
LOWEST: 53 ON 31 3 = THUNDER
SNOW, ICE PELLETS, HAIL 4 = ICE PELLETS
TOTAL MONTH: 0.0 INCH 5 = HAIL
GRTST 24HR 0.0 6 = FREEZING RAIN OR DRIZZLE
GRTST DEPTH: 0 7 = DUSTSTORM OR SANDSTORM:
VSBY 1/2 MILE OR LESS
8 = SMOKE OR HAZE
[NO. OF DAYS WITH] [WEATHER - DAYS WITH] 9 = BLOWING SNOW
X = TORNADO
MAX 32 OR BELOW: 0 0.01 INCH OR MORE: 12
MAX 90 OR ABOVE: 7 0.10 INCH OR MORE: 8
MIN 32 OR BELOW: 0 0.50 INCH OR MORE: 3
MIN 0 OR BELOW: 0 1.00 INCH OR MORE: 1
[HDD (BASE 65) ]
TOTAL THIS MO. 0 CLEAR (SCALE 0-3) 16
DPTR FM NORMAL -1 PTCLDY (SCALE 4-7) 14
TOTAL FM JUL 1 0 CLOUDY (SCALE 8-10) 1
DPTR FM NORMAL 0
[CDD (BASE 65) ]
TOTAL THIS MO. 344
DPTR FM NORMAL -26 [PRESSURE DATA]
TOTAL FM JAN 1 1199 HIGHEST SLP 30.18 ON 1
DPTR FM NORMAL -66 LOWEST SLP 29.71 ON 6
[REMARKS]
#FINAL-08-23#