000
CXUS55 KSEW 010930
CF6SEW
PRELIMINARY LOCAL CLIMATOLOGICAL DATA (WS FORM: F-6)
STATION: SEATTLE WA WFO
MONTH: MARCH
YEAR: 2022
LATITUDE: 47 41 N
LONGITUDE: 122 15 W
TEMPERATURE IN F: :PCPN: SNOW: WIND :SUNSHINE: SKY :PK WND
================================================================================
1 2 3 4 5 6A 6B 7 8 9 10 11 12 13 14 15 16 17 18
12Z AVG MX 2MIN
DY MAX MIN AVG DEP HDD CDD WTR SNW DPTH SPD SPD DIR MIN PSBL S-S WX SPD DR
================================================================================
1 60 47 54 10 11 0 0.06 0.0 0 M M M M M M M M
2 51 46 49 4 16 0 0.17 0.0 0 M M M M M M M M
3 50 42 46 1 19 0 0.10 0.0 0 M M M M M M M M
4 49 38 44 -1 21 0 0.05 0.0 0 M M M M M M M M
5 53 38 46 1 19 0 0.00 0.0 0 M M M M M M M M
6 53 34 44 -1 21 0 0.00 0.0 0 M M M M M M 12 M M
7 50 34 42 -3 23 0 0.00 0.0 0 M M M M M M 12 M M
8 49 35 42 -3 23 0 0.12 0.0 0 M M M M M M 12 M M
9 49 30 40 -6 25 0 T 0.0 0 M M M M M M 1 M M
10 48 28 38 -8 27 0 0.00 0.0 0 M M M M M M M M
11 49 39 44 -2 21 0 0.00 0.0 0 M M M M M M M M
12 58 41 50 4 15 0 0.02 0.0 0 M M M M M M M M
13 55 42 49 3 16 0 0.08 0.0 0 M M M M M M 1 M M
14 51 44 48 2 17 0 0.38 0.0 0 M M M M M M 1 M M
15 54 44 49 3 16 0 0.13 0.0 0 M M M M M M M M
16 56 43 50 3 15 0 0.00 0.0 0 M M M M M M M M
17 51 42 47 0 18 0 0.14 0.0 0 M M M M M M M M
18 56 45 51 4 14 0 0.26 0.0 0 M M M M M M M M
19 47 37 42 -5 23 0 0.35 0.0 0 M M M M M M M M
20 48 40 44 -3 21 0 0.15 0.0 0 M M M M M M M M
21 51 42 47 0 18 0 0.46 0.0 0 M M M M M M M M
22 65 47 56 9 9 0 0.06 0.0 0 M M M M M M M M
23 55 40 48 0 17 0 0.19 0.0 0 M M M M M M M M
24 57 39 48 0 17 0 0.00 0.0 0 M M M M M M M M
25 60 43 52 4 13 0 0.00 0.0 0 M M M M M M M M
26 60 45 53 5 12 0 0.01 0.0 0 M M M M M M M M
27 63 46 55 7 10 0 T 0.0 0 M M M M M M M M
28 53 45 49 1 16 0 0.00 0.0 0 M M M M M M M M
29 61 43 52 4 13 0 0.00 0.0 0 M M M M M M M M
30 55 43 49 1 16 0 0.35 0.0 0 M M M M M M M M
31 55 40 48 0 17 0 0.07 0.0 0 M M M M M M M M
================================================================================
SM 1672 1262 539 0 3.15 0.0 M M M
================================================================================
AV 53.9 40.7 M FASTST M M M MAX(MPH)
MISC ----> M M M M
================================================================================
NOTES:
# LAST OF SEVERAL OCCURRENCES
COLUMN 17 PEAK WIND IN M.P.H.
PRELIMINARY LOCAL CLIMATOLOGICAL DATA (WS FORM: F-6) , PAGE 2
STATION: SEATTLE WA WFO
MONTH: MARCH
YEAR: 2022
LATITUDE: 47 41 N
LONGITUDE: 122 15 W
[TEMPERATURE DATA] [PRECIPITATION DATA] SYMBOLS USED IN COLUMN 16
AVERAGE MONTHLY: 47.3 TOTAL FOR MONTH: 3.15 1 = FOG OR MIST
DPTR FM NORMAL: 0.7 DPTR FM NORMAL: -0.71 2 = FOG REDUCING VISIBILITY
HIGHEST: 65 ON 22 GRTST 24HR 0.46 ON 21-21 TO 1/4 MILE OR LESS
LOWEST: 28 ON 10 3 = THUNDER
SNOW, ICE PELLETS, HAIL 4 = ICE PELLETS
TOTAL MONTH: 0.0 INCH 5 = HAIL
GRTST 24HR 0.0 6 = FREEZING RAIN OR DRIZZLE
GRTST DEPTH: 0 7 = DUSTSTORM OR SANDSTORM:
VSBY 1/2 MILE OR LESS
8 = SMOKE OR HAZE
[NO. OF DAYS WITH] [WEATHER - DAYS WITH] 9 = BLOWING SNOW
X = TORNADO
MAX 32 OR BELOW: 0 0.01 INCH OR MORE: 19
MAX 90 OR ABOVE: 0 0.10 INCH OR MORE: 12
MIN 32 OR BELOW: 2 0.50 INCH OR MORE: 0
MIN 0 OR BELOW: 0 1.00 INCH OR MORE: 0
[HDD (BASE 65) ]
TOTAL THIS MO. 539 CLEAR (SCALE 0-3) 0
DPTR FM NORMAL -33 PTCLDY (SCALE 4-7) 0
TOTAL FM JUL 1 3639 CLOUDY (SCALE 8-10) 31
DPTR FM NORMAL -35
[CDD (BASE 65) ]
TOTAL THIS MO. 0
DPTR FM NORMAL 0 [PRESSURE DATA]
TOTAL FM JAN 1 0 HIGHEST SLP M ON M
DPTR FM NORMAL 0 LOWEST SLP M ON M
[REMARKS]
#FINAL-03-22#