000
CXUS56 KMTR 011000
CF6SFD
PRELIMINARY LOCAL CLIMATOLOGICAL DATA (WS FORM: F-6)
STATION: SAN FRANCISCO DWTN CA
MONTH: DECEMBER
YEAR: 2022
LATITUDE: 37 46 N
LONGITUDE: 122 26 W
TEMPERATURE IN F: :PCPN: SNOW: WIND :SUNSHINE: SKY :PK WND
================================================================================
1 2 3 4 5 6A 6B 7 8 9 10 11 12 13 14 15 16 17 18
12Z AVG MX 2MIN
DY MAX MIN AVG DEP HDD CDD WTR SNW DPTH SPD SPD DIR MIN PSBL S-S WX SPD DR
================================================================================
1 53 45 49 -5 16 0 0.84 M 0 M M M M M M M M
2 54 41 48 -6 17 0 0.00 M 0 M M M M M M M M
3 49 44 47 -7 18 0 0.32 M 0 M M M M M M M M
4 60 47 54 0 11 0 0.06 M 0 M M M M M M M M
5 59 51 55 1 10 0 0.12 M 0 M M M M M M M M
6 56 49 53 0 12 0 0.02 M 0 M M M M M M M M
7 59 45 52 -1 13 0 0.00 M 0 M M M M M M M M
8 55 46 51 -2 14 0 0.04 M 0 M M M M M M M M
9 55 45 50 -3 15 0 0.00 M 0 M M M M M M M M
10 58 51 55 2 10 0 0.70 M 0 M M M M M M M M
11 53 44 49 -4 16 0 0.59 M 0 M M M M M M M M
12 53 45 49 -4 16 0 0.06 M 0 M M M M M M M M
13 56 42 49 -3 16 0 0.00 M 0 M M M M M M M M
14 54 43 49 -3 16 0 0.00 M 0 M M M M M M M M
15 59 45 52 0 13 0 0.00 M 0 M M M M M M M M
16 56 45 51 -1 14 0 0.00 M 0 M M M M M M M M
17 56 43 50 -2 15 0 0.00 M 0 M M M M M M M M
18 53 43 48 -4 17 0 0.00 M 0 M M M M M M M M
19 46 40 43 -9 22 0 0.00 M 0 M M M M M M M M
20 54 44 49 -3 16 0 0.00 M 0 M M M M M M M M
21 57 45 51 -1 14 0 0.00 M 0 M M M M M M M M
22 52 44 48 -4 17 0 0.00 M 0 M M M M M M M M
23 56 46 51 -1 14 0 0.00 M 0 M M M M M M M M
24 61 48 55 3 10 0 0.00 M 0 M M M M M M M M
25 60 47 54 2 11 0 0.00 M 0 M M M M M M M M
26 54 47 51 -1 14 0 0.30 M 0 M M M M M M M M
27 60 51 56 4 9 0 1.60 M 0 M M M M M M M M
28 57 47 52 0 13 0 0.01 M 0 M M M M M M M M
29 53 48 51 -1 14 0 0.67 M 0 M M M M M M M M
30 61 52 57 5 8 0 0.81 M 0 M M M M M M M M
31 59 50 55 3 10 0 5.46 M 0 M M M M M M M M
================================================================================
SM 1728 1423 431 0 11.60 M M M M
================================================================================
AV 55.7 45.9 M FASTST M M M MAX(MPH)
MISC ----> M M M M
================================================================================
NOTES:
# LAST OF SEVERAL OCCURRENCES
COLUMN 17 PEAK WIND IN M.P.H.
PRELIMINARY LOCAL CLIMATOLOGICAL DATA (WS FORM: F-6) , PAGE 2
STATION: SAN FRANCISCO DWTN CA
MONTH: DECEMBER
YEAR: 2022
LATITUDE: 37 46 N
LONGITUDE: 122 26 W
[TEMPERATURE DATA] [PRECIPITATION DATA] SYMBOLS USED IN COLUMN 16
AVERAGE MONTHLY: 50.8 TOTAL FOR MONTH: 11.60 1 = FOG OR MIST
DPTR FM NORMAL: -1.7 DPTR FM NORMAL: 6.84 2 = FOG REDUCING VISIBILITY
HIGHEST: 61 ON 30,24 GRTST 24HR 5.86 ON 30-31 TO 1/4 MILE OR LESS
LOWEST: 40 ON 19 3 = THUNDER
SNOW, ICE PELLETS, HAIL 4 = ICE PELLETS
TOTAL MONTH: M 5 = HAIL
GRTST 24HR M ON M 6 = FREEZING RAIN OR DRIZZLE
GRTST DEPTH: 0 7 = DUSTSTORM OR SANDSTORM:
VSBY 1/2 MILE OR LESS
8 = SMOKE OR HAZE
[NO. OF DAYS WITH] [WEATHER - DAYS WITH] 9 = BLOWING SNOW
X = TORNADO
MAX 32 OR BELOW: 0 0.01 INCH OR MORE: 15
MAX 90 OR ABOVE: 0 0.10 INCH OR MORE: 10
MIN 32 OR BELOW: 0 0.50 INCH OR MORE: 7
MIN 0 OR BELOW: 0 1.00 INCH OR MORE: 2
[HDD (BASE 65) ]
TOTAL THIS MO. 431 CLEAR (SCALE 0-3) 0
DPTR FM NORMAL 42 PTCLDY (SCALE 4-7) 0
TOTAL FM JUL 1 1162 CLOUDY (SCALE 8-10) 31
DPTR FM NORMAL 48
[CDD (BASE 65) ]
TOTAL THIS MO. 0
DPTR FM NORMAL 0 [PRESSURE DATA]
TOTAL FM JAN 1 110 HIGHEST SLP M ON M
DPTR FM NORMAL -11 LOWEST SLP 9999.00 ON 1
[REMARKS]
#FINAL-12-22#