000
CXUS56 KMTR 010900
CF6SFD
PRELIMINARY LOCAL CLIMATOLOGICAL DATA (WS FORM: F-6)
STATION: SAN FRANCISCO DWTN CA
MONTH: APRIL
YEAR: 2022
LATITUDE: 37 46 N
LONGITUDE: 122 26 W
TEMPERATURE IN F: :PCPN: SNOW: WIND :SUNSHINE: SKY :PK WND
================================================================================
1 2 3 4 5 6A 6B 7 8 9 10 11 12 13 14 15 16 17 18
12Z AVG MX 2MIN
DY MAX MIN AVG DEP HDD CDD WTR SNW DPTH SPD SPD DIR MIN PSBL S-S WX SPD DR
================================================================================
1 64 48 56 0 9 0 0.00 M 0 M M M M M M M M
2 70 49 60 4 5 0 0.00 M 0 M M M M M M M M
3 63 49 56 0 9 0 0.00 M 0 M M M M M M M M
4 60 49 55 -1 10 0 0.00 M 0 M M M M M M M M
5 64 49 57 1 8 0 0.00 M 0 M M M M M M M M
6 79 51 65 9 0 0 0.00 M 0 M M M M M M M M
7 86 58 72 16 0 7 0.00 M 0 M M M M M M M M
8 72 51 62 6 3 0 0.00 M 0 M M M M M M M M
9 63 49 56 0 9 0 0.00 M 0 M M M M M M M M
10 62 49 56 0 9 0 0.00 M 0 M M M M M M M M
11 53 46 50 -6 15 0 0.11 M 0 M M M M M M M M
12 53 45 49 -7 16 0 0.00 M 0 M M M M M M M M
13 57 46 52 -4 13 0 0.00 M 0 M M M M M M M M
14 57 49 53 -3 12 0 0.23 M 0 M M M M M M M M
15 56 45 51 -5 14 0 0.00 M 0 M M M M M M M M
16 57 48 53 -3 12 0 0.28 M 0 M M M M M M M M
17 56 45 51 -5 14 0 0.00 M 0 M M M M M M M M
18 65 46 56 0 9 0 0.01 M 0 M M M M M M M M
19 62 51 57 1 8 0 0.09 M 0 M M M M M M M M
20 66 51 59 3 6 0 0.11 M 0 M M M M M M M M
21 62 51 57 1 8 0 0.25 M 0 M M M M M M M M
22 59 50 55 -1 10 0 0.00 M 0 M M M M M M M M
23 64 49 57 0 8 0 0.00 M 0 M M M M M M M M
24 61 50 56 -1 9 0 0.00 M 0 M M M M M M M M
25 65 50 58 1 7 0 0.00 M 0 M M M M M M M M
26 60 50 55 -2 10 0 0.00 M 0 M M M M M M M M
27 59 47 53 -4 12 0 0.00 M 0 M M M M M M M M
28 57 48 53 -4 12 0 0.00 M 0 M M M M M M M M
29 64 48 56 -1 9 0 0.00 M 0 M M M M M M M M
30 60 51 56 -1 9 0 0.00 M 0 M M M M M M M M
================================================================================
SM 1876 1468 275 7 1.08 M M M M
================================================================================
AV 62.5 48.9 M FASTST M M M MAX(MPH)
MISC ----> M M M M
================================================================================
NOTES:
# LAST OF SEVERAL OCCURRENCES
COLUMN 17 PEAK WIND IN M.P.H.
PRELIMINARY LOCAL CLIMATOLOGICAL DATA (WS FORM: F-6) , PAGE 2
STATION: SAN FRANCISCO DWTN CA
MONTH: APRIL
YEAR: 2022
LATITUDE: 37 46 N
LONGITUDE: 122 26 W
[TEMPERATURE DATA] [PRECIPITATION DATA] SYMBOLS USED IN COLUMN 16
AVERAGE MONTHLY: 55.7 TOTAL FOR MONTH: 1.08 1 = FOG OR MIST
DPTR FM NORMAL: -0.7 DPTR FM NORMAL: -0.52 2 = FOG REDUCING VISIBILITY
HIGHEST: 86 ON 7 GRTST 24HR 0.36 ON 20-21 TO 1/4 MILE OR LESS
LOWEST: 45 ON 17,15 3 = THUNDER
SNOW, ICE PELLETS, HAIL 4 = ICE PELLETS
TOTAL MONTH: M 5 = HAIL
GRTST 24HR M ON M 6 = FREEZING RAIN OR DRIZZLE
GRTST DEPTH: 0 7 = DUSTSTORM OR SANDSTORM:
VSBY 1/2 MILE OR LESS
8 = SMOKE OR HAZE
[NO. OF DAYS WITH] [WEATHER - DAYS WITH] 9 = BLOWING SNOW
X = TORNADO
MAX 32 OR BELOW: 0 0.01 INCH OR MORE: 7
MAX 90 OR ABOVE: 0 0.10 INCH OR MORE: 5
MIN 32 OR BELOW: 0 0.50 INCH OR MORE: 0
MIN 0 OR BELOW: 0 1.00 INCH OR MORE: 0
[HDD (BASE 65) ]
TOTAL THIS MO. 275 CLEAR (SCALE 0-3) 0
DPTR FM NORMAL 10 PTCLDY (SCALE 4-7) 0
TOTAL FM JUL 1 2298 CLOUDY (SCALE 8-10) 30
DPTR FM NORMAL -84
[CDD (BASE 65) ]
TOTAL THIS MO. 7
DPTR FM NORMAL 2 [PRESSURE DATA]
TOTAL FM JAN 1 8 HIGHEST SLP M ON M
DPTR FM NORMAL 1 LOWEST SLP 9999.00 ON 1
[REMARKS]
#FINAL-04-22#