000
CXUS56 KMTR 010900
CF6SFD
PRELIMINARY LOCAL CLIMATOLOGICAL DATA (WS FORM: F-6)
STATION: SAN FRANCISCO DWTN CA
MONTH: OCTOBER
YEAR: 2023
LATITUDE: 37 46 N
LONGITUDE: 122 26 W
TEMPERATURE IN F: :PCPN: SNOW: WIND :SUNSHINE: SKY :PK WND
================================================================================
1 2 3 4 5 6A 6B 7 8 9 10 11 12 13 14 15 16 17 18
12Z AVG MX 2MIN
DY MAX MIN AVG DEP HDD CDD WTR SNW DPTH SPD SPD DIR MIN PSBL S-S WX SPD DR
================================================================================
1 66 54 60 -3 5 0 0.00 M 0 M M M M M M M M
2 65 53 59 -4 6 0 0.00 M 0 M M M M M M M M
3 68 54 61 -2 4 0 0.00 M 0 M M M M M M M M
4 86 60 73 10 0 8 0.00 M 0 M M M M M M M M
5 M M M M M M 0.00 M M M M M M M M M M
6 M M M M M M 0.00 M M M M M M M M M M
7 M M M M M M 0.00 M M M M M M M M M M
8 M M M M M M 0.00 M M M M M M M M M M
9 M M M M M M M M M M M M M M M M M
10 M M M M M M 0.00 M M M M M M M M M M
11 M M M M M M 0.00 M M M M M M M M M M
12 M M M M M M 0.00 M M M M M M M M M M
13 M M M M M M 0.00 M M M M M M M M M M
14 M M M M M M 0.00 M M M M M M M M M M
15 M M M M M M 0.00 M M M M M M M M M M
16 M M M M M M 0.00 M M M M M M M M M M
17 M M M M M M M M M M M M M M M M M
18 84 M M M M M 0.00 M 0 M M M M M M M M
19 87 58 73 11 0 8 0.00 M 0 M M M M M M M M
20 66 57 62 0 3 0 0.00 M 0 M M M M M M M M
21 68 55 62 0 3 0 0.00 M 0 M M M M M M M M
22 65 59 62 0 3 0 0.19 M 0 M M M M M M M M
23 69 57 63 1 2 0 0.00 M 0 M M M M M M M M
24 67 55 61 -1 4 0 0.00 M 0 M M M M M M M M
25 62 54 58 -3 7 0 0.00 M 0 M M M M M M M M
26 63 49 56 -5 9 0 0.00 M 0 M M M M M M M M
27 62 48 55 -6 10 0 0.00 M 0 M M M M M M M M
28 65 49 57 -4 8 0 0.00 M 0 M M M M M M M M
29 72 54 63 2 2 0 0.00 M 0 M M M M M M M M
30 72 51 62 2 3 0 0.00 M 0 M M M M M M M M
31 M 52 M M M M 0.00 M 0 M M M M M M M M
================================================================================
SM 1187 919 69 16 0.19 M M M M
================================================================================
AV 69.8 54.1 M FASTST M M M MAX(MPH)
MISC ----> M M M M
================================================================================
NOTES:
# LAST OF SEVERAL OCCURRENCES
COLUMN 17 PEAK WIND IN M.P.H.
PRELIMINARY LOCAL CLIMATOLOGICAL DATA (WS FORM: F-6) , PAGE 2
STATION: SAN FRANCISCO DWTN CA
MONTH: OCTOBER
YEAR: 2023
LATITUDE: 37 46 N
LONGITUDE: 122 26 W
[TEMPERATURE DATA] [PRECIPITATION DATA] SYMBOLS USED IN COLUMN 16
AVERAGE MONTHLY: 61.9 TOTAL FOR MONTH: 0.19 1 = FOG OR MIST
DPTR FM NORMAL: -0.2 DPTR FM NORMAL: -0.75 2 = FOG REDUCING VISIBILITY
HIGHEST: 87 ON 19 GRTST 24HR 0.19 ON 22-22 TO 1/4 MILE OR LESS
LOWEST: 48 ON 27 3 = THUNDER
SNOW, ICE PELLETS, HAIL 4 = ICE PELLETS
TOTAL MONTH: M 5 = HAIL
GRTST 24HR M ON M 6 = FREEZING RAIN OR DRIZZLE
GRTST DEPTH: 0 7 = DUSTSTORM OR SANDSTORM:
VSBY 1/2 MILE OR LESS
8 = SMOKE OR HAZE
[NO. OF DAYS WITH] [WEATHER - DAYS WITH] 9 = BLOWING SNOW
X = TORNADO
MAX 32 OR BELOW: 0 0.01 INCH OR MORE: 1
MAX 90 OR ABOVE: 0 0.10 INCH OR MORE: 1
MIN 32 OR BELOW: 0 0.50 INCH OR MORE: 0
MIN 0 OR BELOW: 0 1.00 INCH OR MORE: 0
[HDD (BASE 65) ]
TOTAL THIS MO. 69 CLEAR (SCALE 0-3) 0
DPTR FM NORMAL -54 PTCLDY (SCALE 4-7) 0
TOTAL FM JUL 1 335 CLOUDY (SCALE 8-10) 31
DPTR FM NORMAL -155
[CDD (BASE 65) ]
TOTAL THIS MO. 16
DPTR FM NORMAL -17 [PRESSURE DATA]
TOTAL FM JAN 1 57 HIGHEST SLP M ON M
DPTR FM NORMAL -60 LOWEST SLP M ON M
[REMARKS]
#FINAL-10-23#