000
CXUS56 KOTX 010910
CF6SFF
PRELIMINARY LOCAL CLIMATOLOGICAL DATA (WS FORM: F-6)
STATION: SPOKANE WA FELTS AIRPORT
MONTH: JULY
YEAR: 2023
LATITUDE: 47 40 N
LONGITUDE: 117 20 W
TEMPERATURE IN F: :PCPN: SNOW: WIND :SUNSHINE: SKY :PK WND
================================================================================
1 2 3 4 5 6A 6B 7 8 9 10 11 12 13 14 15 16 17 18
12Z AVG MX 2MIN
DY MAX MIN AVG DEP HDD CDD WTR SNW DPTH SPD SPD DIR MIN PSBL S-S WX SPD DR
================================================================================
1 89 62 76 9 0 11 0.00 M M 9.5 23 230 M M 0 31 220
2 83 56 70 2 0 5 0.00 M M 5.7 16 240 M M 0 23 250
3 83 50 67 -1 0 2 0.00 M M 4.8 14 280 M M 0 24 300
4 88 51 70 2 0 5 0.00 M M 4.1 14 80 M M 1 20 80
5 88 55 72 3 0 7 0.00 M M 2.0 9 180 M M 1 13 350
6 92 55 74 5 0 9 0.00 M M 2.3 12 150 M M 0 16 290
7 94 58 76 6 0 11 0.00 M M 2.3 14 100 M M 0 21 110
8 97 60 79 9 0 14 0.00 M M 1.9 10 220 M M 0 16 90
9 99 60 80 10 0 15 0.00 M M 2.6 12 300 M M 0 18 290
10 81 61 71 1 0 6 0.06 M M 4.5 23 190 M M 5 13 34 280
11 84 58 71 0 0 6 0.00 M M 4.2 15 230 M M 1 20 230
12 90 56 73 2 0 8 0.00 M M 4.4 21 220 M M 0 24 220
13 87 59 73 2 0 8 0.00 M M 5.5 16 210 M M 1 24 210
14 93 59 76 4 0 11 0.00 M M 2.8 12 170 M M 1 16 280
15 96 60 78 6 0 13 0.00 M M 4.7 17 240 M M 0 23 230
16 99 60 80 8 0 15 0.00 M M 3.5 16 230 M M 0 21 180
17 85 64 75 3 0 10 0.00 M M 14.0 31 230 M M 1 39 210
18 85 51 68 -5 0 3 0.00 M M 2.2 12 220 M M 0 15 290
19 93 54 74 1 0 9 0.00 M M 2.4 9 210 M M 0 12 220
20 97 58 78 5 0 13 0.00 M M 2.6 12 250 M M 0 16 290
21 98 59 79 6 0 14 0.00 M M 3.6 13 210 M M 0 25 230
22 94 65 80 7 0 15 0.00 M M 7.0 16 230 M M 0 23 230
23 98 61 80 7 0 15 0.00 M M 1.8 12 210 M M 0 15 130
24 91 64 78 4 0 13 0.00 M M 9.4 23 230 M M 0 29 240
25 82 55 69 -5 0 4 0.00 M M 7.9 21 220 M M 2 28 210
26 83 52 68 -6 0 3 0.00 M M 3.4 13 260 M M 0 17 250
27 87 52 70 -4 0 5 0.00 M M 1.9 10 210 M M 1 14 290
28 90 56 73 -1 0 8 0.00 M M 2.2 12 250 M M 0 15 250
29 94 57 76 2 0 11 0.00 M M 2.9 13 230 M M 0 16 220
30 89 61 75 1 0 10 0.00 M M 6.1 16 230 M M 0 28 260
31 88 54 71 -3 0 6 0.00 M M 3.7 14 220 M M 0 17 220
================================================================================
SM 2797 1783 0 285 0.06 M 135.9 M 14
================================================================================
AV 90.2 57.5 4.4 FASTST M M 0 MAX(MPH)
MISC ----> 31 230 39 210
================================================================================
NOTES:
# LAST OF SEVERAL OCCURRENCES
COLUMN 17 PEAK WIND IN M.P.H.
PRELIMINARY LOCAL CLIMATOLOGICAL DATA (WS FORM: F-6) , PAGE 2
STATION: SPOKANE WA FELTS AIRPORT
MONTH: JULY
YEAR: 2023
LATITUDE: 47 40 N
LONGITUDE: 117 20 W
[TEMPERATURE DATA] [PRECIPITATION DATA] SYMBOLS USED IN COLUMN 16
AVERAGE MONTHLY: 73.9 TOTAL FOR MONTH: 0.06 1 = FOG OR MIST
DPTR FM NORMAL: 2.4 DPTR FM NORMAL: -0.61 2 = FOG REDUCING VISIBILITY
HIGHEST: 99 ON 16, 9 GRTST 24HR 0.06 ON 10-10 TO 1/4 MILE OR LESS
LOWEST: 50 ON 3 3 = THUNDER
SNOW, ICE PELLETS, HAIL 4 = ICE PELLETS
TOTAL MONTH: M 5 = HAIL
GRTST 24HR M ON M 6 = FREEZING RAIN OR DRIZZLE
GRTST DEPTH: M ON M 7 = DUSTSTORM OR SANDSTORM:
VSBY 1/2 MILE OR LESS
8 = SMOKE OR HAZE
[NO. OF DAYS WITH] [WEATHER - DAYS WITH] 9 = BLOWING SNOW
X = TORNADO
MAX 32 OR BELOW: 0 0.01 INCH OR MORE: 1
MAX 90 OR ABOVE: 16 0.10 INCH OR MORE: 0
MIN 32 OR BELOW: 0 0.50 INCH OR MORE: 0
MIN 0 OR BELOW: 0 1.00 INCH OR MORE: 0
[HDD (BASE 65) ]
TOTAL THIS MO. 0 CLEAR (SCALE 0-3) 30
DPTR FM NORMAL -15 PTCLDY (SCALE 4-7) 1
TOTAL FM JUL 1 0 CLOUDY (SCALE 8-10) 0
DPTR FM NORMAL -12
[CDD (BASE 65) ]
TOTAL THIS MO. 285
DPTR FM NORMAL 67 [PRESSURE DATA]
TOTAL FM JAN 1 485 HIGHEST SLP M ON M
DPTR FM NORMAL 200 LOWEST SLP 29.66 ON 9
[REMARKS]
#FINAL-07-23#