000
CXUS53 KSGF 010710
CF6SGF
PRELIMINARY LOCAL CLIMATOLOGICAL DATA (WS FORM: F-6)
STATION: SPRINGFIELD MO
MONTH: JUNE
YEAR: 2023
LATITUDE: 37 13 N
LONGITUDE: 93 23 W
TEMPERATURE IN F: :PCPN: SNOW: WIND :SUNSHINE: SKY :PK WND
================================================================================
1 2 3 4 5 6A 6B 7 8 9 10 11 12 13 14 15 16 17 18
12Z AVG MX 2MIN
DY MAX MIN AVG DEP HDD CDD WTR SNW DPTH SPD SPD DIR MIN PSBL S-S WX SPD DR
================================================================================
1 85 63 74 3 0 9 0.23 0.0 0 7.0 15 170 M M 2 22 140
2 87 64 76 5 0 11 0.03 0.0 0 5.4 23 60 M M 1 3 29 70
3 87 63 75 3 0 10 0.00 0.0 0 5.3 17 50 M M 1 25 80
4 88 61 75 3 0 10 0.00 0.0 0 7.3 16 50 M M 0 26 70
5 88 63 76 4 0 11 0.00 0.0 0 3.3 13 200 M M 0 3 15 190
6 85 58 72 0 0 7 0.00 0.0 0 3.0 7 60 M M 0 8 11 20
7 89 58 74 1 0 9 0.00 0.0 0 4.3 16 40 M M 1 20 30
8 80 68 74 1 0 9 0.01 0.0 0 5.9 14 60 M M 5 1 19 60
9 82 61 72 -1 0 7 0.03 0.0 0 7.5 15 140 M M 3 13 19 130
10 81 65 73 -1 0 8 0.03 0.0 0 7.7 16 300 M M 3 13 29 310
11 77 59 68 -6 0 3 0.43 0.0 0 8.3 17 20 M M 8 13 24 360
12 75 58 67 -7 0 2 0.00 0.0 0 4.1 14 10 M M 4 1 20 360
13 79 56 68 -6 0 3 0.00 0.0 0 4.0 13 260 M M 0 18 240
14 77 59 68 -7 0 3 T 0.0 0 3.4 20 100 M M 1 26 250
15 86 57 72 -3 0 7 0.00 0.0 0 2.4 12 200 M M 0 1 14 200
16 84 63 74 -1 0 9 0.59 0.0 0 5.0 38 30 M M 3 13 49 20
17 87 60 74 -2 0 9 0.00 0.0 0 5.4 17 170 M M 0 1 22 160
18 76 64 70 -6 0 5 0.63 0.0 0 7.7 36 230 M M 5 13 49 230
19 87 59 73 -3 0 8 0.00 0.0 0 3.7 12 30 M M 1 1 16 20
20 88 65 77 1 0 12 0.00 0.0 0 6.9 16 110 M M 0 26 60
21 89 64 77 1 0 12 0.00 0.0 0 6.8 15 60 M M 1 19 60
22 87 67 77 0 0 12 0.00 0.0 0 4.5 15 50 M M 1 19 50
23 89 63 76 -1 0 11 0.00 0.0 0 3.5 13 230 M M 1 17 230
24 91 68 80 3 0 15 0.01 0.0 0 10.3 22 190 M M 1 3 29 180
25 90 69 80 3 0 15 0.00 0.0 0 7.7 16 280 M M 1 23 270
26 86 61 74 -3 0 9 0.00 0.0 0 6.1 15 320 M M 0 23 320
27 86 60 73 -5 0 8 0.00 0.0 0 4.8 16 200 M M 0 22 200
28 97 71 84 6 0 19 T 0.0 0 12.1 22 180 M M 0 29 170
29 99 73 86 8 0 21 0.00 0.0 0 9.3 20 230 M M 0 26 220
30 96 73 85 7 0 20 0.00 0.0 0 8.1 16 240 M M 0 21 280
================================================================================
SM 2578 1893 0 294 1.99 0.0 180.8 M 43
================================================================================
AV 85.9 63.1 6.0 FASTST M M 1 MAX(MPH)
MISC ----> 38 30 # 49 20
================================================================================
NOTES:
# LAST OF SEVERAL OCCURRENCES
COLUMN 17 PEAK WIND IN M.P.H.
PRELIMINARY LOCAL CLIMATOLOGICAL DATA (WS FORM: F-6) , PAGE 2
STATION: SPRINGFIELD MO
MONTH: JUNE
YEAR: 2023
LATITUDE: 37 13 N
LONGITUDE: 93 23 W
[TEMPERATURE DATA] [PRECIPITATION DATA] SYMBOLS USED IN COLUMN 16
AVERAGE MONTHLY: 74.5 TOTAL FOR MONTH: 1.99 1 = FOG OR MIST
DPTR FM NORMAL: -0.4 DPTR FM NORMAL: -2.48 2 = FOG REDUCING VISIBILITY
HIGHEST: 99 ON 29 GRTST 24HR 0.96 ON 31- 1 TO 1/4 MILE OR LESS
LOWEST: 56 ON 13 3 = THUNDER
SNOW, ICE PELLETS, HAIL 4 = ICE PELLETS
TOTAL MONTH: 0.0 INCH 5 = HAIL
GRTST 24HR 0.0 6 = FREEZING RAIN OR DRIZZLE
GRTST DEPTH: 0 7 = DUSTSTORM OR SANDSTORM:
VSBY 1/2 MILE OR LESS
8 = SMOKE OR HAZE
[NO. OF DAYS WITH] [WEATHER - DAYS WITH] 9 = BLOWING SNOW
X = TORNADO
MAX 32 OR BELOW: 0 0.01 INCH OR MORE: 9
MAX 90 OR ABOVE: 5 0.10 INCH OR MORE: 4
MIN 32 OR BELOW: 0 0.50 INCH OR MORE: 2
MIN 0 OR BELOW: 0 1.00 INCH OR MORE: 0
[HDD (BASE 65) ]
TOTAL THIS MO. 0 CLEAR (SCALE 0-3) 25
DPTR FM NORMAL -6 PTCLDY (SCALE 4-7) 5
TOTAL FM JUL 1 4037 CLOUDY (SCALE 8-10) 0
DPTR FM NORMAL -237
[CDD (BASE 65) ]
TOTAL THIS MO. 294
DPTR FM NORMAL -8 [PRESSURE DATA]
TOTAL FM JAN 1 454 HIGHEST SLP M ON M
DPTR FM NORMAL 3 LOWEST SLP 29.65 ON 18
[REMARKS]
#FINAL-06-23#