000
CXUS53 KSGF 010810
CF6SGF
PRELIMINARY LOCAL CLIMATOLOGICAL DATA (WS FORM: F-6)
STATION: SPRINGFIELD MO
MONTH: JANUARY
YEAR: 2023
LATITUDE: 37 13 N
LONGITUDE: 93 23 W
TEMPERATURE IN F: :PCPN: SNOW: WIND :SUNSHINE: SKY :PK WND
================================================================================
1 2 3 4 5 6A 6B 7 8 9 10 11 12 13 14 15 16 17 18
12Z AVG MX 2MIN
DY MAX MIN AVG DEP HDD CDD WTR SNW DPTH SPD SPD DIR MIN PSBL S-S WX SPD DR
================================================================================
1 63 44 54 20 11 0 0.00 0.0 0 9.7 15 130 M M 4 12 20 130
2 70 50 60 26 5 0 1.55 0.0 0 12.5 30 160 M M 6 123 39 150
3 60 36 48 14 17 0 0.00 0.0 0 13.1 25 240 M M 3 1 35 230
4 47 34 41 7 24 0 0.00 0.0 0 11.5 21 280 M M 4 29 290
5 45 29 37 3 28 0 0.00 0.0 0 10.4 25 280 M M 0 33 280
6 54 24 39 5 26 0 0.00 0.0 0 9.0 17 140 M M 4 23 140
7 48 36 42 8 23 0 T 0.0 0 7.8 15 360 M M 10 19 10
8 46 30 38 4 27 0 0.00 0.0 0 5.2 12 330 M M 6 1 14 320
9 58 30 44 10 21 0 0.00 0.0 0 10.7 22 160 M M 0 8 28 140
10 62 28 45 11 20 0 0.00 0.0 0 8.1 18 150 M M 0 25 130
11 65 34 50 16 15 0 T 0.0 0 5.5 18 150 M M 1 12 20 150
12 53 26 40 6 25 0 0.08 0.7 0 17.0 29 340 M M 9 128 37 350
13 29 19 24 -10 41 0 0.00 0.0 T 8.7 18 360 M M 8 23 10
14 46 18 32 -2 33 0 0.00 0.0 T 10.7 21 150 M M 0 1 28 150
15 60 34 47 13 18 0 T 0.0 0 19.3 29 160 M M 0 40 170
16 69 42 56 22 9 0 T 0.0 0 15.4 36 220 M M 5 46 210
17 62 34 48 14 17 0 T 0.0 0 5.0 10 100 M M 1 14 90
18 53 42 48 14 17 0 0.64 0.0 0 9.5 22 130 M M 7 1 30 250
19 45 30 38 4 27 0 0.00 0.0 0 14.3 28 260 M M 6 43 270
20 46 24 35 1 30 0 0.00 0.0 0 4.6 10 350 M M 0 14 300
21 43 24 34 0 31 0 0.06 T 0 7.1 21 150 M M 6 1 25 150
22 36 32 34 0 31 0 0.03 T 0 6.9 16 330 M M 10 1 20 330
23 45 25 35 1 30 0 0.00 0.0 0 4.6 12 270 M M 4 16 250
24 37 25 31 -3 34 0 0.27 2.0 2 6.0 10 40 M M 6 1 13 40
25 35 28 32 -3 33 0 0.10 3.7 5 10.8 18 310 M M 10 18 28 280
26 31 19 25 -10 40 0 T T 2 10.1 18 280 M M 6 25 290
27 52 28 40 5 25 0 0.00 0.0 2 12.8 24 230 M M 0 35 220
28 57 35 46 11 19 0 0.00 0.0 0 14.3 29 190 M M 5 38 190
29 45 21 33 -2 32 0 T 0.0 0 12.6 20 360 M M 10 16 25 360
30 21 16 19 -16 46 0 0.08 0.3 0 12.0 17 30 M M 10 168 23 350
31 22 17 20 -15 45 0 0.01 T T 7.1 15 30 M M 7 17 40
================================================================================
SM 1505 914 800 0 2.82 6.7 312.3 M 148
================================================================================
AV 48.5 29.5 10.1 FASTST M M 5 MAX(MPH)
MISC ----> 36 220 46 210
================================================================================
NOTES:
# LAST OF SEVERAL OCCURRENCES
COLUMN 17 PEAK WIND IN M.P.H.
PRELIMINARY LOCAL CLIMATOLOGICAL DATA (WS FORM: F-6) , PAGE 2
STATION: SPRINGFIELD MO
MONTH: JANUARY
YEAR: 2023
LATITUDE: 37 13 N
LONGITUDE: 93 23 W
[TEMPERATURE DATA] [PRECIPITATION DATA] SYMBOLS USED IN COLUMN 16
AVERAGE MONTHLY: 39.0 TOTAL FOR MONTH: 2.82 1 = FOG OR MIST
DPTR FM NORMAL: 4.7 DPTR FM NORMAL: 0.28 2 = FOG REDUCING VISIBILITY
HIGHEST: 70 ON 2 GRTST 24HR 1.55 ON 2- 2 TO 1/4 MILE OR LESS
LOWEST: 16 ON 30 3 = THUNDER
SNOW, ICE PELLETS, HAIL 4 = ICE PELLETS
TOTAL MONTH: 6.7 INCHES 5 = HAIL
GRTST 24HR 3.7 ON 25-25 6 = FREEZING RAIN OR DRIZZLE
GRTST DEPTH: 5 ON 25 7 = DUSTSTORM OR SANDSTORM:
VSBY 1/2 MILE OR LESS
8 = SMOKE OR HAZE
[NO. OF DAYS WITH] [WEATHER - DAYS WITH] 9 = BLOWING SNOW
X = TORNADO
MAX 32 OR BELOW: 4 0.01 INCH OR MORE: 9
MAX 90 OR ABOVE: 0 0.10 INCH OR MORE: 4
MIN 32 OR BELOW: 20 0.50 INCH OR MORE: 2
MIN 0 OR BELOW: 0 1.00 INCH OR MORE: 1
[HDD (BASE 65) ]
TOTAL THIS MO. 800 CLEAR (SCALE 0-3) 10
DPTR FM NORMAL -153 PTCLDY (SCALE 4-7) 15
TOTAL FM JUL 1 2521 CLOUDY (SCALE 8-10) 6
DPTR FM NORMAL -116
[CDD (BASE 65) ]
TOTAL THIS MO. 0
DPTR FM NORMAL 0 [PRESSURE DATA]
TOTAL FM JAN 1 0 HIGHEST SLP M ON M
DPTR FM NORMAL 0 LOWEST SLP 29.51 ON 16
[REMARKS]
#FINAL-01-23#