000
CXUS53 KSGF 010800
CF6SGF
PRELIMINARY LOCAL CLIMATOLOGICAL DATA (WS FORM: F-6)
STATION: SPRINGFIELD MO
MONTH: APRIL
YEAR: 2020
LATITUDE: 37 13 N
LONGITUDE: 93 23 W
TEMPERATURE IN F: :PCPN: SNOW: WIND :SUNSHINE: SKY :PK WND
================================================================================
1 2 3 4 5 6A 6B 7 8 9 10 11 12 13 14 15 16 17 18
12Z AVG MX 2MIN
DY MAX MIN AVG DEP HDD CDD WTR SNW DPTH SPD SPD DIR MIN PSBL S-S WX SPD DR
================================================================================
1 69 40 55 4 10 0 0.00 0.0 0 7.7 17 160 M M 0 26 150
2 74 53 64 12 1 0 0.08 0.0 0 16.2 30 180 M M 1 3 40 150
3 60 34 47 -5 18 0 0.27 0.0 0 10.9 20 330 M M 10 1 26 330
4 41 33 37 -15 28 0 0.02 0.0 0 8.1 15 10 M M 10 1 19 10
5 58 41 50 -2 15 0 0.02 0.0 0 3.2 9 210 M M 10 1 12 200
6 73 48 61 8 4 0 0.00 0.0 0 11.7 23 190 M M 6 28 200
7 80 58 69 16 0 4 0.00 0.0 0 10.0 21 220 M M 2 26 240
8 87 57 72 19 0 7 0.00 0.0 0 9.9 28 350 M M 0 1 38 10
9 60 41 51 -3 14 0 0.00 0.0 0 12.1 22 10 M M 2 30 360
10 57 30 44 -10 21 0 0.00 0.0 0 6.3 15 10 M M 0 21 10
11 67 44 56 2 9 0 0.23 0.0 0 14.5 29 190 M M 6 13 39 190
12 61 34 48 -7 17 0 0.79 0.0 0 14.9 31 330 M M 8 13 42 330
13 44 29 37 -18 28 0 0.00 0.0 0 13.0 29 330 M M 6 39 330
14 50 34 42 -13 23 0 0.00 0.0 0 4.8 14 280 M M 6 19 280
15 57 30 44 -12 21 0 0.00 0.0 0 9.2 21 270 M M 1 32 270
16 69 39 54 -2 11 0 0.00 0.0 0 11.8 25 190 M M 2 34 200
17 54 31 43 -13 22 0 0.06 0.0 0 10.4 18 340 M M 9 1 24 200
18 63 27 45 -11 20 0 0.00 0.0 0 7.7 15 180 M M 0 20 190
19 69 46 58 1 7 0 0.39 0.0 0 6.4 16 170 M M 5 13 21 60
20 72 39 56 -1 9 0 0.02 0.0 0 8.1 22 240 M M 3 123 30 240
21 72 43 58 0 7 0 0.00 0.0 0 5.6 14 320 M M 0 20 320
22 60 53 57 -1 8 0 1.45 0.0 0 13.9 26 130 M M 8 13 36 130
23 66 51 59 1 6 0 0.18 0.0 0 8.9 18 320 M M 6 1 26 310
24 69 50 60 2 5 0 0.52 0.0 0 6.5 16 260 M M 6 13 21 320
25 64 44 54 -5 11 0 0.46 0.0 0 15.1 28 340 M M 6 1 39 330
26 70 39 55 -4 10 0 T 0.0 0 3.3 14 340 M M 3 1 17 280
27 67 54 61 2 4 0 0.02 0.0 0 12.4 23 180 M M 5 29 190
28 80 58 69 9 0 4 0.40 0.0 0 12.2 44 260 M M 5 13 65 260
29 63 49 56 -4 9 0 T 0.0 0 12.7 25 320 M M 5 37 330
30 71 43 57 -3 8 0 0.00 0.0 0 6.9 20 330 M M 0 26 340
================================================================================
SM 1947 1272 346 15 4.91 0.0 294.4 M 131
================================================================================
AV 64.9 42.4 9.8 FASTST M M 4 MAX(MPH)
MISC ----> # 44 260 # 65 260
================================================================================
NOTES:
# LAST OF SEVERAL OCCURRENCES
COLUMN 17 PEAK WIND IN M.P.H.
PRELIMINARY LOCAL CLIMATOLOGICAL DATA (WS FORM: F-6) , PAGE 2
STATION: SPRINGFIELD MO
MONTH: APRIL
YEAR: 2020
LATITUDE: 37 13 N
LONGITUDE: 93 23 W
[TEMPERATURE DATA] [PRECIPITATION DATA] SYMBOLS USED IN COLUMN 16
AVERAGE MONTHLY: 53.7 TOTAL FOR MONTH: 4.91 1 = FOG OR MIST
DPTR FM NORMAL: -2.1 DPTR FM NORMAL: 0.59 2 = FOG REDUCING VISIBILITY
HIGHEST: 87 ON 8 GRTST 24HR 1.45 ON 22-22 TO 1/4 MILE OR LESS
LOWEST: 27 ON 18 3 = THUNDER
SNOW, ICE PELLETS, HAIL 4 = ICE PELLETS
TOTAL MONTH: 0.0 INCH 5 = HAIL
GRTST 24HR 0.0 6 = FREEZING RAIN OR DRIZZLE
GRTST DEPTH: 0 7 = DUSTSTORM OR SANDSTORM:
VSBY 1/2 MILE OR LESS
8 = SMOKE OR HAZE
[NO. OF DAYS WITH] [WEATHER - DAYS WITH] 9 = BLOWING SNOW
X = TORNADO
MAX 32 OR BELOW: 0 0.01 INCH OR MORE: 15
MAX 90 OR ABOVE: 0 0.10 INCH OR MORE: 9
MIN 32 OR BELOW: 5 0.50 INCH OR MORE: 3
MIN 0 OR BELOW: 0 1.00 INCH OR MORE: 1
[HDD (BASE 65) ]
TOTAL THIS MO. 346 CLEAR (SCALE 0-3) 13
DPTR FM NORMAL 46 PTCLDY (SCALE 4-7) 13
TOTAL FM JUL 1 4161 CLOUDY (SCALE 8-10) 4
DPTR FM NORMAL -313
[CDD (BASE 65) ]
TOTAL THIS MO. 15
DPTR FM NORMAL -7 [PRESSURE DATA]
TOTAL FM JAN 1 23 HIGHEST SLP M ON M
DPTR FM NORMAL -2 LOWEST SLP 29.44 ON 12
[REMARKS]
#FINAL-04-20#