000
CXUS54 KSHV 062204
CF6SHV
PRELIMINARY LOCAL CLIMATOLOGICAL DATA (WS FORM: F-6)
STATION: SHREVEPORT
MONTH: APRIL
YEAR: 2023
LATITUDE: 32 28 N
LONGITUDE: 93 49 W
TEMPERATURE IN F: :PCPN: SNOW: WIND :SUNSHINE: SKY :PK WND
================================================================================
1 2 3 4 5 6A 6B 7 8 9 10 11 12 13 14 15 16 17 18
12Z AVG MX 2MIN
DY MAX MIN AVG DEP HDD CDD WTR SNW DPTH SPD SPD DIR MIN PSBL S-S WX SPD DR
================================================================================
1 81 53 67 4 0 2 0.00 0.0 0 7.0 15 320 M M 4 19 340
2 84 52 68 5 0 3 1.94 0.0 0 8.0 54 320 M M 8 13 73 320
3 88 60 74 11 0 9 0.00 0.0 0 9.4 20 180 M M 7 1 27 190
4 85 70 78 15 0 13 0.00 0.0 0 13.8 24 180 M M 9 1 37 160
5 79 56 68 4 0 3 1.07 0.0 0 10.7 21 170 M M 10 13 32 150
6 57 50 54 -10 11 0 3.07 0.0 0 11.9 24 300 M M 10 13 33 70
7 54 50 52 -12 13 0 0.27 0.0 0 9.7 17 20 M M 10 1 27 50
8 72 53 63 -1 2 0 0.00 0.0 0 5.0 12 80 M M 8 16 340
9 74 53 64 0 1 0 0.00 0.0 0 5.9 13 110 M M 7 18 100
10 74 52 63 -2 2 0 0.00 0.0 0 6.2 16 110 M M 7 22 110
11 78 52 65 0 0 0 0.00 0.0 0 3.3 15 60 M M 5 20 70
12 77 52 65 0 0 0 0.00 0.0 0 3.1 14 180 M M 7 19 150
13 75 56 66 1 0 1 0.01 0.0 0 4.3 12 40 M M 7 15 260
14 83 56 70 4 0 5 0.00 0.0 0 9.5 17 170 M M 3 26 190
15 90 63 77 11 0 12 0.13 0.0 0 11.0 30 320 M M 7 3 40 320
16 72 50 61 -5 4 0 0.00 0.0 0 10.7 21 320 M M 1 33 330
17 79 43 61 -5 4 0 0.00 0.0 0 3.0 10 160 M M 1 16 160
18 75 51 63 -3 2 0 T 0.0 0 6.8 16 170 M M 5 22 170
19 84 58 71 4 0 6 0.00 0.0 0 11.5 22 190 M M 6 30 160
20 78 65 72 5 0 7 0.42 0.0 0 10.5 27 180 M M 9 13 39 190
21 74 53 64 -3 1 0 0.22 0.0 0 6.5 17 340 M M 8 12 23 340
22 79 48 64 -3 1 0 0.00 0.0 0 6.1 21 40 M M 5 1 27 40
23 59 51 55 -13 10 0 0.03 0.0 0 10.1 17 40 M M 9 23 40
24 72 51 62 -6 3 0 0.00 0.0 0 8.7 18 90 M M 7 26 110
25 75 56 66 -2 0 1 T 0.0 0 7.7 16 60 M M 9 22 50
26 68 53 61 -7 4 0 2.59 0.0 0 9.5 25 100 M M 9 13 35 110
27 75 56 66 -3 0 1 0.54 0.0 0 9.2 29 110 M M 7 13 38 110
28 79 51 65 -4 0 0 0.01 0.0 0 4.6 14 140 M M 4 1 17 110
29 67 54 61 -8 4 0 0.01 0.0 0 12.0 22 300 M M 8 1 31 340
30 82 50 66 -3 0 1 0.00 0.0 0 6.2 14 300 M M 0 19 320
================================================================================
SM 2269 1618 62 64 10.31 0.0 241.9 M 197
================================================================================
AV 75.6 53.9 8.1 FASTST M M 7 MAX(MPH)
MISC ----> 54 320 73 320
================================================================================
NOTES:
# LAST OF SEVERAL OCCURRENCES
COLUMN 17 PEAK WIND IN M.P.H.
PRELIMINARY LOCAL CLIMATOLOGICAL DATA (WS FORM: F-6) , PAGE 2
STATION: SHREVEPORT
MONTH: APRIL
YEAR: 2023
LATITUDE: 32 28 N
LONGITUDE: 93 49 W
[TEMPERATURE DATA] [PRECIPITATION DATA] SYMBOLS USED IN COLUMN 16
AVERAGE MONTHLY: 64.8 TOTAL FOR MONTH: 10.31 1 = FOG OR MIST
DPTR FM NORMAL: -1.1 DPTR FM NORMAL: 5.12 2 = FOG REDUCING VISIBILITY
HIGHEST: 90 ON 15 GRTST 24HR 3.07 ON 6- 6 TO 1/4 MILE OR LESS
LOWEST: 43 ON 17 3 = THUNDER
SNOW, ICE PELLETS, HAIL 4 = ICE PELLETS
TOTAL MONTH: 0.0 INCH 5 = HAIL
GRTST 24HR 0.0 6 = FREEZING RAIN OR DRIZZLE
GRTST DEPTH: 0 7 = DUSTSTORM OR SANDSTORM:
VSBY 1/2 MILE OR LESS
8 = SMOKE OR HAZE
[NO. OF DAYS WITH] [WEATHER - DAYS WITH] 9 = BLOWING SNOW
X = TORNADO
MAX 32 OR BELOW: 0 0.01 INCH OR MORE: 13
MAX 90 OR ABOVE: 1 0.10 INCH OR MORE: 9
MIN 32 OR BELOW: 0 0.50 INCH OR MORE: 5
MIN 0 OR BELOW: 0 1.00 INCH OR MORE: 4
[HDD (BASE 65) ]
TOTAL THIS MO. 62 CLEAR (SCALE 0-3) 3
DPTR FM NORMAL -16 PTCLDY (SCALE 4-7) 18
TOTAL FM JUL 1 1585 CLOUDY (SCALE 8-10) 9
DPTR FM NORMAL -473
[CDD (BASE 65) ]
TOTAL THIS MO. 64
DPTR FM NORMAL -41 [PRESSURE DATA]
TOTAL FM JAN 1 202 HIGHEST SLP M ON M
DPTR FM NORMAL 42 LOWEST SLP 29.67 ON 3
[REMARKS]
#FINAL-04-23#