000
CXUS56 KMTR 011100
CF6SJC
PRELIMINARY LOCAL CLIMATOLOGICAL DATA (WS FORM: F-6)
STATION: SAN JOSE AIRPORT
MONTH: FEBRUARY
YEAR: 2022
LATITUDE: 37 21 N
LONGITUDE: 121 55 W
TEMPERATURE IN F: :PCPN: SNOW: WIND :SUNSHINE: SKY :PK WND
================================================================================
1 2 3 4 5 6A 6B 7 8 9 10 11 12 13 14 15 16 17 18
12Z AVG MX 2MIN
DY MAX MIN AVG DEP HDD CDD WTR SNW DPTH SPD SPD DIR MIN PSBL S-S WX SPD DR
================================================================================
1 62 36 49 -3 16 0 0.00 M M 7.4 25 350 M M 2 128 32 10
2 63 42 53 1 12 0 0.00 M M 8.1 21 350 M M 1 31 10
3 65 36 51 -1 14 0 0.00 M M 4.6 14 320 M M 4 19 330
4 66 37 52 0 13 0 0.00 M M 2.7 13 320 M M 1 16 320
5 65 37 51 -1 14 0 0.00 M M 2.4 12 340 M M 4 14 330
6 68 36 52 0 13 0 0.00 M M 2.5 8 320 M M 1 11 320
7 69 38 54 2 11 0 0.00 M M 2.1 8 330 M M 2 18 10 360
8 74 38 56 4 9 0 0.00 M M 3.7 10 340 M M 1 8 13 320
9 77 41 59 7 6 0 0.00 M M 2.8 9 330 M M 3 13 310
10 79 41 60 7 5 0 0.00 M M 3.6 14 320 M M 1 19 300
11 79 45 62 9 3 0 0.00 M M 3.7 15 340 M M 2 8 19 340
12 81 47 64 11 1 0 0.00 M M 2.1 9 340 M M 2 12 340
13 79 45 62 9 3 0 0.00 M M 3.0 9 330 M M 3 11 330
14 60 48 54 1 11 0 0.00 M M 7.3 17 300 M M 8 18 23 300
15 61 43 52 -1 13 0 0.00 M M 11.9 24 310 M M 2 30 290
16 70 44 57 4 8 0 0.00 M M 8.5 21 330 M M 0 26 340
17 69 46 58 5 7 0 0.00 M M 5.4 13 320 M M 1 20 360
18 70 39 55 1 10 0 0.00 M M 3.5 12 340 M M 4 14 340
19 72 41 57 3 8 0 0.00 M M 3.9 12 330 M M 1 15 320
20 63 42 53 -1 12 0 0.00 M M 5.7 16 330 M M 5 18 20 360
21 58 37 48 -6 17 0 T M M 7.5 21 330 M M 3 27 300
22 54 40 47 -7 18 0 0.01 M M 10.3 21 280 M M 6 29 320
23 56 35 46 -8 19 0 0.00 M M 5.7 18 330 M M 1 23 320
24 60 33 47 -7 18 0 0.00 M M 5.8 18 340 M M 2 22 320
25 63 34 49 -5 16 0 0.00 M M 4.3 15 340 M M 1 20 350
26 65 35 50 -4 15 0 0.00 M M 3.2 10 340 M M 6 13 320
27 71 40 56 1 9 0 0.00 M M 4.1 13 330 M M 1 17 320
28 75 43 59 4 6 0 0.00 M M 3.8 15 340 M M 2 20 10
================================================================================
SM 1894 1119 307 0 0.01 M 139.6 M 70
================================================================================
AV 67.6 40.0 5.0 FASTST M M 3 MAX(MPH)
MISC ----> 25 350 32 10
================================================================================
NOTES:
# LAST OF SEVERAL OCCURRENCES
COLUMN 17 PEAK WIND IN M.P.H.
PRELIMINARY LOCAL CLIMATOLOGICAL DATA (WS FORM: F-6) , PAGE 2
STATION: SAN JOSE AIRPORT
MONTH: FEBRUARY
YEAR: 2022
LATITUDE: 37 21 N
LONGITUDE: 121 55 W
[TEMPERATURE DATA] [PRECIPITATION DATA] SYMBOLS USED IN COLUMN 16
AVERAGE MONTHLY: 53.8 TOTAL FOR MONTH: 0.01 1 = FOG OR MIST
DPTR FM NORMAL: 0.6 DPTR FM NORMAL: -2.68 2 = FOG REDUCING VISIBILITY
HIGHEST: 81 ON 12 GRTST 24HR 0.01 ON 21-22 TO 1/4 MILE OR LESS
LOWEST: 33 ON 24 3 = THUNDER
SNOW, ICE PELLETS, HAIL 4 = ICE PELLETS
TOTAL MONTH: M 5 = HAIL
GRTST 24HR M ON M 6 = FREEZING RAIN OR DRIZZLE
GRTST DEPTH: M ON M 7 = DUSTSTORM OR SANDSTORM:
VSBY 1/2 MILE OR LESS
8 = SMOKE OR HAZE
[NO. OF DAYS WITH] [WEATHER - DAYS WITH] 9 = BLOWING SNOW
X = TORNADO
MAX 32 OR BELOW: 0 0.01 INCH OR MORE: 1
MAX 90 OR ABOVE: 0 0.10 INCH OR MORE: 0
MIN 32 OR BELOW: 0 0.50 INCH OR MORE: 0
MIN 0 OR BELOW: 0 1.00 INCH OR MORE: 0
[HDD (BASE 65) ]
TOTAL THIS MO. 307 CLEAR (SCALE 0-3) 21
DPTR FM NORMAL -25 PTCLDY (SCALE 4-7) 7
TOTAL FM JUL 1 1406 CLOUDY (SCALE 8-10) 0
DPTR FM NORMAL -176
[CDD (BASE 65) ]
TOTAL THIS MO. 0
DPTR FM NORMAL 0 [PRESSURE DATA]
TOTAL FM JAN 1 0 HIGHEST SLP 30.45 ON 4
DPTR FM NORMAL 0 LOWEST SLP 29.88 ON 15
[REMARKS]
#FINAL-02-22#