000
CXUS56 KMTR 230900
CF6SJC
PRELIMINARY LOCAL CLIMATOLOGICAL DATA (WS FORM: F-6)
STATION: SAN JOSE AIRPORT
MONTH: APRIL
YEAR: 2024
LATITUDE: 37 21 N
LONGITUDE: 121 55 W
TEMPERATURE IN F: :PCPN: SNOW: WIND :SUNSHINE: SKY :PK WND
================================================================================
1 2 3 4 5 6A 6B 7 8 9 10 11 12 13 14 15 16 17 18
12Z AVG MX 2MIN
DY MAX MIN AVG DEP HDD CDD WTR SNW DPTH SPD SPD DIR MIN PSBL S-S WX SPD DR
================================================================================
1 73 45 59 2 6 0 0.00 M M 5.2 16 340 M M 1 21 330
2 76 49 63 6 2 0 0.00 M M 5.8 14 320 M M 0 19 300
3 67 52 60 3 5 0 0.00 M M 7.9 22 330 M M 7 8 28 330
4 57 44 51 -7 14 0 0.30 M M 9.5 24 200 M M 9 8 36 190
5 60 43 52 -6 13 0 0.04 M M 9.2 22 300 M M 8 29 270
6 62 40 51 -7 14 0 0.00 M M 7.6 20 330 M M 4 25 330
7 64 43 54 -4 11 0 0.00 M M 7.5 20 320 M M 3 26 340
8 72 45 59 1 6 0 0.00 M M 6.1 17 340 M M 0 8 26 350
9 78 47 63 5 2 0 0.00 M M 5.1 15 320 M M 0 21 310
10 81 51 66 8 0 1 0.00 M M 4.4 15 330 M M 5 18 340
11 81 55 68 10 0 3 T M M 4.9 20 310 M M 1 23 330
12 68 54 61 3 4 0 0.00 M M 9.2 26 200 M M 5 39 200
13 59 49 54 -4 11 0 0.44 M M 11.4 24 140 M M 9 1 32 130
14 63 47 55 -3 10 0 0.03 M M 8.5 16 330 M M 7 22 320
15 69 53 61 2 4 0 0.00 M M 6.5 18 340 M M 6 27 350
16 77 48 63 4 2 0 0.00 M M 4.4 15 320 M M 4 21 330
17 81 55 68 9 0 3 0.00 M M 4.4 17 330 M M 5 20 330
18 78 56 67 8 0 2 0.00 M M 5.5 18 310 M M 4 21 310
19 73 50 62 3 3 0 0.00 M M 7.3 17 330 M M 1 21 330
20 74 52 63 4 2 0 0.00 M M 6.4 20 330 M M 3 8 26 330
21 81 50 66 7 0 1 0.00 M M 4.2 13 320 M M 1 17 310
22 83 56 70 10 0 5 0.00 M M 6.7 18 190 M M 1 23 330
================================================================================
SM 1577 1084 109 15 0.81 M 147.7 M 84
================================================================================
AV 71.7 49.3 6.7 FASTST M M 4 MAX(MPH)
MISC ----> 26 200 39 200
================================================================================
NOTES:
# LAST OF SEVERAL OCCURRENCES
COLUMN 17 PEAK WIND IN M.P.H.
PRELIMINARY LOCAL CLIMATOLOGICAL DATA (WS FORM: F-6) , PAGE 2
STATION: SAN JOSE AIRPORT
MONTH: APRIL
YEAR: 2024
LATITUDE: 37 21 N
LONGITUDE: 121 55 W
[TEMPERATURE DATA] [PRECIPITATION DATA] SYMBOLS USED IN COLUMN 16
AVERAGE MONTHLY: 60.5 TOTAL FOR MONTH: 0.81 1 = FOG OR MIST
DPTR FM NORMAL: 2.2 DPTR FM NORMAL: -0.09 2 = FOG REDUCING VISIBILITY
HIGHEST: 83 ON 22 GRTST 24HR 0.46 ON 13-14 TO 1/4 MILE OR LESS
LOWEST: 40 ON 6 3 = THUNDER
SNOW, ICE PELLETS, HAIL 4 = ICE PELLETS
TOTAL MONTH: M 5 = HAIL
GRTST 24HR M ON M 6 = FREEZING RAIN OR DRIZZLE
GRTST DEPTH: M ON M 7 = DUSTSTORM OR SANDSTORM:
VSBY 1/2 MILE OR LESS
8 = SMOKE OR HAZE
[NO. OF DAYS WITH] [WEATHER - DAYS WITH] 9 = BLOWING SNOW
X = TORNADO
MAX 32 OR BELOW: 0 0.01 INCH OR MORE: 4
MAX 90 OR ABOVE: 0 0.10 INCH OR MORE: 2
MIN 32 OR BELOW: 0 0.50 INCH OR MORE: 0
MIN 0 OR BELOW: 0 1.00 INCH OR MORE: 0
[HDD (BASE 65) ]
TOTAL THIS MO. 109 CLEAR (SCALE 0-3) 9
DPTR FM NORMAL -45 PTCLDY (SCALE 4-7) 11
TOTAL FM JUL 1 1409 CLOUDY (SCALE 8-10) 2
DPTR FM NORMAL -606
[CDD (BASE 65) ]
TOTAL THIS MO. 15
DPTR FM NORMAL 15 [PRESSURE DATA]
TOTAL FM JAN 1 15 HIGHEST SLP M ON M
DPTR FM NORMAL 13 LOWEST SLP 29.70 ON 4
[REMARKS]