000
CXUS53 KICT 011410
CF6SLN
PRELIMINARY LOCAL CLIMATOLOGICAL DATA (WS FORM: F-6)
STATION: SALINA KS
MONTH: APRIL
YEAR: 2022
LATITUDE: 38 47 N
LONGITUDE: 97 39 W
TEMPERATURE IN F: :PCPN: SNOW: WIND :SUNSHINE: SKY :PK WND
================================================================================
1 2 3 4 5 6A 6B 7 8 9 10 11 12 13 14 15 16 17 18
12Z AVG MX 2MIN
DY MAX MIN AVG DEP HDD CDD WTR SNW DPTH SPD SPD DIR MIN PSBL S-S WX SPD DR
================================================================================
1 67 28 48 -3 17 0 0.02 M M 12.9 30 160 M M 4 39 170
2 65 35 50 -1 15 0 0.00 M M 6.9 17 310 M M 0 22 300
3 69 41 55 4 10 0 0.00 M M 10.1 21 200 M M 2 33 200
4 64 44 54 2 11 0 0.00 M M 7.3 14 120 M M 0 8 19 10
5 75 39 57 5 8 0 0.00 M M 14.7 39 340 M M 7 1 48 330
6 64 41 53 1 12 0 0.00 M M 20.3 43 320 M M 3 56 320
7 54 40 47 -5 18 0 0.00 M M 24.5 45 330 M M 6 59 320
8 59 27 43 -10 22 0 0.00 M M 19.3 35 340 M M 0 44 340
9 75 23 49 -4 16 0 0.00 M M 13.6 28 160 M M 0 39 170
10 75 50 63 10 2 0 0.00 M M 17.2 25 320 M M 0 35 190
11 71 47 59 6 6 0 0.00 M M 10.4 24 320 M M 4 31 140
12 90 51 71 17 0 6 0.50 M M 27.6 43 170 M M 4 38 58 170
13 55 31 43 -11 22 0 T M M 16.8 29 330 M M 3 39 300
14 65 28 47 -7 18 0 0.00 M M 11.1 29 220 M M 1 39 220
15 60 43 52 -2 13 0 0.00 M M 13.9 21 30 M M 0 30 40
16 55 36 46 -9 19 0 0.00 M M 13.9 21 30 M M 2 8 30 20
17 58 41 50 -5 15 0 T M M 8.1 16 90 M M 5 23 100
18 59 34 47 -8 18 0 0.00 M M 8.7 21 360 M M 4 26 360
19 61 34 48 -7 17 0 0.00 M M 16.4 30 160 M M 6 40 160
20 76 49 63 7 2 0 0.00 M M 13.6 30 160 M M 6 43 170
21 75 44 60 4 5 0 T M M 11.9 25 120 M M 6 128 34 120
22 83 70 77 21 0 12 0.00 M M 27.8 41 200 M M 7 59 190
23 82 50 66 9 0 1 0.12 M M 24.0 41 170 M M 3 3 55 160
24 71 42 57 0 8 0 0.00 M M 12.6 25 320 M M 0 36 310
25 64 34 49 -8 16 0 0.00 M M 10.6 25 340 M M 0 33 330
26 72 29 51 -7 14 0 0.00 M M 11.3 24 190 M M 0 35 170
27 81 52 67 9 0 2 0.00 M M 20.2 32 190 M M 0 44 200
28 83 58 71 13 0 6 0.00 M M 13.8 23 160 M M 1 31 150
29 92 55 74 16 0 9 T M M 17.5 58 290 M M 5 378 79 290
30 71 41 56 -3 9 0 0.00 M M 20.4 40 310 M M 3 52 290
================================================================================
SM 2091 1237 313 36 0.64 M 457.4 M 82
================================================================================
AV 69.7 41.2 15.2 FASTST M M 3 MAX(MPH)
MISC ----> 58 290 79 290
================================================================================
NOTES:
# LAST OF SEVERAL OCCURRENCES
COLUMN 17 PEAK WIND IN M.P.H.
PRELIMINARY LOCAL CLIMATOLOGICAL DATA (WS FORM: F-6) , PAGE 2
STATION: SALINA KS
MONTH: APRIL
YEAR: 2022
LATITUDE: 38 47 N
LONGITUDE: 97 39 W
[TEMPERATURE DATA] [PRECIPITATION DATA] SYMBOLS USED IN COLUMN 16
AVERAGE MONTHLY: 55.5 TOTAL FOR MONTH: 0.64 1 = FOG OR MIST
DPTR FM NORMAL: 0.9 DPTR FM NORMAL: -2.08 2 = FOG REDUCING VISIBILITY
HIGHEST: 92 ON 29 GRTST 24HR 0.50 ON 12-12 TO 1/4 MILE OR LESS
LOWEST: 23 ON 9 3 = THUNDER
SNOW, ICE PELLETS, HAIL 4 = ICE PELLETS
TOTAL MONTH: M 5 = HAIL
GRTST 24HR M ON M 6 = FREEZING RAIN OR DRIZZLE
GRTST DEPTH: M ON M 7 = DUSTSTORM OR SANDSTORM:
VSBY 1/2 MILE OR LESS
8 = SMOKE OR HAZE
[NO. OF DAYS WITH] [WEATHER - DAYS WITH] 9 = BLOWING SNOW
X = TORNADO
MAX 32 OR BELOW: 0 0.01 INCH OR MORE: 3
MAX 90 OR ABOVE: 2 0.10 INCH OR MORE: 2
MIN 32 OR BELOW: 6 0.50 INCH OR MORE: 1
MIN 0 OR BELOW: 0 1.00 INCH OR MORE: 0
[HDD (BASE 65) ]
TOTAL THIS MO. 313 CLEAR (SCALE 0-3) 18
DPTR FM NORMAL -16 PTCLDY (SCALE 4-7) 12
TOTAL FM JUL 1 4355 CLOUDY (SCALE 8-10) 0
DPTR FM NORMAL -461
[CDD (BASE 65) ]
TOTAL THIS MO. 36
DPTR FM NORMAL 19 [PRESSURE DATA]
TOTAL FM JAN 1 36 HIGHEST SLP 30.50 ON 18
DPTR FM NORMAL 16 LOWEST SLP 29.14 ON 12
[REMARKS]
#FINAL-04-22#