000
CXUS56 KLOX 011255
CF6SMO
PRELIMINARY LOCAL CLIMATOLOGICAL DATA (WS FORM: F-6)
STATION: SANTA MONICA AIRPORT CA
MONTH: NOVEMBER
YEAR: 2023
LATITUDE: 34 0 N
LONGITUDE: 118 27 W
TEMPERATURE IN F: :PCPN: SNOW: WIND :SUNSHINE: SKY :PK WND
================================================================================
1 2 3 4 5 6A 6B 7 8 9 10 11 12 13 14 15 16 17 18
12Z AVG MX 2MIN
DY MAX MIN AVG DEP HDD CDD WTR SNW DPTH SPD SPD DIR MIN PSBL S-S WX SPD DR
================================================================================
1 85 56 71 7 0 6 0.00 M M 4.4 9 250 M M 0 18 240
2 79 54 67 3 0 2 0.00 M M 4.2 9 230 M M 0 14 220
3 74 52 63 -1 2 0 0.00 M M 3.5 9 230 M M 2 12 14 230
4 70 51 61 -2 4 0 0.00 M M 3.7 9 230 M M 3 12 14 220
5 72 52 62 -1 3 0 0.00 M M 2.4 9 230 M M 0 18 13 230
6 70 54 62 -1 3 0 0.00 M M 2.6 10 250 M M 4 1 19 250
7 70 60 65 2 0 0 0.00 M M 5.7 16 350 M M 3 32 340
8 78 57 68 5 0 3 0.00 M M 7.1 15 360 M M 0 26 10
9 79 59 69 7 0 4 0.00 M M 5.9 15 210 M M 0 22 360
10 73 51 62 0 3 0 0.00 M M 3.1 9 230 M M 0 13 220
11 75 49 62 0 3 0 0.00 M M 3.5 8 250 M M 0 12 260
12 85 53 69 7 0 4 0.00 M M 4.5 9 220 M M 0 13 220
13 74 52 63 1 2 0 0.00 M M 3.6 9 210 M M 0 1 13 250
14 77 49 63 2 2 0 0.00 M M 3.5 8 200 M M 0 13 220
15 70 54 62 1 3 0 0.20 M M 3.7 13 150 M M 8 1 19 60
16 73 58 66 5 0 1 T M M 3.0 12 200 M M 5 1 18 210
17 73 54 64 3 1 0 T M M 4.5 14 210 M M 3 19 200
18 68 60 64 4 1 0 0.01 M M 3.5 12 200 M M 8 16 190
19 72 57 65 5 0 0 T M M 6.3 20 340 M M 2 39 330
20 71 50 61 1 4 0 0.00 M M 4.5 12 200 M M 0 17 200
21 82 51 67 7 0 2 0.00 M M 4.4 10 350 M M 0 19 20
22 83 57 70 10 0 5 0.00 M M 4.0 10 240 M M 0 17 240
23 71 55 63 3 2 0 0.00 M M 3.6 10 190 M M 2 15 230
24 71 53 62 3 3 0 0.00 M M 3.8 13 250 M M 1 19 230
25 68 52 60 1 5 0 0.00 M M 3.0 9 250 M M 1 14 220
26 71 47 59 0 6 0 0.00 M M 3.5 12 190 M M 0 16 60
27 73 48 61 2 4 0 0.00 M M 3.7 9 210 M M 0 13 80
28 70 51 61 3 4 0 0.00 M M 3.5 9 230 M M 0 15 260
29 64 48 56 -2 9 0 0.00 M M 3.1 14 210 M M 4 21 230
30 65 50 58 0 7 0 0.00 M M 3.5 14 230 M M 1 18 230
================================================================================
SM 2206 1594 71 27 0.21 M 119.3 M 47
================================================================================
AV 73.5 53.1 4.0 FASTST M M 2 MAX(MPH)
MISC ----> 20 340 39 330
================================================================================
NOTES:
# LAST OF SEVERAL OCCURRENCES
COLUMN 17 PEAK WIND IN M.P.H.
PRELIMINARY LOCAL CLIMATOLOGICAL DATA (WS FORM: F-6) , PAGE 2
STATION: SANTA MONICA AIRPORT CA
MONTH: NOVEMBER
YEAR: 2023
LATITUDE: 34 0 N
LONGITUDE: 118 27 W
[TEMPERATURE DATA] [PRECIPITATION DATA] SYMBOLS USED IN COLUMN 16
AVERAGE MONTHLY: 63.3 TOTAL FOR MONTH: 0.21 1 = FOG OR MIST
DPTR FM NORMAL: 2.3 DPTR FM NORMAL: -0.55 2 = FOG REDUCING VISIBILITY
HIGHEST: 85 ON 12, 1 GRTST 24HR 0.20 ON 15-15 TO 1/4 MILE OR LESS
LOWEST: 47 ON 26 3 = THUNDER
SNOW, ICE PELLETS, HAIL 4 = ICE PELLETS
TOTAL MONTH: M 5 = HAIL
GRTST 24HR M ON M 6 = FREEZING RAIN OR DRIZZLE
GRTST DEPTH: M ON M 7 = DUSTSTORM OR SANDSTORM:
VSBY 1/2 MILE OR LESS
8 = SMOKE OR HAZE
[NO. OF DAYS WITH] [WEATHER - DAYS WITH] 9 = BLOWING SNOW
X = TORNADO
MAX 32 OR BELOW: 0 0.01 INCH OR MORE: 2
MAX 90 OR ABOVE: 0 0.10 INCH OR MORE: 1
MIN 32 OR BELOW: 0 0.50 INCH OR MORE: 0
MIN 0 OR BELOW: 0 1.00 INCH OR MORE: 0
[HDD (BASE 65) ]
TOTAL THIS MO. 71 CLEAR (SCALE 0-3) 24
DPTR FM NORMAL -72 PTCLDY (SCALE 4-7) 6
TOTAL FM JUL 1 92 CLOUDY (SCALE 8-10) 0
DPTR FM NORMAL -112
[CDD (BASE 65) ]
TOTAL THIS MO. 27
DPTR FM NORMAL 2 [PRESSURE DATA]
TOTAL FM JAN 1 502 HIGHEST SLP 30.29 ON 21
DPTR FM NORMAL -109 LOWEST SLP 29.77 ON 23
[REMARKS]
#FINAL-11-23#