000
CXUS56 KLOX 011155
CF6SMX
PRELIMINARY LOCAL CLIMATOLOGICAL DATA (WS FORM: F-6)
STATION: SANTA MARIA AIRPORT CA
MONTH: SEPTEMBER
YEAR: 2022
LATITUDE: 34 54 N
LONGITUDE: 120 27 W
TEMPERATURE IN F: :PCPN: SNOW: WIND :SUNSHINE: SKY :PK WND
================================================================================
1 2 3 4 5 6A 6B 7 8 9 10 11 12 13 14 15 16 17 18
12Z AVG MX 2MIN
DY MAX MIN AVG DEP HDD CDD WTR SNW DPTH SPD SPD DIR MIN PSBL S-S WX SPD DR
================================================================================
1 76 55 66 1 0 1 0.00 M M 4.2 12 320 M M 1 18 14 340
2 77 54 66 1 0 1 0.00 M M 3.7 13 300 M M 3 12 16 290
3 89 55 72 7 0 7 0.00 M M 3.7 13 320 M M 0 18 16 310
4 95 58 77 12 0 12 0.00 M M 3.5 13 300 M M 1 15 320
5 88 63 76 11 0 11 0.00 M M 3.5 12 290 M M 0 14 320
6 89 63 76 11 0 11 0.00 M M 4.1 12 310 M M 0 18 14 320
7 88 62 75 10 0 10 0.00 M M 4.3 13 310 M M 0 128 17 320
8 86 61 74 9 0 9 0.00 M M 3.5 13 300 M M 4 128 15 340
9 87 61 74 9 0 9 0.00 M M 2.8 9 260 M M 3 18 12 260
10 87 63 75 10 0 10 0.06 M M 3.9 18 260 M M 4 18 22 230
11 86 63 75 10 0 10 T M M 5.1 18 250 M M 4 23 230
12 77 61 69 4 0 4 0.00 M M 4.8 13 320 M M 5 18 18 310
13 70 55 63 -1 2 0 0.00 M M 6.9 21 300 M M 4 18 25 300
14 72 55 64 0 1 0 0.00 M M 6.7 23 300 M M 3 1 29 290
15 72 56 64 0 1 0 0.00 M M 8.2 25 300 M M 4 128 32 300
16 70 54 62 -2 3 0 0.00 M M 8.0 22 290 M M 4 128 27 290
17 68 54 61 -3 4 0 0.00 M M 5.9 16 300 M M 8 1 22 290
18 78 54 66 2 0 1 0.01 M M 9.9 25 180 M M 7 1 32 190
19 67 61 64 0 1 0 1.77 M M 4.1 14 250 M M 10 1 17 180
20 75 56 66 2 0 1 0.00 M M 4.1 15 320 M M 4 1 23 280
21 76 54 65 1 0 0 0.00 M M 5.8 18 330 M M 1 23 330
22 86 55 71 7 0 6 0.00 M M 8.2 25 290 M M 0 8 32 290
23 84 54 69 5 0 4 0.00 M M 4.2 14 290 M M 0 16 290
24 71 55 63 -1 2 0 0.00 M M 4.2 12 300 M M 6 128 14 320
25 70 57 64 0 1 0 0.00 M M 5.5 14 290 M M 6 12 17 290
26 70 57 64 0 1 0 T M M 5.6 15 300 M M 8 18 19 290
27 69 56 63 -1 2 0 0.00 M M 3.7 13 310 M M 5 18 16 300
28 74 53 64 0 1 0 0.00 M M 4.8 15 310 M M 2 128 19 300
29 69 51 60 -4 5 0 0.00 M M 5.6 16 310 M M 6 12 19 320
30 70 55 63 -1 2 0 0.00 M M 5.3 13 340 M M 9 1 15 250
================================================================================
SM 2336 1711 26 107 1.84 M 153.8 M 112
================================================================================
AV 77.9 57.0 5.1 FASTST M M 4 MAX(MPH)
MISC ----> # 25 300 # 32 300
================================================================================
NOTES:
# LAST OF SEVERAL OCCURRENCES
COLUMN 17 PEAK WIND IN M.P.H.
PRELIMINARY LOCAL CLIMATOLOGICAL DATA (WS FORM: F-6) , PAGE 2
STATION: SANTA MARIA AIRPORT CA
MONTH: SEPTEMBER
YEAR: 2022
LATITUDE: 34 54 N
LONGITUDE: 120 27 W
[TEMPERATURE DATA] [PRECIPITATION DATA] SYMBOLS USED IN COLUMN 16
AVERAGE MONTHLY: 67.5 TOTAL FOR MONTH: 1.84 1 = FOG OR MIST
DPTR FM NORMAL: 3.1 DPTR FM NORMAL: 1.77 2 = FOG REDUCING VISIBILITY
HIGHEST: 95 ON 4 GRTST 24HR 1.78 ON 18-19 TO 1/4 MILE OR LESS
LOWEST: 51 ON 29 3 = THUNDER
SNOW, ICE PELLETS, HAIL 4 = ICE PELLETS
TOTAL MONTH: M 5 = HAIL
GRTST 24HR M ON M 6 = FREEZING RAIN OR DRIZZLE
GRTST DEPTH: M ON M 7 = DUSTSTORM OR SANDSTORM:
VSBY 1/2 MILE OR LESS
8 = SMOKE OR HAZE
[NO. OF DAYS WITH] [WEATHER - DAYS WITH] 9 = BLOWING SNOW
X = TORNADO
MAX 32 OR BELOW: 0 0.01 INCH OR MORE: 3
MAX 90 OR ABOVE: 1 0.10 INCH OR MORE: 1
MIN 32 OR BELOW: 0 0.50 INCH OR MORE: 1
MIN 0 OR BELOW: 0 1.00 INCH OR MORE: 1
[HDD (BASE 65) ]
TOTAL THIS MO. 26 CLEAR (SCALE 0-3) 11
DPTR FM NORMAL -33 PTCLDY (SCALE 4-7) 17
TOTAL FM JUL 1 124 CLOUDY (SCALE 8-10) 2
DPTR FM NORMAL -41
[CDD (BASE 65) ]
TOTAL THIS MO. 107
DPTR FM NORMAL 67 [PRESSURE DATA]
TOTAL FM JAN 1 187 HIGHEST SLP 30.08 ON 25
DPTR FM NORMAL 62 LOWEST SLP 29.53 ON 9
[REMARKS]
#FINAL-09-22#