000
CXUS56 KSGX 012223
CLMSNA
CLIMATE REPORT
NATIONAL WEATHER SERVICE SAN DIEGO, CA
223 PM PST FRI MAR 01 2024
...................................
...THE JOHN WAYNE AIRPORT CA CLIMATE SUMMARY FOR THE MONTH OF FEBRUARY 2024...
CLIMATE NORMAL PERIOD: 1991 TO 2020
CLIMATE RECORD PERIOD: 1999 TO 2024
WEATHER OBSERVED NORMAL DEPART LAST YEAR`S
VALUE DATE(S) VALUE FROM VALUE DATE(S)
NORMAL
................................................................
TEMPERATURE (F)
RECORD
HIGH 91 02/09/2022
02/09/2022
LOW 36 02/02/2016
HIGHEST 79 02/23 67 12 76 02/09
LOWEST 44 02/10 49 -5 41 02/26
02/11
02/12
AVG. MAXIMUM 64.6 66.7 -2.1 64.9
AVG. MINIMUM 52.1 50.1 2.0 47.1
MEAN 58.4 58.4 -0.0 56.0
DAYS MAX >= 90 0 0.1 -0.1 0
DAYS MAX <= 32 0 0.0 0.0 0
DAYS MAX >= 45 29 28
DAYS MIN <= 32 0 0.0 0.0 0
PRECIPITATION (INCHES)
RECORD
MAXIMUM 6.97 2024
MINIMUM 0.03 2021
TOTALS 6.97R 2.64 4.33 3.28
DAILY AVG. 0.24 NAN NAN 0.12
DAYS >= .01 11 7.4 3.6 8
DAYS >= .10 10 4.5 5.5 4
DAYS >= .50 5 1.5 3.5 2
DAYS >= 1.00 4 0.7 3.3 1
DAYS >= %-5.2F 0 0
DAYS >= %-5.2F 0 0
GREATEST
24 HR. TOTAL 2.15 02/05 TO 02/06 2.40 02/24 TO 02/25
STORM TOTAL 1.65 2.08
(MM/DD(HH)) MM
DEGREE DAYS
HEATING TOTAL 190 192 -2 243
SINCE 7/1 523 798 -275 MM
COOLING TOTAL 2 7 -5 0
SINCE 1/1 3 14 -11 MM
FREEZE DATES
RECORD
EARLIEST MM
LATEST MM
EARLIEST MM
LATEST MM
................................................................
WIND (MPH)
AVERAGE WIND SPEED 4.2
RESULTANT WIND SPEED/DIRECTION 2/180
HIGHEST WIND SPEED/DIRECTION 29/210 DATE 02/07
HIGHEST GUST SPEED/DIRECTION 36/220 DATE 02/07
SKY COVER
POSSIBLE SUNSHINE (PERCENT) MM
AVERAGE SKY COVER 0.57
NUMBER OF DAYS FAIR 6
NUMBER OF DAYS PC 17
NUMBER OF DAYS CLOUDY 6
AVERAGE RH (PERCENT) 69
WEATHER CONDITIONS. NUMBER OF DAYS WITH
THUNDERSTORM 1 MIXED PRECIP 0
HEAVY RAIN 8 RAIN 7
LIGHT RAIN 14 FREEZING RAIN 0
LT FREEZING RAIN 0 HAIL 0
HEAVY SNOW 0 SNOW 0
LIGHT SNOW 0 SLEET 0
FOG 12 FOG W/VIS <= 1/4 MILE 0
HAZE 5
- INDICATES NEGATIVE NUMBERS.
R INDICATES RECORD WAS SET OR TIED.
MM INDICATES DATA IS MISSING.
T INDICATES TRACE AMOUNT.
$$