000
CXUS54 KLZK 011230
CF6SRC
PRELIMINARY LOCAL CLIMATOLOGICAL DATA (WS FORM: F-6)
STATION: SEARCY AIRPORT
MONTH: JANUARY
YEAR: 2022
LATITUDE: 35 12 N
LONGITUDE: 91 44 W
TEMPERATURE IN F: :PCPN: SNOW: WIND :SUNSHINE: SKY :PK WND
================================================================================
1 2 3 4 5 6A 6B 7 8 9 10 11 12 13 14 15 16 17 18
12Z AVG MX 2MIN
DY MAX MIN AVG DEP HDD CDD WTR SNW DPTH SPD SPD DIR MIN PSBL S-S WX SPD DR
================================================================================
1 69 41 55 17 10 0 1.55 M M 7.0 15 180 M M 10 1 30 350
2 41 22 32 -6 33 0 T M M 9.8 15 350 M M 8 22 350
3 40 18 29 -9 36 0 0.00 M M 2.8 7 99 M M 0 M M
4 45 19 32 -6 33 0 0.00 M M 6.5 15 170 M M 0 22 210
5 54 30 42 4 23 0 0.00 M M 3.9 13 340 M M 0 M M
6 37 22 30 -8 35 0 0.03 M M 10.4 16 40 M M 7 22 30
7 33 19 26 -12 39 0 0.00 M M 6.3 10 40 M M 0 M M
8 57 25 41 3 24 0 0.90 M M 4.0 13 270 M M 10 13 22 290
9 59 34 47 9 18 0 1.18 M M 11.1 21 10 M M 8 13 31 20
10 51 25 38 0 27 0 0.00 M M 4.1 10 10 M M 0 M M
11 55 24 40 2 25 0 0.00 M M M M M M M M M M
12 61 25 43 5 22 0 0.00 M M 7.1 13 190 M M 0 M M
13 68 34 51 13 14 0 0.00 M M 4.5 12 270 M M 0 18 270
14 55 34 45 7 20 0 0.00 M M 3.2 7 70 M M 1 M M
15 45 33 39 1 26 0 0.81 M M 12.0 17 360 M M 10 1 31 10
16 46 29 38 0 27 0 0.08 M M 9.7 17 10 M M 2 1 23 10
17 52 25 39 1 26 0 0.00 M M 2.8 12 250 M M 1 1 M M
18 62 26 44 6 21 0 0.00 M M 6.7 15 160 M M 1 23 160
19 54 29 42 4 23 0 0.07 M M 8.8 23 360 M M 9 1 33 10
20 30 19 25 -13 40 0 0.00 M M 12.6 18 10 M M 3 27 20
21 32 13 23 -15 42 0 0.00 M M 6.4 9 110 M M 0 M M
22 42 11 27 -11 38 0 0.00 M M 2.7 8 190 M M 0 M M
23 59 20 40 2 25 0 0.00 M M 3.8 12 260 M M 0 18 260
24 65 25 45 7 20 0 0.00 M M 3.8 13 260 M M 0 18 260
25 49 27 38 0 27 0 0.00 M M 10.6 16 40 M M 2 M M
26 36 21 29 -9 36 0 0.00 M M 8.8 14 40 M M 0 M M
27 45 24 35 -3 30 0 0.00 M M 1.3 6 180 M M 8 M M
28 47 26 37 -2 28 0 0.00 M M 8.1 17 320 M M 3 28 330
29 48 15 32 -7 33 0 0.00 M M 5.0 14 190 M M 0 20 210
30 65 22 44 5 21 0 0.00 M M 2.6 10 350 M M 0 M M
31 67 24 46 7 19 0 0.00 M M 3.7 13 180 M M 1 8 M M
================================================================================
SM 1569 761 841 0 4.62 M 190.2 M 84
================================================================================
AV 50.6 24.5 6.3 FASTST M M 3 MAX(MPH)
MISC ----> 23 360 33 10
================================================================================
NOTES:
# LAST OF SEVERAL OCCURRENCES
COLUMN 17 PEAK WIND IN M.P.H.
PRELIMINARY LOCAL CLIMATOLOGICAL DATA (WS FORM: F-6) , PAGE 2
STATION: SEARCY AIRPORT
MONTH: JANUARY
YEAR: 2022
LATITUDE: 35 12 N
LONGITUDE: 91 44 W
[TEMPERATURE DATA] [PRECIPITATION DATA] SYMBOLS USED IN COLUMN 16
AVERAGE MONTHLY: 37.6 TOTAL FOR MONTH: 4.62 1 = FOG OR MIST
DPTR FM NORMAL: -0.4 DPTR FM NORMAL: 1.05 2 = FOG REDUCING VISIBILITY
HIGHEST: 69 ON 1 GRTST 24HR 2.33 ON 8- 9 TO 1/4 MILE OR LESS
LOWEST: 11 ON 22 3 = THUNDER
SNOW, ICE PELLETS, HAIL 4 = ICE PELLETS
TOTAL MONTH: M 5 = HAIL
GRTST 24HR M ON M 6 = FREEZING RAIN OR DRIZZLE
GRTST DEPTH: M ON M 7 = DUSTSTORM OR SANDSTORM:
VSBY 1/2 MILE OR LESS
8 = SMOKE OR HAZE
[NO. OF DAYS WITH] [WEATHER - DAYS WITH] 9 = BLOWING SNOW
X = TORNADO
MAX 32 OR BELOW: 2 0.01 INCH OR MORE: 7
MAX 90 OR ABOVE: 0 0.10 INCH OR MORE: 4
MIN 32 OR BELOW: 26 0.50 INCH OR MORE: 4
MIN 0 OR BELOW: 0 1.00 INCH OR MORE: 2
[HDD (BASE 65) ]
TOTAL THIS MO. 841 CLEAR (SCALE 0-3) 22
DPTR FM NORMAL 5 PTCLDY (SCALE 4-7) 3
TOTAL FM JUL 1 1833 CLOUDY (SCALE 8-10) 6
DPTR FM NORMAL -408
[CDD (BASE 65) ]
TOTAL THIS MO. 0
DPTR FM NORMAL 0 [PRESSURE DATA]
TOTAL FM JAN 1 0 HIGHEST SLP 30.72 ON 10
DPTR FM NORMAL 0 LOWEST SLP 29.58 ON 1
[REMARKS]
#FINAL-01-22#