000
CXUS54 KLZK 011330
CF6SRC
PRELIMINARY LOCAL CLIMATOLOGICAL DATA (WS FORM: F-6)
STATION: SEARCY AIRPORT
MONTH: JANUARY
YEAR: 2024
LATITUDE: 35 12 N
LONGITUDE: 91 44 W
TEMPERATURE IN F: :PCPN: SNOW: WIND :SUNSHINE: SKY :PK WND
================================================================================
1 2 3 4 5 6A 6B 7 8 9 10 11 12 13 14 15 16 17 18
12Z AVG MX 2MIN
DY MAX MIN AVG DEP HDD CDD WTR SNW DPTH SPD SPD DIR MIN PSBL S-S WX SPD DR
================================================================================
1 41 22 32 -6 33 0 0.00 M M 4.7 12 30 M M 3 M M
2 45 18 32 -6 33 0 0.00 M M 1.8 6 99 M M 0 M M
3 52 27 40 2 25 0 0.00 M M 1.7 6 170 M M 0 M M
4 37 26 32 -6 33 0 0.00 M M 7.2 13 50 M M 4 1 18 50
5 37 26 32 -6 33 0 0.59 M M 6.5 13 60 M M 7 1 20 60
6 43 32 38 0 27 0 T M M 4.6 9 260 M M 9 1 17 260
7 53 26 40 2 25 0 0.00 M M 2.3 8 270 M M 1 1 M M
8 45 28 37 -1 28 0 0.92 M M 7.3 17 110 M M 7 13 27 110
9 46 35 41 3 24 0 0.04 M M 12.4 23 250 M M 9 1 36 260
10 50 25 38 0 27 0 0.00 M M 7.0 14 170 M M 0 M M
11 59 24 42 4 23 0 0.11 M M 5.1 30 170 M M 4 40 160
12 60 27 44 6 21 0 2.79 M M 13.3 29 170 M M 7 13 40 170
13 43 23 33 -5 32 0 0.00 M M 5.9 12 340 M M 0 18 340
14 25 8 17 -21 48 0 0.18 M M 9.1 12 20 M M 7 12 18 330
15 16 6 11 -27 54 0 T M M 8.7 13 10 M M 9 M M
16 23 5 14 -24 51 0 0.00 M M 5.6 10 340 M M 0 20 340
17 32 2 17 -21 48 0 0.06 M M 7.5 14 170 M M 0 18 150
18 36 18 27 -11 38 0 0.00 M M 2.4 7 160 M M 6 1 M M
19 35 19 27 -11 38 0 0.00 M M 8.7 17 350 M M 0 1 23 330
20 29 12 21 -17 44 0 0.00 M M 7.4 14 10 M M 0 M M
21 34 11 23 -15 42 0 0.00 M M 6.5 10 130 M M 3 M M
22 40 31 36 -2 29 0 0.76 M M 4.5 9 140 M M 10 1 M M
23 51 40 46 8 19 0 2.38 M M 4.0 10 80 M M 10 1 M M
24 57 50 54 16 11 0 0.13 M M 2.3 7 90 M M 10 12 M M
25 59 45 52 14 13 0 0.29 M M 2.7 8 280 M M 8 12 M M
26 51 40 46 8 19 0 T M M 4.7 13 10 M M 9 12 M M
27 48 42 45 7 20 0 1.22 M M 10.3 16 30 M M 10 1 21 30
28 57 34 46 7 19 0 0.00 M M 5.4 9 320 M M 5 M M
29 58 28 43 4 22 0 0.00 M M 2.5 9 150 M M 0 8 M M
30 70 33 52 13 13 0 0.00 M M 3.9 14 300 M M 0 1 21 330
31 55 32 44 5 21 0 0.00 M M 3.6 12 50 M M 0 M M
================================================================================
SM 1387 795 913 0 9.47 M 179.7 M 138
================================================================================
AV 44.7 25.6 5.8 FASTST M M 4 MAX(MPH)
MISC ----> 30 170 40 170
================================================================================
NOTES:
# LAST OF SEVERAL OCCURRENCES
COLUMN 17 PEAK WIND IN M.P.H.
PRELIMINARY LOCAL CLIMATOLOGICAL DATA (WS FORM: F-6) , PAGE 2
STATION: SEARCY AIRPORT
MONTH: JANUARY
YEAR: 2024
LATITUDE: 35 12 N
LONGITUDE: 91 44 W
[TEMPERATURE DATA] [PRECIPITATION DATA] SYMBOLS USED IN COLUMN 16
AVERAGE MONTHLY: 35.2 TOTAL FOR MONTH: 9.47 1 = FOG OR MIST
DPTR FM NORMAL: -2.8 DPTR FM NORMAL: 5.90 2 = FOG REDUCING VISIBILITY
HIGHEST: 70 ON 30 GRTST 24HR 2.79 ON 12-12 TO 1/4 MILE OR LESS
LOWEST: 2 ON 17 3 = THUNDER
SNOW, ICE PELLETS, HAIL 4 = ICE PELLETS
TOTAL MONTH: M 5 = HAIL
GRTST 24HR M ON M 6 = FREEZING RAIN OR DRIZZLE
GRTST DEPTH: M ON M 7 = DUSTSTORM OR SANDSTORM:
VSBY 1/2 MILE OR LESS
8 = SMOKE OR HAZE
[NO. OF DAYS WITH] [WEATHER - DAYS WITH] 9 = BLOWING SNOW
X = TORNADO
MAX 32 OR BELOW: 5 0.01 INCH OR MORE: 12
MAX 90 OR ABOVE: 0 0.10 INCH OR MORE: 10
MIN 32 OR BELOW: 23 0.50 INCH OR MORE: 6
MIN 0 OR BELOW: 0 1.00 INCH OR MORE: 3
[HDD (BASE 65) ]
TOTAL THIS MO. 913 CLEAR (SCALE 0-3) 13
DPTR FM NORMAL 77 PTCLDY (SCALE 4-7) 10
TOTAL FM JUL 1 1872 CLOUDY (SCALE 8-10) 8
DPTR FM NORMAL -369
[CDD (BASE 65) ]
TOTAL THIS MO. 0
DPTR FM NORMAL 0 [PRESSURE DATA]
TOTAL FM JAN 1 0 HIGHEST SLP 30.72 ON 20
DPTR FM NORMAL 0 LOWEST SLP 29.31 ON 9
[REMARKS]
#FINAL-01-24#