000
CXUS54 KEWX 011110
CF6SSF
PRELIMINARY LOCAL CLIMATOLOGICAL DATA (WS FORM: F-6)
STATION: SAN ANTONIO STINSON FIELD
MONTH: FEBRUARY
YEAR: 2023
LATITUDE: 29 19 N
LONGITUDE: 98 29 W
TEMPERATURE IN F: :PCPN: SNOW: WIND :SUNSHINE: SKY :PK WND
================================================================================
1 2 3 4 5 6A 6B 7 8 9 10 11 12 13 14 15 16 17 18
12Z AVG MX 2MIN
DY MAX MIN AVG DEP HDD CDD WTR SNW DPTH SPD SPD DIR MIN PSBL S-S WX SPD DR
================================================================================
1 37 32 35 -20 30 0 0.49 M M 7.7 14 20 M M 10 16 21 360
2 48 36 42 -14 23 0 0.03 M M 7.4 15 360 M M 10 13 24 350
3 59 32 46 -10 19 0 0.00 M M 5.0 14 20 M M 0 1 21 20
4 65 33 49 -7 16 0 0.00 M M 2.9 16 210 M M 2 12 24 180
5 76 40 58 2 7 0 0.00 M M 3.1 13 210 M M 0 1 19 170
6 78 54 66 10 0 1 0.00 M M 9.0 21 140 M M 5 12 32 140
7 73 58 66 10 0 1 T M M 8.6 15 350 M M 10 20 350
8 65 42 54 -3 11 0 0.55 M M 6.1 16 310 M M 5 13 25 300
9 74 38 56 -1 9 0 0.00 M M 4.3 16 330 M M 0 1 22 320
10 58 43 51 -6 14 0 0.00 M M 12.7 23 350 M M 4 35 340
11 64 34 49 -8 16 0 0.00 M M 5.3 17 30 M M 0 25 350
12 64 33 49 -9 16 0 0.00 M M 2.9 12 220 M M 0 16 220
13 74 44 59 1 6 0 0.00 M M 8.8 24 130 M M 3 31 130
14 81 47 64 6 1 0 T M M 10.4 25 250 M M 4 32 250
15 83 46 65 7 0 0 0.00 M M 7.4 17 160 M M 4 128 26 150
16 71 45 58 0 7 0 0.01 M M 14.4 23 20 M M 8 1 36 30
17 57 37 47 -11 18 0 0.00 M M 8.8 18 360 M M 0 26 360
18 58 36 47 -12 18 0 0.00 M M 3.7 14 140 M M 0 18 130
19 76 43 60 1 5 0 0.00 M M 3.7 14 170 M M 0 20 160
20 81 63 72 13 0 7 0.00 M M 4.5 17 220 M M 7 23 220
21 87 54 71 12 0 6 0.00 M M 9.1 23 130 M M 1 12 34 130
22 91 69 80 20 0 15 T M M 9.5 23 260 M M 4 38 170
23 81 64 73 13 0 8 0.00 M M 10.5 18 30 M M 7 18 29 40
24 66 57 62 2 3 0 T M M 11.0 17 40 M M 10 24 50
25 71 52 62 2 3 0 0.00 M M 9.0 15 40 M M 8 18 22 30
26 82 65 74 14 0 9 T M M 9.6 21 150 M M 8 1 29 160
27 88 56 72 11 0 7 0.00 M M 4.8 16 350 M M 3 26 340
28 85 51 68 7 0 3 0.00 M M 4.5 16 130 M M 3 18 22 130
================================================================================
SM 1993 1304 222 57 1.08 M 204.7 M 116
================================================================================
AV 71.2 46.6 7.3 FASTST M M 4 MAX(MPH)
MISC ----> 25 250 38 170
================================================================================
NOTES:
# LAST OF SEVERAL OCCURRENCES
COLUMN 17 PEAK WIND IN M.P.H.
PRELIMINARY LOCAL CLIMATOLOGICAL DATA (WS FORM: F-6) , PAGE 2
STATION: SAN ANTONIO STINSON FIELD
MONTH: FEBRUARY
YEAR: 2023
LATITUDE: 29 19 N
LONGITUDE: 98 29 W
[TEMPERATURE DATA] [PRECIPITATION DATA] SYMBOLS USED IN COLUMN 16
AVERAGE MONTHLY: 58.9 TOTAL FOR MONTH: 1.08 1 = FOG OR MIST
DPTR FM NORMAL: 0.9 DPTR FM NORMAL: -0.48 2 = FOG REDUCING VISIBILITY
HIGHEST: 91 ON 22 GRTST 24HR 0.55 ON 7- 8 TO 1/4 MILE OR LESS
LOWEST: 32 ON 3, 1 3 = THUNDER
SNOW, ICE PELLETS, HAIL 4 = ICE PELLETS
TOTAL MONTH: M 5 = HAIL
GRTST 24HR M ON M 6 = FREEZING RAIN OR DRIZZLE
GRTST DEPTH: M ON M 7 = DUSTSTORM OR SANDSTORM:
VSBY 1/2 MILE OR LESS
8 = SMOKE OR HAZE
[NO. OF DAYS WITH] [WEATHER - DAYS WITH] 9 = BLOWING SNOW
X = TORNADO
MAX 32 OR BELOW: 0 0.01 INCH OR MORE: 4
MAX 90 OR ABOVE: 1 0.10 INCH OR MORE: 2
MIN 32 OR BELOW: 2 0.50 INCH OR MORE: 1
MIN 0 OR BELOW: 0 1.00 INCH OR MORE: 0
[HDD (BASE 65) ]
TOTAL THIS MO. 222 CLEAR (SCALE 0-3) 12
DPTR FM NORMAL -9 PTCLDY (SCALE 4-7) 12
TOTAL FM JUL 1 975 CLOUDY (SCALE 8-10) 4
DPTR FM NORMAL -127
[CDD (BASE 65) ]
TOTAL THIS MO. 57
DPTR FM NORMAL 22 [PRESSURE DATA]
TOTAL FM JAN 1 81 HIGHEST SLP 30.58 ON 3
DPTR FM NORMAL 34 LOWEST SLP 29.50 ON 22
[REMARKS]
#FINAL-02-23#